{"id":13519,"date":"2020-05-18T11:23:12","date_gmt":"2020-05-18T09:23:12","guid":{"rendered":"http:\/\/lebenleben.de\/karriere\/?page_id=17"},"modified":"2024-05-30T14:33:12","modified_gmt":"2024-05-30T12:33:12","slug":"vielfalt-und-inklusion","status":"publish","type":"page","link":"https:\/\/lebenleben.de\/karriere\/unsere-unternehmensgruppe\/vielfalt-und-inklusion\/","title":{"rendered":"Vielfalt und Inklusion"},"content":{"rendered":"\n<div id=\"llimageslider-block_98fb7ad2e1149c7039e7906a92fcb637\" class=\"block-llimageslider llimageslider alignwide\">\n\n    \n\t\t<div class=\"llimageslider-slider\" data-slick='{\"autoplaySpeed\": 5000}'>\n\t\t\t\t\t\t\t<div class=\"single-slide-wrapper slide-1\">\n\t\t\t\t\t<img loading=\"lazy\" decoding=\"async\" width=\"1400\" height=\"440\" src=\"https:\/\/lebenleben.de\/karriere\/wp-content\/uploads\/sites\/2\/2024\/05\/ll_karr_header_slider_image_1400x560_Lebenshilfe_1-1034-1-1400x440-1.jpg\" class=\"single-slide-image slider-desktop-image\" alt=\"\" srcset=\"https:\/\/lebenleben.de\/karriere\/wp-content\/uploads\/sites\/2\/2024\/05\/ll_karr_header_slider_image_1400x560_Lebenshilfe_1-1034-1-1400x440-1.jpg 1400w, https:\/\/lebenleben.de\/karriere\/wp-content\/uploads\/sites\/2\/2024\/05\/ll_karr_header_slider_image_1400x560_Lebenshilfe_1-1034-1-1400x440-1-300x94.jpg 300w, https:\/\/lebenleben.de\/karriere\/wp-content\/uploads\/sites\/2\/2024\/05\/ll_karr_header_slider_image_1400x560_Lebenshilfe_1-1034-1-1400x440-1-1024x322.jpg 1024w, https:\/\/lebenleben.de\/karriere\/wp-content\/uploads\/sites\/2\/2024\/05\/ll_karr_header_slider_image_1400x560_Lebenshilfe_1-1034-1-1400x440-1-768x241.jpg 768w\" sizes=\"auto, (max-width: 1400px) 100vw, 1400px\" \/>          <img loading=\"lazy\" decoding=\"async\" width=\"1000\" height=\"314\" src=\"https:\/\/lebenleben.de\/karriere\/wp-content\/uploads\/sites\/2\/2024\/05\/ll_karr_header_slider_image_1400x560_Lebenshilfe_1-1034-1-1400x440-1-1024x322.jpg\" class=\"single-slide-image slider-mobile-image\" alt=\"\" srcset=\"https:\/\/lebenleben.de\/karriere\/wp-content\/uploads\/sites\/2\/2024\/05\/ll_karr_header_slider_image_1400x560_Lebenshilfe_1-1034-1-1400x440-1-1024x322.jpg 1024w, https:\/\/lebenleben.de\/karriere\/wp-content\/uploads\/sites\/2\/2024\/05\/ll_karr_header_slider_image_1400x560_Lebenshilfe_1-1034-1-1400x440-1-300x94.jpg 300w, https:\/\/lebenleben.de\/karriere\/wp-content\/uploads\/sites\/2\/2024\/05\/ll_karr_header_slider_image_1400x560_Lebenshilfe_1-1034-1-1400x440-1-768x241.jpg 768w, https:\/\/lebenleben.de\/karriere\/wp-content\/uploads\/sites\/2\/2024\/05\/ll_karr_header_slider_image_1400x560_Lebenshilfe_1-1034-1-1400x440-1.jpg 1400w\" sizes=\"auto, (max-width: 1000px) 100vw, 1000px\" \/>\n                    <div class=\"single-slide-text\">\n          <h2>Vielfalt und Inklusion<\/h2><h3>Eine Selbstverst\u00e4ndlichkeit f\u00fcr uns<\/h3>                  <\/div>\n        \n\t\t\t\t<\/div>\n\t\t\t\t\t<\/div>\n\t  <script>\n    jQuery(document).ready(function() {\n        jQuery('.llimageslider-slider').slick({\n          dots: true,\n          infinite: true,\n          speed: 1000,\n          autoplay: true,\n          adaptiveHeight: true,\n          slidesToShow: 1,\n          fade: true,\n          focusOnSelect: true\n        });\n    });\n    <\/script>\n<\/div>\n\n\n\n<p>Inklusion ist selbstverst\u00e4ndlich f\u00fcr unsere Arbeit mit und f\u00fcr Menschen \u2013 und pr\u00e4gend f\u00fcr das gesamte Angebot unserer Unternehmensgruppe. Wir m\u00f6chten mit unserer Arbeit ein selbstverst\u00e4ndliches Miteinander von Menschen mit und ohne eine Behinderung schaffen. Unsere Welt ist nicht konform, unsere Welt ist vielf\u00e4ltig. Es gibt Menschen, die Unterst\u00fctzung brauchen, um ihren Platz in der Gesellschaft finden und behaupten zu k\u00f6nnen. Diese Unterst\u00fctzung bieten wir, indem wir z.&nbsp;B. Kinder und Jugendliche in der Schule, zu Hause und in der Freizeit begleiten und unterst\u00fctzen und bei Bedarf auch ein neues Zuhause geben. Wir vermitteln Bildung und Lebenspraxis und bieten erwachsenen Menschen mit einer Behinderung die M\u00f6glichkeit eines Arbeitsplatzes und einer geeigneten Wohnm\u00f6glichkeit &#8211; stets ausgelegt auf ein gr\u00f6\u00dftm\u00f6gliches Ma\u00df an Selbst\u00e4ndigkeit und Selbstbestimmung. Bei uns arbeiten Menschen zusammen &#8211; ob mit oder ohne einen Unterst\u00fctzungsbedarf.<\/p>\n\n\n\n<p>Wenn Sie Teil unserer Unternehmensgruppe werden m\u00f6chten, dann sollten Vielfalt und Inklusion auch f\u00fcr Sie selbstverst\u00e4ndlich sein!  <\/p>\n\n\n\n<div style=\"height:50px\" aria-hidden=\"true\" class=\"wp-block-spacer\"><\/div>\n","protected":false},"excerpt":{"rendered":"<p>Inklusion ist selbstverst\u00e4ndlich f\u00fcr unsere Arbeit mit und f\u00fcr Menschen \u2013 und pr\u00e4gend f\u00fcr das gesamte Angebot unserer Unternehmensgruppe.<\/p>\n","protected":false},"author":1,"featured_media":15255,"parent":13517,"menu_order":20,"comment_status":"closed","ping_status":"closed","template":"page-templates\/page-fullscreen.php","meta":{"_acf_changed":false,"footnotes":""},"class_list":["post-13519","page","type-page","status-publish","has-post-thumbnail","hentry"],"acf":[],"yoast_head":"<!-- This site is optimized with the Yoast SEO plugin v27.3 - https:\/\/yoast.com\/product\/yoast-seo-wordpress\/ -->\n<title>Vielfalt und Inklusion bei Leben leben<\/title>\n<meta name=\"description\" content=\"Bei uns arbeiten Menschen mit und ohne Handicap zusammen \u2013 Vielfalt und Inklusion ist im Alltag von Leben leben eine Selbstverst\u00e4ndlichkeit.\" \/>\n<meta name=\"robots\" content=\"index, follow, max-snippet:-1, max-image-preview:large, max-video-preview:-1\" \/>\n<link rel=\"canonical\" href=\"https:\/\/lebenleben.de\/karriere\/unsere-unternehmensgruppe\/vielfalt-und-inklusion\/\" \/>\n<meta property=\"og:locale\" content=\"de_DE\" \/>\n<meta property=\"og:type\" content=\"article\" \/>\n<meta property=\"og:title\" content=\"Vielfalt und Inklusion bei Leben leben\" \/>\n<meta property=\"og:description\" content=\"Bei uns arbeiten Menschen mit und ohne Handicap zusammen \u2013 Vielfalt und Inklusion ist im Alltag von Leben leben eine Selbstverst\u00e4ndlichkeit.\" \/>\n<meta property=\"og:url\" content=\"https:\/\/lebenleben.de\/karriere\/unsere-unternehmensgruppe\/vielfalt-und-inklusion\/\" \/>\n<meta property=\"og:site_name\" content=\"Leben leben Karriere\" \/>\n<meta property=\"article:modified_time\" content=\"2024-05-30T12:33:12+00:00\" \/>\n<meta property=\"og:image\" content=\"https:\/\/lebenleben.de\/karriere\/wp-content\/uploads\/sites\/2\/2024\/05\/ll_karr_content_image_1400x1000_Lebenshilfe_1-1034-1-768x549-1.jpg\" \/>\n\t<meta property=\"og:image:width\" content=\"768\" \/>\n\t<meta property=\"og:image:height\" content=\"549\" \/>\n\t<meta property=\"og:image:type\" content=\"image\/jpeg\" \/>\n<meta name=\"twitter:card\" content=\"summary_large_image\" \/>\n<meta name=\"twitter:label1\" content=\"Gesch\u00e4tzte Lesezeit\" \/>\n\t<meta name=\"twitter:data1\" content=\"2\u00a0Minuten\" \/>\n<script type=\"application\/ld+json\" class=\"yoast-schema-graph\">{\"@context\":\"https:\\\/\\\/schema.org\",\"@graph\":[{\"@type\":\"WebPage\",\"@id\":\"https:\\\/\\\/lebenleben.de\\\/karriere\\\/unsere-unternehmensgruppe\\\/vielfalt-und-inklusion\\\/\",\"url\":\"https:\\\/\\\/lebenleben.de\\\/karriere\\\/unsere-unternehmensgruppe\\\/vielfalt-und-inklusion\\\/\",\"name\":\"Vielfalt und Inklusion bei Leben leben\",\"isPartOf\":{\"@id\":\"https:\\\/\\\/lebenleben.de\\\/karriere\\\/#website\"},\"primaryImageOfPage\":{\"@id\":\"https:\\\/\\\/lebenleben.de\\\/karriere\\\/unsere-unternehmensgruppe\\\/vielfalt-und-inklusion\\\/#primaryimage\"},\"image\":{\"@id\":\"https:\\\/\\\/lebenleben.de\\\/karriere\\\/unsere-unternehmensgruppe\\\/vielfalt-und-inklusion\\\/#primaryimage\"},\"thumbnailUrl\":\"https:\\\/\\\/lebenleben.de\\\/karriere\\\/wp-content\\\/uploads\\\/sites\\\/2\\\/2024\\\/05\\\/ll_karr_content_image_1400x1000_Lebenshilfe_1-1034-1-768x549-1.jpg\",\"datePublished\":\"2020-05-18T09:23:12+00:00\",\"dateModified\":\"2024-05-30T12:33:12+00:00\",\"description\":\"Bei uns arbeiten Menschen mit und ohne Handicap zusammen \u2013 Vielfalt und Inklusion ist im Alltag von Leben leben eine Selbstverst\u00e4ndlichkeit.\",\"breadcrumb\":{\"@id\":\"https:\\\/\\\/lebenleben.de\\\/karriere\\\/unsere-unternehmensgruppe\\\/vielfalt-und-inklusion\\\/#breadcrumb\"},\"inLanguage\":\"de\",\"potentialAction\":[{\"@type\":\"ReadAction\",\"target\":[\"https:\\\/\\\/lebenleben.de\\\/karriere\\\/unsere-unternehmensgruppe\\\/vielfalt-und-inklusion\\\/\"]}]},{\"@type\":\"ImageObject\",\"inLanguage\":\"de\",\"@id\":\"https:\\\/\\\/lebenleben.de\\\/karriere\\\/unsere-unternehmensgruppe\\\/vielfalt-und-inklusion\\\/#primaryimage\",\"url\":\"https:\\\/\\\/lebenleben.de\\\/karriere\\\/wp-content\\\/uploads\\\/sites\\\/2\\\/2024\\\/05\\\/ll_karr_content_image_1400x1000_Lebenshilfe_1-1034-1-768x549-1.jpg\",\"contentUrl\":\"https:\\\/\\\/lebenleben.de\\\/karriere\\\/wp-content\\\/uploads\\\/sites\\\/2\\\/2024\\\/05\\\/ll_karr_content_image_1400x1000_Lebenshilfe_1-1034-1-768x549-1.jpg\",\"width\":768,\"height\":549},{\"@type\":\"BreadcrumbList\",\"@id\":\"https:\\\/\\\/lebenleben.de\\\/karriere\\\/unsere-unternehmensgruppe\\\/vielfalt-und-inklusion\\\/#breadcrumb\",\"itemListElement\":[{\"@type\":\"ListItem\",\"position\":1,\"name\":\"Startseite\",\"item\":\"https:\\\/\\\/lebenleben.de\\\/karriere\\\/\"},{\"@type\":\"ListItem\",\"position\":2,\"name\":\"Unsere Unternehmensgruppe\",\"item\":\"https:\\\/\\\/lebenleben.de\\\/karriere\\\/unsere-unternehmensgruppe\\\/\"},{\"@type\":\"ListItem\",\"position\":3,\"name\":\"Vielfalt und Inklusion\"}]},{\"@type\":\"WebSite\",\"@id\":\"https:\\\/\\\/lebenleben.de\\\/karriere\\\/#website\",\"url\":\"https:\\\/\\\/lebenleben.de\\\/karriere\\\/\",\"name\":\"Leben leben Karriere\",\"description\":\"Jobs &amp; Stellenangebote\",\"publisher\":{\"@id\":\"https:\\\/\\\/lebenleben.de\\\/karriere\\\/#organization\"},\"potentialAction\":[{\"@type\":\"SearchAction\",\"target\":{\"@type\":\"EntryPoint\",\"urlTemplate\":\"https:\\\/\\\/lebenleben.de\\\/karriere\\\/?s={search_term_string}\"},\"query-input\":{\"@type\":\"PropertyValueSpecification\",\"valueRequired\":true,\"valueName\":\"search_term_string\"}}],\"inLanguage\":\"de\"},{\"@type\":\"Organization\",\"@id\":\"https:\\\/\\\/lebenleben.de\\\/karriere\\\/#organization\",\"name\":\"Leben leben Karriere\",\"url\":\"https:\\\/\\\/lebenleben.de\\\/karriere\\\/\",\"logo\":{\"@type\":\"ImageObject\",\"inLanguage\":\"de\",\"@id\":\"https:\\\/\\\/lebenleben.de\\\/karriere\\\/#\\\/schema\\\/logo\\\/image\\\/\",\"url\":\"https:\\\/\\\/lebenleben.de\\\/karriere\\\/wp-content\\\/uploads\\\/sites\\\/2\\\/2021\\\/01\\\/ll_favicon-purple.png\",\"contentUrl\":\"https:\\\/\\\/lebenleben.de\\\/karriere\\\/wp-content\\\/uploads\\\/sites\\\/2\\\/2021\\\/01\\\/ll_favicon-purple.png\",\"width\":501,\"height\":501,\"caption\":\"Leben leben Karriere\"},\"image\":{\"@id\":\"https:\\\/\\\/lebenleben.de\\\/karriere\\\/#\\\/schema\\\/logo\\\/image\\\/\"}}]}<\/script>\n<!-- \/ Yoast SEO plugin. -->","yoast_head_json":{"title":"Vielfalt und Inklusion bei Leben leben","description":"Bei uns arbeiten Menschen mit und ohne Handicap zusammen \u2013 Vielfalt und Inklusion ist im Alltag von Leben leben eine Selbstverst\u00e4ndlichkeit.","robots":{"index":"index","follow":"follow","max-snippet":"max-snippet:-1","max-image-preview":"max-image-preview:large","max-video-preview":"max-video-preview:-1"},"canonical":"https:\/\/lebenleben.de\/karriere\/unsere-unternehmensgruppe\/vielfalt-und-inklusion\/","og_locale":"de_DE","og_type":"article","og_title":"Vielfalt und Inklusion bei Leben leben","og_description":"Bei uns arbeiten Menschen mit und ohne Handicap zusammen \u2013 Vielfalt und Inklusion ist im Alltag von Leben leben eine Selbstverst\u00e4ndlichkeit.","og_url":"https:\/\/lebenleben.de\/karriere\/unsere-unternehmensgruppe\/vielfalt-und-inklusion\/","og_site_name":"Leben leben Karriere","article_modified_time":"2024-05-30T12:33:12+00:00","og_image":[{"width":768,"height":549,"url":"https:\/\/lebenleben.de\/karriere\/wp-content\/uploads\/sites\/2\/2024\/05\/ll_karr_content_image_1400x1000_Lebenshilfe_1-1034-1-768x549-1.jpg","type":"image\/jpeg"}],"twitter_card":"summary_large_image","twitter_misc":{"Gesch\u00e4tzte Lesezeit":"2\u00a0Minuten"},"schema":{"@context":"https:\/\/schema.org","@graph":[{"@type":"WebPage","@id":"https:\/\/lebenleben.de\/karriere\/unsere-unternehmensgruppe\/vielfalt-und-inklusion\/","url":"https:\/\/lebenleben.de\/karriere\/unsere-unternehmensgruppe\/vielfalt-und-inklusion\/","name":"Vielfalt und Inklusion bei Leben leben","isPartOf":{"@id":"https:\/\/lebenleben.de\/karriere\/#website"},"primaryImageOfPage":{"@id":"https:\/\/lebenleben.de\/karriere\/unsere-unternehmensgruppe\/vielfalt-und-inklusion\/#primaryimage"},"image":{"@id":"https:\/\/lebenleben.de\/karriere\/unsere-unternehmensgruppe\/vielfalt-und-inklusion\/#primaryimage"},"thumbnailUrl":"https:\/\/lebenleben.de\/karriere\/wp-content\/uploads\/sites\/2\/2024\/05\/ll_karr_content_image_1400x1000_Lebenshilfe_1-1034-1-768x549-1.jpg","datePublished":"2020-05-18T09:23:12+00:00","dateModified":"2024-05-30T12:33:12+00:00","description":"Bei uns arbeiten Menschen mit und ohne Handicap zusammen \u2013 Vielfalt und Inklusion ist im Alltag von Leben leben eine Selbstverst\u00e4ndlichkeit.","breadcrumb":{"@id":"https:\/\/lebenleben.de\/karriere\/unsere-unternehmensgruppe\/vielfalt-und-inklusion\/#breadcrumb"},"inLanguage":"de","potentialAction":[{"@type":"ReadAction","target":["https:\/\/lebenleben.de\/karriere\/unsere-unternehmensgruppe\/vielfalt-und-inklusion\/"]}]},{"@type":"ImageObject","inLanguage":"de","@id":"https:\/\/lebenleben.de\/karriere\/unsere-unternehmensgruppe\/vielfalt-und-inklusion\/#primaryimage","url":"https:\/\/lebenleben.de\/karriere\/wp-content\/uploads\/sites\/2\/2024\/05\/ll_karr_content_image_1400x1000_Lebenshilfe_1-1034-1-768x549-1.jpg","contentUrl":"https:\/\/lebenleben.de\/karriere\/wp-content\/uploads\/sites\/2\/2024\/05\/ll_karr_content_image_1400x1000_Lebenshilfe_1-1034-1-768x549-1.jpg","width":768,"height":549},{"@type":"BreadcrumbList","@id":"https:\/\/lebenleben.de\/karriere\/unsere-unternehmensgruppe\/vielfalt-und-inklusion\/#breadcrumb","itemListElement":[{"@type":"ListItem","position":1,"name":"Startseite","item":"https:\/\/lebenleben.de\/karriere\/"},{"@type":"ListItem","position":2,"name":"Unsere Unternehmensgruppe","item":"https:\/\/lebenleben.de\/karriere\/unsere-unternehmensgruppe\/"},{"@type":"ListItem","position":3,"name":"Vielfalt und Inklusion"}]},{"@type":"WebSite","@id":"https:\/\/lebenleben.de\/karriere\/#website","url":"https:\/\/lebenleben.de\/karriere\/","name":"Leben leben Karriere","description":"Jobs &amp; Stellenangebote","publisher":{"@id":"https:\/\/lebenleben.de\/karriere\/#organization"},"potentialAction":[{"@type":"SearchAction","target":{"@type":"EntryPoint","urlTemplate":"https:\/\/lebenleben.de\/karriere\/?s={search_term_string}"},"query-input":{"@type":"PropertyValueSpecification","valueRequired":true,"valueName":"search_term_string"}}],"inLanguage":"de"},{"@type":"Organization","@id":"https:\/\/lebenleben.de\/karriere\/#organization","name":"Leben leben Karriere","url":"https:\/\/lebenleben.de\/karriere\/","logo":{"@type":"ImageObject","inLanguage":"de","@id":"https:\/\/lebenleben.de\/karriere\/#\/schema\/logo\/image\/","url":"https:\/\/lebenleben.de\/karriere\/wp-content\/uploads\/sites\/2\/2021\/01\/ll_favicon-purple.png","contentUrl":"https:\/\/lebenleben.de\/karriere\/wp-content\/uploads\/sites\/2\/2021\/01\/ll_favicon-purple.png","width":501,"height":501,"caption":"Leben leben Karriere"},"image":{"@id":"https:\/\/lebenleben.de\/karriere\/#\/schema\/logo\/image\/"}}]}},"_links":{"self":[{"href":"https:\/\/lebenleben.de\/karriere\/wp-json\/wp\/v2\/pages\/13519","targetHints":{"allow":["GET"]}}],"collection":[{"href":"https:\/\/lebenleben.de\/karriere\/wp-json\/wp\/v2\/pages"}],"about":[{"href":"https:\/\/lebenleben.de\/karriere\/wp-json\/wp\/v2\/types\/page"}],"author":[{"embeddable":true,"href":"https:\/\/lebenleben.de\/karriere\/wp-json\/wp\/v2\/users\/1"}],"replies":[{"embeddable":true,"href":"https:\/\/lebenleben.de\/karriere\/wp-json\/wp\/v2\/comments?post=13519"}],"version-history":[{"count":7,"href":"https:\/\/lebenleben.de\/karriere\/wp-json\/wp\/v2\/pages\/13519\/revisions"}],"predecessor-version":[{"id":15261,"href":"https:\/\/lebenleben.de\/karriere\/wp-json\/wp\/v2\/pages\/13519\/revisions\/15261"}],"up":[{"embeddable":true,"href":"https:\/\/lebenleben.de\/karriere\/wp-json\/wp\/v2\/pages\/13517"}],"wp:featuredmedia":[{"embeddable":true,"href":"https:\/\/lebenleben.de\/karriere\/wp-json\/wp\/v2\/media\/15255"}],"wp:attachment":[{"href":"https:\/\/lebenleben.de\/karriere\/wp-json\/wp\/v2\/media?parent=13519"}],"curies":[{"name":"wp","href":"https:\/\/api.w.org\/{rel}","templated":true}]}}