{"id":10,"date":"2021-01-22T16:25:08","date_gmt":"2021-01-22T15:25:08","guid":{"rendered":"https:\/\/lebenleben.de\/kinder-jugend\/?page_id=10"},"modified":"2024-06-03T14:21:02","modified_gmt":"2024-06-03T12:21:02","slug":"loewenwaldschule","status":"publish","type":"page","link":"https:\/\/lebenleben.de\/kinder-jugend\/loewenwaldschule\/","title":{"rendered":"Loewenwaldschule"},"content":{"rendered":"\n<div id=\"llimageslider-block_6b4034b9dbe7fc19fefafaf5b4a5a03c\" class=\"block-llimageslider llimageslider alignwide\">\n\n    \n\t\t<div class=\"llimageslider-slider\" data-slick='{\"autoplaySpeed\": 5000}'>\n\t\t\t\t\t\t\t<div class=\"single-slide-wrapper slide-1\">\n\t\t\t\t\t<img loading=\"lazy\" decoding=\"async\" width=\"1400\" height=\"440\" src=\"https:\/\/lebenleben.de\/kinder-jugend\/wp-content\/uploads\/sites\/13\/2024\/05\/ll_header_slider_image_1400x560_0002_gruppe_draussen-1400x440-1.jpg\" class=\"single-slide-image slider-desktop-image\" alt=\"\" srcset=\"https:\/\/lebenleben.de\/kinder-jugend\/wp-content\/uploads\/sites\/13\/2024\/05\/ll_header_slider_image_1400x560_0002_gruppe_draussen-1400x440-1.jpg 1400w, https:\/\/lebenleben.de\/kinder-jugend\/wp-content\/uploads\/sites\/13\/2024\/05\/ll_header_slider_image_1400x560_0002_gruppe_draussen-1400x440-1-300x94.jpg 300w, https:\/\/lebenleben.de\/kinder-jugend\/wp-content\/uploads\/sites\/13\/2024\/05\/ll_header_slider_image_1400x560_0002_gruppe_draussen-1400x440-1-1024x322.jpg 1024w, https:\/\/lebenleben.de\/kinder-jugend\/wp-content\/uploads\/sites\/13\/2024\/05\/ll_header_slider_image_1400x560_0002_gruppe_draussen-1400x440-1-768x241.jpg 768w\" sizes=\"auto, (max-width: 1400px) 100vw, 1400px\" \/>          <img loading=\"lazy\" decoding=\"async\" width=\"1000\" height=\"314\" src=\"https:\/\/lebenleben.de\/kinder-jugend\/wp-content\/uploads\/sites\/13\/2024\/05\/ll_header_slider_image_1400x560_0002_gruppe_draussen-1400x440-1-1024x322.jpg\" class=\"single-slide-image slider-mobile-image\" alt=\"\" srcset=\"https:\/\/lebenleben.de\/kinder-jugend\/wp-content\/uploads\/sites\/13\/2024\/05\/ll_header_slider_image_1400x560_0002_gruppe_draussen-1400x440-1-1024x322.jpg 1024w, https:\/\/lebenleben.de\/kinder-jugend\/wp-content\/uploads\/sites\/13\/2024\/05\/ll_header_slider_image_1400x560_0002_gruppe_draussen-1400x440-1-300x94.jpg 300w, https:\/\/lebenleben.de\/kinder-jugend\/wp-content\/uploads\/sites\/13\/2024\/05\/ll_header_slider_image_1400x560_0002_gruppe_draussen-1400x440-1-768x241.jpg 768w, https:\/\/lebenleben.de\/kinder-jugend\/wp-content\/uploads\/sites\/13\/2024\/05\/ll_header_slider_image_1400x560_0002_gruppe_draussen-1400x440-1.jpg 1400w\" sizes=\"auto, (max-width: 1000px) 100vw, 1000px\" \/>\n                    <div class=\"single-slide-text\">\n          <h2>Loewenwaldschule<\/h2>                  <\/div>\n        \n\t\t\t\t<\/div>\n\t\t\t\t\t<\/div>\n\t  <script>\n    jQuery(document).ready(function() {\n        jQuery('.llimageslider-slider').slick({\n          dots: true,\n          infinite: true,\n          speed: 1000,\n          autoplay: true,\n          adaptiveHeight: true,\n          slidesToShow: 1,\n          fade: true,\n          focusOnSelect: true\n        });\n    });\n    <\/script>\n<\/div>\n\n\n\n<p>Die Loewenwaldschule ist eine staatlich anerkannte Tagesbildungsst\u00e4tte mit dem F\u00f6rderschwerpunkt \u201eGeistige Entwicklung\u201c im Unternehmensverbund von Leben leben. Ziel unserer Arbeit ist die schulische sowie lebenspraktische Bildung und Erziehung von Kindern und Jugendlichen mit einem erh\u00f6hten Bedarf an F\u00f6rderung und Geborgenheit. Damit wir dieses Ziel erreichen, schaffen wir die optimalen F\u00f6rderungsbedingungen f\u00fcr den jeweiligen Entwicklungsstand der Kinder und Jugendlichen.<\/p>\n\n\n\n<p>Zurzeit unterrichten wir 105 Sch\u00fcler:innen in drei Stufen:<\/p>\n\n\n\n<div style=\"height:15px\" aria-hidden=\"true\" class=\"wp-block-spacer\"><\/div>\n\n\n\n<ul class=\"wp-block-list\">\n<li>Primarstufe (1. \u2013 4. Schulbesuchsjahr)<\/li>\n\n\n\n<li>Sekundarstufe I (5. \u2013 9. Schulbesuchsjahr<\/li>\n\n\n\n<li>Sekundarstufe II (10. \u2013 12.\/13. Schulbesuchsjahr)<\/li>\n<\/ul>\n\n\n\n<p>Unsere Kinder und Jugendlichen, die gem\u00e4\u00df dem Schwerpunkt \u201eGeistige Entwicklung\u201c beschult und gef\u00f6rdert werden, sind so unterschiedlich, dass sie bei Weitem keine homogene Bed\u00fcrfnislage haben und t\u00e4glich die Vielfalt menschlicher Entwicklungsm\u00f6glichkeiten und Entwicklungschancen erlebbar machen. Viele von ihnen haben ihr ganz individuelles Lerntempo und ben\u00f6tigen&nbsp;\u2013 zumindest zeitweise&nbsp;\u2013 eine reizarme Umgebung, um sich selbst angemessen wahrnehmen zu k\u00f6nnen. Diese erforderlichen Voraussetzungen, was Betreuung und Lernumfeld angeht, bezeichnen wir als erforderliche \u201eUmgebung der erh\u00f6hten Geborgenheit\u201c und deuten somit den F\u00f6rderschwerpunkt \u201eG\u201c (geistige Entwicklung) in \u201eGeborgenheit\u201c um und verstehen uns daher als \u201eSchule f\u00fcr Menschen mit einem erh\u00f6hten Bedarf an Geborgenheit\u201c.<\/p>\n\n\n\n<p>Dies bringt auch in unmittelbarer Weise zum Ausdruck, was die Sch\u00fcler:innen von uns erwarten k\u00f6nnen, wie wir Inklusion gestalten wollen und worin die hohe Qualit\u00e4t unserer T\u00e4tigkeit liegt \u2013 in Herzensw\u00e4rme mit einer unerm\u00fcdlich professionell fragenden Geste. Wir suchen und st\u00e4rken das \u201eL\u00f6wenherz\u201c, das in jedem Kind und ermutigen es mit unserer F\u00f6rderung, sich zunehmend st\u00e4rker zum Ausdruck zu bringen. Das schwingt auch in unserem Namen \u201eLoewenwaldschule\u201c mit.<\/p>\n\n\n\n<div style=\"height:25px\" aria-hidden=\"true\" class=\"wp-block-spacer\"><\/div>\n\n\n<div id=\"llreadmore-block_01903bc00e23f5ea0ab9cfb359c603a8\" class=\"block-llreadmore llreadmore\">\n\t<a class=\"button\" href=\"https:\/\/lebenleben.de\/loewenwaldschule\/\" target=\"_blank\">Mehr erfahren&nbsp;&raquo;<\/a>\n<\/div>\n\n\n\n<div style=\"height:50px\" aria-hidden=\"true\" class=\"wp-block-spacer\"><\/div>\n","protected":false},"excerpt":{"rendered":"<p>Die Loewenwaldschule ist eine staatlich anerkannte Tagesbildungsst\u00e4tte mit dem F\u00f6rderschwerpunkt \u201eGeistige Entwicklung\u201c im Unternehmensverbund von Leben leben. Ziel unserer Arbeit ist die schulische sowie lebenspraktische Bildung und Erziehung von Kindern und Jugendlichen mit einem erh\u00f6hten Bedarf an F\u00f6rderung und Geborgenheit. Damit wir dieses Ziel erreichen, schaffen wir die optimalen F\u00f6rderungsbedingungen f\u00fcr den jeweiligen Entwicklungsstand der [&hellip;]<\/p>\n","protected":false},"author":1,"featured_media":151,"parent":0,"menu_order":30,"comment_status":"closed","ping_status":"closed","template":"page-templates\/page-fullscreen.php","meta":{"_acf_changed":false,"footnotes":""},"class_list":["post-10","page","type-page","status-publish","has-post-thumbnail","hentry"],"acf":[],"yoast_head":"<!-- This site is optimized with the Yoast SEO plugin v27.3 - https:\/\/yoast.com\/product\/yoast-seo-wordpress\/ -->\n<title>Loewenwaldschule - Leben leben Kinder &amp; Jugend<\/title>\n<meta name=\"robots\" content=\"index, follow, max-snippet:-1, max-image-preview:large, max-video-preview:-1\" \/>\n<link rel=\"canonical\" href=\"https:\/\/lebenleben.de\/kinder-jugend\/loewenwaldschule\/\" \/>\n<meta property=\"og:locale\" content=\"de_DE\" \/>\n<meta property=\"og:type\" content=\"article\" \/>\n<meta property=\"og:title\" content=\"Loewenwaldschule - Leben leben Kinder &amp; Jugend\" \/>\n<meta property=\"og:description\" content=\"Die Loewenwaldschule ist eine staatlich anerkannte Tagesbildungsst\u00e4tte mit dem F\u00f6rderschwerpunkt \u201eGeistige Entwicklung\u201c im Unternehmensverbund von Leben leben. Ziel unserer Arbeit ist die schulische sowie lebenspraktische Bildung und Erziehung von Kindern und Jugendlichen mit einem erh\u00f6hten Bedarf an F\u00f6rderung und Geborgenheit. Damit wir dieses Ziel erreichen, schaffen wir die optimalen F\u00f6rderungsbedingungen f\u00fcr den jeweiligen Entwicklungsstand der [&hellip;]\" \/>\n<meta property=\"og:url\" content=\"https:\/\/lebenleben.de\/kinder-jugend\/loewenwaldschule\/\" \/>\n<meta property=\"og:site_name\" content=\"Leben leben Kinder &amp; Jugend\" \/>\n<meta property=\"article:modified_time\" content=\"2024-06-03T12:21:02+00:00\" \/>\n<meta property=\"og:image\" content=\"https:\/\/lebenleben.de\/kinder-jugend\/wp-content\/uploads\/sites\/13\/2021\/04\/ll_header_slider_image_1400x560_0002_gruppe_draussen.jpg\" \/>\n\t<meta property=\"og:image:width\" content=\"1400\" \/>\n\t<meta property=\"og:image:height\" content=\"560\" \/>\n\t<meta property=\"og:image:type\" content=\"image\/jpeg\" \/>\n<meta name=\"twitter:card\" content=\"summary_large_image\" \/>\n<meta name=\"twitter:label1\" content=\"Gesch\u00e4tzte Lesezeit\" \/>\n\t<meta name=\"twitter:data1\" content=\"2\u00a0Minuten\" \/>\n<script type=\"application\/ld+json\" class=\"yoast-schema-graph\">{\"@context\":\"https:\\\/\\\/schema.org\",\"@graph\":[{\"@type\":\"WebPage\",\"@id\":\"https:\\\/\\\/lebenleben.de\\\/kinder-jugend\\\/loewenwaldschule\\\/\",\"url\":\"https:\\\/\\\/lebenleben.de\\\/kinder-jugend\\\/loewenwaldschule\\\/\",\"name\":\"Loewenwaldschule - Leben leben Kinder &amp; Jugend\",\"isPartOf\":{\"@id\":\"https:\\\/\\\/lebenleben.de\\\/kinder-jugend\\\/#website\"},\"primaryImageOfPage\":{\"@id\":\"https:\\\/\\\/lebenleben.de\\\/kinder-jugend\\\/loewenwaldschule\\\/#primaryimage\"},\"image\":{\"@id\":\"https:\\\/\\\/lebenleben.de\\\/kinder-jugend\\\/loewenwaldschule\\\/#primaryimage\"},\"thumbnailUrl\":\"https:\\\/\\\/lebenleben.de\\\/kinder-jugend\\\/wp-content\\\/uploads\\\/sites\\\/13\\\/2021\\\/04\\\/ll_header_slider_image_1400x560_0002_gruppe_draussen.jpg\",\"datePublished\":\"2021-01-22T15:25:08+00:00\",\"dateModified\":\"2024-06-03T12:21:02+00:00\",\"breadcrumb\":{\"@id\":\"https:\\\/\\\/lebenleben.de\\\/kinder-jugend\\\/loewenwaldschule\\\/#breadcrumb\"},\"inLanguage\":\"de\",\"potentialAction\":[{\"@type\":\"ReadAction\",\"target\":[\"https:\\\/\\\/lebenleben.de\\\/kinder-jugend\\\/loewenwaldschule\\\/\"]}]},{\"@type\":\"ImageObject\",\"inLanguage\":\"de\",\"@id\":\"https:\\\/\\\/lebenleben.de\\\/kinder-jugend\\\/loewenwaldschule\\\/#primaryimage\",\"url\":\"https:\\\/\\\/lebenleben.de\\\/kinder-jugend\\\/wp-content\\\/uploads\\\/sites\\\/13\\\/2021\\\/04\\\/ll_header_slider_image_1400x560_0002_gruppe_draussen.jpg\",\"contentUrl\":\"https:\\\/\\\/lebenleben.de\\\/kinder-jugend\\\/wp-content\\\/uploads\\\/sites\\\/13\\\/2021\\\/04\\\/ll_header_slider_image_1400x560_0002_gruppe_draussen.jpg\",\"width\":1400,\"height\":560},{\"@type\":\"BreadcrumbList\",\"@id\":\"https:\\\/\\\/lebenleben.de\\\/kinder-jugend\\\/loewenwaldschule\\\/#breadcrumb\",\"itemListElement\":[{\"@type\":\"ListItem\",\"position\":1,\"name\":\"Startseite\",\"item\":\"https:\\\/\\\/lebenleben.de\\\/kinder-jugend\\\/\"},{\"@type\":\"ListItem\",\"position\":2,\"name\":\"Loewenwaldschule\"}]},{\"@type\":\"WebSite\",\"@id\":\"https:\\\/\\\/lebenleben.de\\\/kinder-jugend\\\/#website\",\"url\":\"https:\\\/\\\/lebenleben.de\\\/kinder-jugend\\\/\",\"name\":\"Leben leben Kinder &amp; Jugend\",\"description\":\"Eine weitere Leben Leben Netzwerk Website\",\"publisher\":{\"@id\":\"https:\\\/\\\/lebenleben.de\\\/kinder-jugend\\\/#organization\"},\"potentialAction\":[{\"@type\":\"SearchAction\",\"target\":{\"@type\":\"EntryPoint\",\"urlTemplate\":\"https:\\\/\\\/lebenleben.de\\\/kinder-jugend\\\/?s={search_term_string}\"},\"query-input\":{\"@type\":\"PropertyValueSpecification\",\"valueRequired\":true,\"valueName\":\"search_term_string\"}}],\"inLanguage\":\"de\"},{\"@type\":\"Organization\",\"@id\":\"https:\\\/\\\/lebenleben.de\\\/kinder-jugend\\\/#organization\",\"name\":\"Leben leben Kinder & Jugend\",\"url\":\"https:\\\/\\\/lebenleben.de\\\/kinder-jugend\\\/\",\"logo\":{\"@type\":\"ImageObject\",\"inLanguage\":\"de\",\"@id\":\"https:\\\/\\\/lebenleben.de\\\/kinder-jugend\\\/#\\\/schema\\\/logo\\\/image\\\/\",\"url\":\"https:\\\/\\\/lebenleben.de\\\/kinder-jugend\\\/wp-content\\\/uploads\\\/sites\\\/13\\\/2021\\\/01\\\/ll_favicon-green.png\",\"contentUrl\":\"https:\\\/\\\/lebenleben.de\\\/kinder-jugend\\\/wp-content\\\/uploads\\\/sites\\\/13\\\/2021\\\/01\\\/ll_favicon-green.png\",\"width\":501,\"height\":501,\"caption\":\"Leben leben Kinder & Jugend\"},\"image\":{\"@id\":\"https:\\\/\\\/lebenleben.de\\\/kinder-jugend\\\/#\\\/schema\\\/logo\\\/image\\\/\"}}]}<\/script>\n<!-- \/ Yoast SEO plugin. -->","yoast_head_json":{"title":"Loewenwaldschule - Leben leben Kinder &amp; Jugend","robots":{"index":"index","follow":"follow","max-snippet":"max-snippet:-1","max-image-preview":"max-image-preview:large","max-video-preview":"max-video-preview:-1"},"canonical":"https:\/\/lebenleben.de\/kinder-jugend\/loewenwaldschule\/","og_locale":"de_DE","og_type":"article","og_title":"Loewenwaldschule - Leben leben Kinder &amp; Jugend","og_description":"Die Loewenwaldschule ist eine staatlich anerkannte Tagesbildungsst\u00e4tte mit dem F\u00f6rderschwerpunkt \u201eGeistige Entwicklung\u201c im Unternehmensverbund von Leben leben. Ziel unserer Arbeit ist die schulische sowie lebenspraktische Bildung und Erziehung von Kindern und Jugendlichen mit einem erh\u00f6hten Bedarf an F\u00f6rderung und Geborgenheit. Damit wir dieses Ziel erreichen, schaffen wir die optimalen F\u00f6rderungsbedingungen f\u00fcr den jeweiligen Entwicklungsstand der [&hellip;]","og_url":"https:\/\/lebenleben.de\/kinder-jugend\/loewenwaldschule\/","og_site_name":"Leben leben Kinder &amp; Jugend","article_modified_time":"2024-06-03T12:21:02+00:00","og_image":[{"width":1400,"height":560,"url":"https:\/\/lebenleben.de\/kinder-jugend\/wp-content\/uploads\/sites\/13\/2021\/04\/ll_header_slider_image_1400x560_0002_gruppe_draussen.jpg","type":"image\/jpeg"}],"twitter_card":"summary_large_image","twitter_misc":{"Gesch\u00e4tzte Lesezeit":"2\u00a0Minuten"},"schema":{"@context":"https:\/\/schema.org","@graph":[{"@type":"WebPage","@id":"https:\/\/lebenleben.de\/kinder-jugend\/loewenwaldschule\/","url":"https:\/\/lebenleben.de\/kinder-jugend\/loewenwaldschule\/","name":"Loewenwaldschule - Leben leben Kinder &amp; Jugend","isPartOf":{"@id":"https:\/\/lebenleben.de\/kinder-jugend\/#website"},"primaryImageOfPage":{"@id":"https:\/\/lebenleben.de\/kinder-jugend\/loewenwaldschule\/#primaryimage"},"image":{"@id":"https:\/\/lebenleben.de\/kinder-jugend\/loewenwaldschule\/#primaryimage"},"thumbnailUrl":"https:\/\/lebenleben.de\/kinder-jugend\/wp-content\/uploads\/sites\/13\/2021\/04\/ll_header_slider_image_1400x560_0002_gruppe_draussen.jpg","datePublished":"2021-01-22T15:25:08+00:00","dateModified":"2024-06-03T12:21:02+00:00","breadcrumb":{"@id":"https:\/\/lebenleben.de\/kinder-jugend\/loewenwaldschule\/#breadcrumb"},"inLanguage":"de","potentialAction":[{"@type":"ReadAction","target":["https:\/\/lebenleben.de\/kinder-jugend\/loewenwaldschule\/"]}]},{"@type":"ImageObject","inLanguage":"de","@id":"https:\/\/lebenleben.de\/kinder-jugend\/loewenwaldschule\/#primaryimage","url":"https:\/\/lebenleben.de\/kinder-jugend\/wp-content\/uploads\/sites\/13\/2021\/04\/ll_header_slider_image_1400x560_0002_gruppe_draussen.jpg","contentUrl":"https:\/\/lebenleben.de\/kinder-jugend\/wp-content\/uploads\/sites\/13\/2021\/04\/ll_header_slider_image_1400x560_0002_gruppe_draussen.jpg","width":1400,"height":560},{"@type":"BreadcrumbList","@id":"https:\/\/lebenleben.de\/kinder-jugend\/loewenwaldschule\/#breadcrumb","itemListElement":[{"@type":"ListItem","position":1,"name":"Startseite","item":"https:\/\/lebenleben.de\/kinder-jugend\/"},{"@type":"ListItem","position":2,"name":"Loewenwaldschule"}]},{"@type":"WebSite","@id":"https:\/\/lebenleben.de\/kinder-jugend\/#website","url":"https:\/\/lebenleben.de\/kinder-jugend\/","name":"Leben leben Kinder &amp; Jugend","description":"Eine weitere Leben Leben Netzwerk Website","publisher":{"@id":"https:\/\/lebenleben.de\/kinder-jugend\/#organization"},"potentialAction":[{"@type":"SearchAction","target":{"@type":"EntryPoint","urlTemplate":"https:\/\/lebenleben.de\/kinder-jugend\/?s={search_term_string}"},"query-input":{"@type":"PropertyValueSpecification","valueRequired":true,"valueName":"search_term_string"}}],"inLanguage":"de"},{"@type":"Organization","@id":"https:\/\/lebenleben.de\/kinder-jugend\/#organization","name":"Leben leben Kinder & Jugend","url":"https:\/\/lebenleben.de\/kinder-jugend\/","logo":{"@type":"ImageObject","inLanguage":"de","@id":"https:\/\/lebenleben.de\/kinder-jugend\/#\/schema\/logo\/image\/","url":"https:\/\/lebenleben.de\/kinder-jugend\/wp-content\/uploads\/sites\/13\/2021\/01\/ll_favicon-green.png","contentUrl":"https:\/\/lebenleben.de\/kinder-jugend\/wp-content\/uploads\/sites\/13\/2021\/01\/ll_favicon-green.png","width":501,"height":501,"caption":"Leben leben Kinder & Jugend"},"image":{"@id":"https:\/\/lebenleben.de\/kinder-jugend\/#\/schema\/logo\/image\/"}}]}},"_links":{"self":[{"href":"https:\/\/lebenleben.de\/kinder-jugend\/wp-json\/wp\/v2\/pages\/10","targetHints":{"allow":["GET"]}}],"collection":[{"href":"https:\/\/lebenleben.de\/kinder-jugend\/wp-json\/wp\/v2\/pages"}],"about":[{"href":"https:\/\/lebenleben.de\/kinder-jugend\/wp-json\/wp\/v2\/types\/page"}],"author":[{"embeddable":true,"href":"https:\/\/lebenleben.de\/kinder-jugend\/wp-json\/wp\/v2\/users\/1"}],"replies":[{"embeddable":true,"href":"https:\/\/lebenleben.de\/kinder-jugend\/wp-json\/wp\/v2\/comments?post=10"}],"version-history":[{"count":9,"href":"https:\/\/lebenleben.de\/kinder-jugend\/wp-json\/wp\/v2\/pages\/10\/revisions"}],"predecessor-version":[{"id":755,"href":"https:\/\/lebenleben.de\/kinder-jugend\/wp-json\/wp\/v2\/pages\/10\/revisions\/755"}],"wp:featuredmedia":[{"embeddable":true,"href":"https:\/\/lebenleben.de\/kinder-jugend\/wp-json\/wp\/v2\/media\/151"}],"wp:attachment":[{"href":"https:\/\/lebenleben.de\/kinder-jugend\/wp-json\/wp\/v2\/media?parent=10"}],"curies":[{"name":"wp","href":"https:\/\/api.w.org\/{rel}","templated":true}]}}