{"id":11,"date":"2021-01-22T16:25:15","date_gmt":"2021-01-22T15:25:15","guid":{"rendered":"https:\/\/lebenleben.de\/kinder-jugend\/?page_id=11"},"modified":"2026-01-29T12:41:11","modified_gmt":"2026-01-29T11:41:11","slug":"ambulante-angebote","status":"publish","type":"page","link":"https:\/\/lebenleben.de\/kinder-jugend\/ambulante-angebote\/","title":{"rendered":"Ambulante Angebote"},"content":{"rendered":"\n<div id=\"llimageslider-block_c6856194cfd20c7b71be552ef8059b85\" class=\"block-llimageslider llimageslider alignwide\">\n\n    \n\t\t<div class=\"llimageslider-slider\" data-slick='{\"autoplaySpeed\": 5000}'>\n\t\t\t\t\t\t\t<div class=\"single-slide-wrapper slide-1\">\n\t\t\t\t\t<img loading=\"lazy\" decoding=\"async\" width=\"1400\" height=\"440\" src=\"https:\/\/lebenleben.de\/kinder-jugend\/wp-content\/uploads\/sites\/13\/2024\/05\/ll_header_slider_image_1400x560_0003_shutterstock_312295037-1400x440-1.jpg\" class=\"single-slide-image slider-desktop-image\" alt=\"\" srcset=\"https:\/\/lebenleben.de\/kinder-jugend\/wp-content\/uploads\/sites\/13\/2024\/05\/ll_header_slider_image_1400x560_0003_shutterstock_312295037-1400x440-1.jpg 1400w, https:\/\/lebenleben.de\/kinder-jugend\/wp-content\/uploads\/sites\/13\/2024\/05\/ll_header_slider_image_1400x560_0003_shutterstock_312295037-1400x440-1-300x94.jpg 300w, https:\/\/lebenleben.de\/kinder-jugend\/wp-content\/uploads\/sites\/13\/2024\/05\/ll_header_slider_image_1400x560_0003_shutterstock_312295037-1400x440-1-1024x322.jpg 1024w, https:\/\/lebenleben.de\/kinder-jugend\/wp-content\/uploads\/sites\/13\/2024\/05\/ll_header_slider_image_1400x560_0003_shutterstock_312295037-1400x440-1-768x241.jpg 768w\" sizes=\"auto, (max-width: 1400px) 100vw, 1400px\" \/>          <img loading=\"lazy\" decoding=\"async\" width=\"1000\" height=\"314\" src=\"https:\/\/lebenleben.de\/kinder-jugend\/wp-content\/uploads\/sites\/13\/2024\/05\/ll_header_slider_image_1400x560_0003_shutterstock_312295037-1400x440-1-1024x322.jpg\" class=\"single-slide-image slider-mobile-image\" alt=\"\" srcset=\"https:\/\/lebenleben.de\/kinder-jugend\/wp-content\/uploads\/sites\/13\/2024\/05\/ll_header_slider_image_1400x560_0003_shutterstock_312295037-1400x440-1-1024x322.jpg 1024w, https:\/\/lebenleben.de\/kinder-jugend\/wp-content\/uploads\/sites\/13\/2024\/05\/ll_header_slider_image_1400x560_0003_shutterstock_312295037-1400x440-1-300x94.jpg 300w, https:\/\/lebenleben.de\/kinder-jugend\/wp-content\/uploads\/sites\/13\/2024\/05\/ll_header_slider_image_1400x560_0003_shutterstock_312295037-1400x440-1-768x241.jpg 768w, https:\/\/lebenleben.de\/kinder-jugend\/wp-content\/uploads\/sites\/13\/2024\/05\/ll_header_slider_image_1400x560_0003_shutterstock_312295037-1400x440-1.jpg 1400w\" sizes=\"auto, (max-width: 1000px) 100vw, 1000px\" \/>\n                    <div class=\"single-slide-text\">\n          <h2>Ambulante Angebote<\/h2>                  <\/div>\n        \n\t\t\t\t<\/div>\n\t\t\t\t\t<\/div>\n\t  <script>\n    jQuery(document).ready(function() {\n        jQuery('.llimageslider-slider').slick({\n          dots: true,\n          infinite: true,\n          speed: 1000,\n          autoplay: true,\n          adaptiveHeight: true,\n          slidesToShow: 1,\n          fade: true,\n          focusOnSelect: true\n        });\n    });\n    <\/script>\n<\/div>\n\n\n\n<div style=\"height:10px\" aria-hidden=\"true\" class=\"wp-block-spacer\"><\/div>\n\n\n\n<h2 class=\"wp-block-heading\" id=\"schulbegleitung\">Schulbegleitung \u2013 Mit uns zur Schule<\/h2>\n\n\n\n<p>Die Schulbegleitung unserer Unternehmensgruppe Leben leben erm\u00f6glicht Kindern und Jugendlichen mit einer geistigen, seelischen und\/oder k\u00f6rperlichen Behinderung den Besuch einer wohnortnahen und ihren F\u00e4higkeiten und Begabungen entsprechenden Regelschule in Uelzen und\/oder  Gifhorn. Im Rahmen der sozialen Integration bieten wir eine individuelle, bedarfsorientierte Unterst\u00fctzung der Kinder und Jugendlichen bei der Bew\u00e4ltigung aller schulischen Anforderungen. Dabei arbeiten unsere Schulbegleiter:innen in direkter Absprache mit Lehrkr\u00e4ften und Erziehungsberechtigten und unterst\u00fctzen die Sch\u00fcler:innen individuell \u2013 bei der Bew\u00e4ltigung aller schulischen Anforderungen im Unterricht, in den Pausen und auf dem Schulweg. Damit leisten wir einen wichtigen Beitrag zur erfolgreichen Umsetzung des Inklusionsgedankens.<\/p>\n\n\n\n<p><a href=\"https:\/\/lebenleben.de\/kinder-jugend\/wp-content\/uploads\/sites\/13\/2025\/04\/Flyer-Schulbegleitung-Uelzen.pdf\" target=\"_blank\" rel=\"noreferrer noopener\">Infokarte Uelzen<\/a> &#8211; <a href=\"https:\/\/lebenleben.de\/kinder-jugend\/wp-content\/uploads\/sites\/13\/2023\/06\/Schulbegleitung-Gifhorn.pdf\" target=\"_blank\" rel=\"noreferrer noopener\">Infokarte Gifhorn<\/a><\/p>\n\n\n\n<div style=\"height:35px\" aria-hidden=\"true\" class=\"wp-block-spacer\"><\/div>\n\n\n\n<h2 class=\"wp-block-heading\" id=\"rueckenwind\">R\u00fcckenwind &#8211; Sozialp\u00e4dagogische Familienhilfe und Erziehungsbeistandschaft<\/h2>\n\n\n\n<p><strong>Wir k\u00f6nnen den Wind nicht \u00e4ndern, aber die Segel anders setzen!<\/strong><br>Mit diesem Leitsatz bieten wir unter dem Namen R\u00fcckenwind Kindern, Jugendlichen, jungen Erwachsenen und Familien praktische und individuelle Angebote und Hilfestellungen in ihren jeweiligen Lebenssituationen. Diese zielt auf eine selbst\u00e4ndige und konfliktfreie Lebensf\u00fchrung hin. Wir begleiten Menschen mit PTBS, k\u00f6rperlichen, geistigen oder seelischen Einschr\u00e4nkungen und in akuten Krisensituationen im sozialp\u00e4dagogischen Rahmen. Dar\u00fcber hinaus stehen wir in Bildungs- und Erziehungsfragen zur Seite. Wir unterst\u00fctzen und beraten die jungen Menschen und Familien in ihrem sozialen Umfeld.<\/p>\n\n\n\n<p>Ben\u00f6tigen Sie mehr Informationen? Sie erreichen uns in der Regel wochentags in der Zeit von 8.30 bis 16.00 Uhr oder Sie schreiben uns eine E-Mail an unser <a href=\"https:\/\/lebenleben.de\/kinder-jugend\/kontakt\/\">Team<\/a>.<\/p>\n\n\n\n<p><a href=\"https:\/\/lebenleben.de\/kinder-jugend\/wp-content\/uploads\/sites\/13\/2025\/04\/Flyer-Rueckenwind-Uelzen.pdf\" target=\"_blank\" rel=\"noreferrer noopener\">Infokarte Uelzen<\/a> &#8211; <a href=\"https:\/\/lebenleben.de\/kinder-jugend\/wp-content\/uploads\/sites\/13\/2025\/04\/Flyer-Rueckenwind-Gifhorn.pdf\" target=\"_blank\" rel=\"noreferrer noopener\">Infokarte Gifhorn<\/a><\/p>\n\n\n\n<div style=\"height:35px\" aria-hidden=\"true\" class=\"wp-block-spacer\"><\/div>\n\n\n\n<h2 class=\"wp-block-heading\" id=\"spektral\">Spektral &#8211; Autismusambulanz<\/h2>\n\n\n\n<p>Familien mit Kindern, bei denen der Verdacht oder bereits die Diagnose einer Autismus-Spektrum-St\u00f6rung vorliegt, stehen vor gro\u00dfen Herausforderungen in der Bew\u00e4ltigung ihres Alltages. Die vorhandene St\u00f6rung ist st\u00e4ndiger Begleiter und tr\u00e4gt vielfach zu angespannten Situationen bei. Durch die M\u00f6glichkeit der gezielten F\u00f6rderung und Begleitung der Betroffenen selber stellt unsere Autismusambulanz eine wichtige Erg\u00e4nzung zu unseren Angeboten im Bereich Kinder &amp; Jugend dar. Dar\u00fcber hinaus ist eine gezielte Umfeldberatung im Elternhaus, in Kindergarten\/Schule oder im Freizeitbereich m\u00f6glich. Mitunter bedarf es der fachlichen Unterst\u00fctzung, um Situationen f\u00fcr alle Beteiligten zu entspannen. Der zust\u00e4ndige Kostentr\u00e4ger ist das Jugendamt. Hier wird die F\u00f6rderung und Begleitung beantragt. Erst mit vorliegender Gew\u00e4hrung kann diese in Anspruch genommen werden. <\/p>\n\n\n\n<p>Aber auch ohne vorhandene Diagnose k\u00f6nnen sich Eltern f\u00fcr eine Ersteinsch\u00e4tzung an unsere Autismusambulanz mit Standorten in Uelzen und Gifhorn wenden. Sie erreichen uns wochentags in der Regel in der Zeit von 8.30 bis 16.00 Uhr oder Sie schreiben uns eine E-Mail an eines unserer <a href=\"https:\/\/lebenleben.de\/kinder-jugend\/kontakt\/\">Teams<\/a> in Uelzen oder Gifhorn.<\/p>\n\n\n\n<p><a href=\"https:\/\/lebenleben.de\/kinder-jugend\/wp-content\/uploads\/sites\/13\/2025\/05\/Spektral_Uelzen.pdf\">Infokarte Uelzen<\/a> &#8211; <a href=\"https:\/\/lebenleben.de\/kinder-jugend\/wp-content\/uploads\/sites\/13\/2023\/04\/Flyer-Gifhorn.pdf\" target=\"_blank\" rel=\"noreferrer noopener\">Infokarte Gifhorn<\/a><\/p>\n\n\n\n<div style=\"height:20px\" aria-hidden=\"true\" class=\"wp-block-spacer\"><\/div>\n\n\n<div id=\"llreadmore-block_5cac15792c8aab450aa4be4c46accf77\" class=\"block-llreadmore llreadmore\">\n\t<a class=\"button\" href=\"http:\/\/www.lebenleben.de\/spektral\" target=\"_self\">Mehr erfahren&nbsp;&raquo;<\/a>\n<\/div>\n\n\n\n<div style=\"height:40px\" aria-hidden=\"true\" class=\"wp-block-spacer\"><\/div>\n\n\n\n<h2 class=\"wp-block-heading\" id=\"alltag-freizeit\">Alltag &amp; Freizeit<\/h2>\n\n\n\n<p>Das Team von Alltag &amp; Freizeit bietet Kindern und Jugendlichen mit einer geistigen, seelischen und\/oder k\u00f6rperlichen Einschr\u00e4nkung qualifizierte Betreuung und Unterst\u00fctzung f\u00fcr die Gestaltung eines lebenswerten Alltags. Hierzu z\u00e4hlen auch Angebote der Freizeitgestaltung. <\/p>\n\n\n\n<p><strong>Kompensatorische (einfache) Elternassistenz<\/strong><\/p>\n\n\n\n<p>Das Angebot der kompensatorischen Elternassistenz richtet sich an vollj\u00e4hrige (werdende) Eltern\/Elternteile, die durch eine geistige und\/oder K\u00f6rperliche Einschr\u00e4nkung (im Sinne des SGB IX und SGB XII der Eingliederungshilfeverordnung \u00a7 1, 2 und 3) in ihrer Teilhabe wesentlich eingeschr\u00e4nkt sind.<\/p>\n\n\n\n<p>Es bietet ein Hilfsangebot um die Eltern\/Elternteile in ihren lebenspraktischen Aufgaben wie die Sicherstellung der Grundversorgung und Gesundheitsf\u00fcrsorge f\u00fcr das Kind, die Begleitung und Unterst\u00fctzung bei Freizeitaktivit\u00e4ten\/bei Sozialkontakten\/Kontakt zu Schule und Kita zu unterst\u00fctzen.<\/p>\n\n\n\n<p>Ziel ist es, die Eltern durch gezielte Begleitung zu bef\u00e4higen, ihr Leben mit dem Kind selbstst\u00e4ndig zu meistern.&nbsp;<\/p>\n\n\n\n<p><strong>Beratung zu Unterst\u00fctzungsleistungen der Kranken- und der Pflegekasse<\/strong><\/p>\n\n\n\n<p>In bestimmten Lebenssituationen und wenn gewisse Voraussetzungen erf\u00fcllt sind, gew\u00e4hrt die Krankenkasse finanzielle Hilfen. Wir beraten Sie dazu und helfen bei der Antragstellung.<\/p>\n\n\n\n<p>Sie haben einen Pflegegrad und beziehen Leistungen von der Pflegeversicherung? Dann stehen Ihnen unter bestimmten Voraussetzungen weitere Unterst\u00fctzungsleistungen zu wie<\/p>\n\n\n\n<ul class=\"wp-block-list\">\n<li>Entlastungsbetrag f\u00fcr Angebote zur Unterst\u00fctzung im Alltag<\/li>\n\n\n\n<li>Verhinderungspflege\/stundenweise Ersatzpflege<\/li>\n\n\n\n<li>Kurzzeitpflege<\/li>\n<\/ul>\n\n\n\n<p>Wir beraten Sie auch dazu sowie rund um Ihre Rechte, Anspr\u00fcche, gesetzliche Regelungen (z.&nbsp;B. Angebote zur Unterst\u00fctzung nach \u00a7&nbsp;45a Abs. 1 SGB&nbsp;XI) und Abl\u00e4ufe f\u00fcr die Beantragung von unterst\u00fctzenden Leistungen. Und auch hierbei unterst\u00fctzen wir Sie bei der Antragstellung.<\/p>\n\n\n\n<div style=\"height:35px\" aria-hidden=\"true\" class=\"wp-block-spacer\"><\/div>\n\n\n\n<h2 class=\"wp-block-heading\">Was Sie noch wissen sollten<\/h2>\n\n\n\n<p>Gerade im Bereich der Freizeitgestaltung ben\u00f6tigen wir die Unterst\u00fctzung ehrenamtlich engagierter Menschen! Vielleicht m\u00f6chten auch Sie helfen? Vielleicht m\u00f6chten Sie ihr Hobby anderen Menschen n\u00e4her bringen? Wir freuen uns \u00fcber Ihre Ideen! Sprechen Sie uns gern an.<\/p>\n\n\n\n<div style=\"height:50px\" aria-hidden=\"true\" class=\"wp-block-spacer\"><\/div>\n","protected":false},"excerpt":{"rendered":"<p>Schulbegleitung \u2013 Mit uns zur Schule Die Schulbegleitung unserer Unternehmensgruppe Leben leben erm\u00f6glicht Kindern und Jugendlichen mit einer geistigen, seelischen und\/oder k\u00f6rperlichen Behinderung den Besuch einer wohnortnahen und ihren F\u00e4higkeiten und Begabungen entsprechenden Regelschule in Uelzen und\/oder Gifhorn. Im Rahmen der sozialen Integration bieten wir eine individuelle, bedarfsorientierte Unterst\u00fctzung der Kinder und Jugendlichen bei der [&hellip;]<\/p>\n","protected":false},"author":1,"featured_media":149,"parent":0,"menu_order":40,"comment_status":"closed","ping_status":"closed","template":"page-templates\/page-fullscreen.php","meta":{"_acf_changed":false,"footnotes":""},"class_list":["post-11","page","type-page","status-publish","has-post-thumbnail","hentry"],"acf":[],"yoast_head":"<!-- This site is optimized with the Yoast SEO plugin v27.3 - https:\/\/yoast.com\/product\/yoast-seo-wordpress\/ -->\n<title>Ambulante Angebote - Leben leben Kinder &amp; Jugend<\/title>\n<meta name=\"robots\" content=\"index, follow, max-snippet:-1, max-image-preview:large, max-video-preview:-1\" \/>\n<link rel=\"canonical\" href=\"https:\/\/lebenleben.de\/kinder-jugend\/ambulante-angebote\/\" \/>\n<meta property=\"og:locale\" content=\"de_DE\" \/>\n<meta property=\"og:type\" content=\"article\" \/>\n<meta property=\"og:title\" content=\"Ambulante Angebote - Leben leben Kinder &amp; Jugend\" \/>\n<meta property=\"og:description\" content=\"Schulbegleitung \u2013 Mit uns zur Schule Die Schulbegleitung unserer Unternehmensgruppe Leben leben erm\u00f6glicht Kindern und Jugendlichen mit einer geistigen, seelischen und\/oder k\u00f6rperlichen Behinderung den Besuch einer wohnortnahen und ihren F\u00e4higkeiten und Begabungen entsprechenden Regelschule in Uelzen und\/oder Gifhorn. Im Rahmen der sozialen Integration bieten wir eine individuelle, bedarfsorientierte Unterst\u00fctzung der Kinder und Jugendlichen bei der [&hellip;]\" \/>\n<meta property=\"og:url\" content=\"https:\/\/lebenleben.de\/kinder-jugend\/ambulante-angebote\/\" \/>\n<meta property=\"og:site_name\" content=\"Leben leben Kinder &amp; Jugend\" \/>\n<meta property=\"article:modified_time\" content=\"2026-01-29T11:41:11+00:00\" \/>\n<meta property=\"og:image\" content=\"https:\/\/lebenleben.de\/kinder-jugend\/wp-content\/uploads\/sites\/13\/2021\/04\/ll_header_slider_image_1400x560_0003_shutterstock_312295037.jpg\" \/>\n\t<meta property=\"og:image:width\" content=\"1400\" \/>\n\t<meta property=\"og:image:height\" content=\"560\" \/>\n\t<meta property=\"og:image:type\" content=\"image\/jpeg\" \/>\n<meta name=\"twitter:card\" content=\"summary_large_image\" \/>\n<meta name=\"twitter:label1\" content=\"Gesch\u00e4tzte Lesezeit\" \/>\n\t<meta name=\"twitter:data1\" content=\"5\u00a0Minuten\" \/>\n<script type=\"application\/ld+json\" class=\"yoast-schema-graph\">{\"@context\":\"https:\\\/\\\/schema.org\",\"@graph\":[{\"@type\":\"WebPage\",\"@id\":\"https:\\\/\\\/lebenleben.de\\\/kinder-jugend\\\/ambulante-angebote\\\/\",\"url\":\"https:\\\/\\\/lebenleben.de\\\/kinder-jugend\\\/ambulante-angebote\\\/\",\"name\":\"Ambulante Angebote - Leben leben Kinder &amp; Jugend\",\"isPartOf\":{\"@id\":\"https:\\\/\\\/lebenleben.de\\\/kinder-jugend\\\/#website\"},\"primaryImageOfPage\":{\"@id\":\"https:\\\/\\\/lebenleben.de\\\/kinder-jugend\\\/ambulante-angebote\\\/#primaryimage\"},\"image\":{\"@id\":\"https:\\\/\\\/lebenleben.de\\\/kinder-jugend\\\/ambulante-angebote\\\/#primaryimage\"},\"thumbnailUrl\":\"https:\\\/\\\/lebenleben.de\\\/kinder-jugend\\\/wp-content\\\/uploads\\\/sites\\\/13\\\/2021\\\/04\\\/ll_header_slider_image_1400x560_0003_shutterstock_312295037.jpg\",\"datePublished\":\"2021-01-22T15:25:15+00:00\",\"dateModified\":\"2026-01-29T11:41:11+00:00\",\"breadcrumb\":{\"@id\":\"https:\\\/\\\/lebenleben.de\\\/kinder-jugend\\\/ambulante-angebote\\\/#breadcrumb\"},\"inLanguage\":\"de\",\"potentialAction\":[{\"@type\":\"ReadAction\",\"target\":[\"https:\\\/\\\/lebenleben.de\\\/kinder-jugend\\\/ambulante-angebote\\\/\"]}]},{\"@type\":\"ImageObject\",\"inLanguage\":\"de\",\"@id\":\"https:\\\/\\\/lebenleben.de\\\/kinder-jugend\\\/ambulante-angebote\\\/#primaryimage\",\"url\":\"https:\\\/\\\/lebenleben.de\\\/kinder-jugend\\\/wp-content\\\/uploads\\\/sites\\\/13\\\/2021\\\/04\\\/ll_header_slider_image_1400x560_0003_shutterstock_312295037.jpg\",\"contentUrl\":\"https:\\\/\\\/lebenleben.de\\\/kinder-jugend\\\/wp-content\\\/uploads\\\/sites\\\/13\\\/2021\\\/04\\\/ll_header_slider_image_1400x560_0003_shutterstock_312295037.jpg\",\"width\":1400,\"height\":560},{\"@type\":\"BreadcrumbList\",\"@id\":\"https:\\\/\\\/lebenleben.de\\\/kinder-jugend\\\/ambulante-angebote\\\/#breadcrumb\",\"itemListElement\":[{\"@type\":\"ListItem\",\"position\":1,\"name\":\"Startseite\",\"item\":\"https:\\\/\\\/lebenleben.de\\\/kinder-jugend\\\/\"},{\"@type\":\"ListItem\",\"position\":2,\"name\":\"Ambulante Angebote\"}]},{\"@type\":\"WebSite\",\"@id\":\"https:\\\/\\\/lebenleben.de\\\/kinder-jugend\\\/#website\",\"url\":\"https:\\\/\\\/lebenleben.de\\\/kinder-jugend\\\/\",\"name\":\"Leben leben Kinder &amp; Jugend\",\"description\":\"Eine weitere Leben Leben Netzwerk Website\",\"publisher\":{\"@id\":\"https:\\\/\\\/lebenleben.de\\\/kinder-jugend\\\/#organization\"},\"potentialAction\":[{\"@type\":\"SearchAction\",\"target\":{\"@type\":\"EntryPoint\",\"urlTemplate\":\"https:\\\/\\\/lebenleben.de\\\/kinder-jugend\\\/?s={search_term_string}\"},\"query-input\":{\"@type\":\"PropertyValueSpecification\",\"valueRequired\":true,\"valueName\":\"search_term_string\"}}],\"inLanguage\":\"de\"},{\"@type\":\"Organization\",\"@id\":\"https:\\\/\\\/lebenleben.de\\\/kinder-jugend\\\/#organization\",\"name\":\"Leben leben Kinder & Jugend\",\"url\":\"https:\\\/\\\/lebenleben.de\\\/kinder-jugend\\\/\",\"logo\":{\"@type\":\"ImageObject\",\"inLanguage\":\"de\",\"@id\":\"https:\\\/\\\/lebenleben.de\\\/kinder-jugend\\\/#\\\/schema\\\/logo\\\/image\\\/\",\"url\":\"https:\\\/\\\/lebenleben.de\\\/kinder-jugend\\\/wp-content\\\/uploads\\\/sites\\\/13\\\/2021\\\/01\\\/ll_favicon-green.png\",\"contentUrl\":\"https:\\\/\\\/lebenleben.de\\\/kinder-jugend\\\/wp-content\\\/uploads\\\/sites\\\/13\\\/2021\\\/01\\\/ll_favicon-green.png\",\"width\":501,\"height\":501,\"caption\":\"Leben leben Kinder & Jugend\"},\"image\":{\"@id\":\"https:\\\/\\\/lebenleben.de\\\/kinder-jugend\\\/#\\\/schema\\\/logo\\\/image\\\/\"}}]}<\/script>\n<!-- \/ Yoast SEO plugin. -->","yoast_head_json":{"title":"Ambulante Angebote - Leben leben Kinder &amp; Jugend","robots":{"index":"index","follow":"follow","max-snippet":"max-snippet:-1","max-image-preview":"max-image-preview:large","max-video-preview":"max-video-preview:-1"},"canonical":"https:\/\/lebenleben.de\/kinder-jugend\/ambulante-angebote\/","og_locale":"de_DE","og_type":"article","og_title":"Ambulante Angebote - Leben leben Kinder &amp; Jugend","og_description":"Schulbegleitung \u2013 Mit uns zur Schule Die Schulbegleitung unserer Unternehmensgruppe Leben leben erm\u00f6glicht Kindern und Jugendlichen mit einer geistigen, seelischen und\/oder k\u00f6rperlichen Behinderung den Besuch einer wohnortnahen und ihren F\u00e4higkeiten und Begabungen entsprechenden Regelschule in Uelzen und\/oder Gifhorn. Im Rahmen der sozialen Integration bieten wir eine individuelle, bedarfsorientierte Unterst\u00fctzung der Kinder und Jugendlichen bei der [&hellip;]","og_url":"https:\/\/lebenleben.de\/kinder-jugend\/ambulante-angebote\/","og_site_name":"Leben leben Kinder &amp; Jugend","article_modified_time":"2026-01-29T11:41:11+00:00","og_image":[{"width":1400,"height":560,"url":"https:\/\/lebenleben.de\/kinder-jugend\/wp-content\/uploads\/sites\/13\/2021\/04\/ll_header_slider_image_1400x560_0003_shutterstock_312295037.jpg","type":"image\/jpeg"}],"twitter_card":"summary_large_image","twitter_misc":{"Gesch\u00e4tzte Lesezeit":"5\u00a0Minuten"},"schema":{"@context":"https:\/\/schema.org","@graph":[{"@type":"WebPage","@id":"https:\/\/lebenleben.de\/kinder-jugend\/ambulante-angebote\/","url":"https:\/\/lebenleben.de\/kinder-jugend\/ambulante-angebote\/","name":"Ambulante Angebote - Leben leben Kinder &amp; Jugend","isPartOf":{"@id":"https:\/\/lebenleben.de\/kinder-jugend\/#website"},"primaryImageOfPage":{"@id":"https:\/\/lebenleben.de\/kinder-jugend\/ambulante-angebote\/#primaryimage"},"image":{"@id":"https:\/\/lebenleben.de\/kinder-jugend\/ambulante-angebote\/#primaryimage"},"thumbnailUrl":"https:\/\/lebenleben.de\/kinder-jugend\/wp-content\/uploads\/sites\/13\/2021\/04\/ll_header_slider_image_1400x560_0003_shutterstock_312295037.jpg","datePublished":"2021-01-22T15:25:15+00:00","dateModified":"2026-01-29T11:41:11+00:00","breadcrumb":{"@id":"https:\/\/lebenleben.de\/kinder-jugend\/ambulante-angebote\/#breadcrumb"},"inLanguage":"de","potentialAction":[{"@type":"ReadAction","target":["https:\/\/lebenleben.de\/kinder-jugend\/ambulante-angebote\/"]}]},{"@type":"ImageObject","inLanguage":"de","@id":"https:\/\/lebenleben.de\/kinder-jugend\/ambulante-angebote\/#primaryimage","url":"https:\/\/lebenleben.de\/kinder-jugend\/wp-content\/uploads\/sites\/13\/2021\/04\/ll_header_slider_image_1400x560_0003_shutterstock_312295037.jpg","contentUrl":"https:\/\/lebenleben.de\/kinder-jugend\/wp-content\/uploads\/sites\/13\/2021\/04\/ll_header_slider_image_1400x560_0003_shutterstock_312295037.jpg","width":1400,"height":560},{"@type":"BreadcrumbList","@id":"https:\/\/lebenleben.de\/kinder-jugend\/ambulante-angebote\/#breadcrumb","itemListElement":[{"@type":"ListItem","position":1,"name":"Startseite","item":"https:\/\/lebenleben.de\/kinder-jugend\/"},{"@type":"ListItem","position":2,"name":"Ambulante Angebote"}]},{"@type":"WebSite","@id":"https:\/\/lebenleben.de\/kinder-jugend\/#website","url":"https:\/\/lebenleben.de\/kinder-jugend\/","name":"Leben leben Kinder &amp; Jugend","description":"Eine weitere Leben Leben Netzwerk Website","publisher":{"@id":"https:\/\/lebenleben.de\/kinder-jugend\/#organization"},"potentialAction":[{"@type":"SearchAction","target":{"@type":"EntryPoint","urlTemplate":"https:\/\/lebenleben.de\/kinder-jugend\/?s={search_term_string}"},"query-input":{"@type":"PropertyValueSpecification","valueRequired":true,"valueName":"search_term_string"}}],"inLanguage":"de"},{"@type":"Organization","@id":"https:\/\/lebenleben.de\/kinder-jugend\/#organization","name":"Leben leben Kinder & Jugend","url":"https:\/\/lebenleben.de\/kinder-jugend\/","logo":{"@type":"ImageObject","inLanguage":"de","@id":"https:\/\/lebenleben.de\/kinder-jugend\/#\/schema\/logo\/image\/","url":"https:\/\/lebenleben.de\/kinder-jugend\/wp-content\/uploads\/sites\/13\/2021\/01\/ll_favicon-green.png","contentUrl":"https:\/\/lebenleben.de\/kinder-jugend\/wp-content\/uploads\/sites\/13\/2021\/01\/ll_favicon-green.png","width":501,"height":501,"caption":"Leben leben Kinder & Jugend"},"image":{"@id":"https:\/\/lebenleben.de\/kinder-jugend\/#\/schema\/logo\/image\/"}}]}},"_links":{"self":[{"href":"https:\/\/lebenleben.de\/kinder-jugend\/wp-json\/wp\/v2\/pages\/11","targetHints":{"allow":["GET"]}}],"collection":[{"href":"https:\/\/lebenleben.de\/kinder-jugend\/wp-json\/wp\/v2\/pages"}],"about":[{"href":"https:\/\/lebenleben.de\/kinder-jugend\/wp-json\/wp\/v2\/types\/page"}],"author":[{"embeddable":true,"href":"https:\/\/lebenleben.de\/kinder-jugend\/wp-json\/wp\/v2\/users\/1"}],"replies":[{"embeddable":true,"href":"https:\/\/lebenleben.de\/kinder-jugend\/wp-json\/wp\/v2\/comments?post=11"}],"version-history":[{"count":78,"href":"https:\/\/lebenleben.de\/kinder-jugend\/wp-json\/wp\/v2\/pages\/11\/revisions"}],"predecessor-version":[{"id":1204,"href":"https:\/\/lebenleben.de\/kinder-jugend\/wp-json\/wp\/v2\/pages\/11\/revisions\/1204"}],"wp:featuredmedia":[{"embeddable":true,"href":"https:\/\/lebenleben.de\/kinder-jugend\/wp-json\/wp\/v2\/media\/149"}],"wp:attachment":[{"href":"https:\/\/lebenleben.de\/kinder-jugend\/wp-json\/wp\/v2\/media?parent=11"}],"curies":[{"name":"wp","href":"https:\/\/api.w.org\/{rel}","templated":true}]}}