{"id":9,"date":"2021-01-22T16:25:00","date_gmt":"2021-01-22T15:25:00","guid":{"rendered":"https:\/\/lebenleben.de\/kinder-jugend\/?page_id=9"},"modified":"2024-05-27T14:11:05","modified_gmt":"2024-05-27T12:11:05","slug":"wunderland-dannenberg","status":"publish","type":"page","link":"https:\/\/lebenleben.de\/kinder-jugend\/wunderland-dannenberg\/","title":{"rendered":"Wunderland Dannenberg"},"content":{"rendered":"\n<div id=\"llimageslider-block_84d787a7622b8847be36040f28f4296e\" class=\"block-llimageslider llimageslider alignwide\">\n\n    \n\t\t<div class=\"llimageslider-slider\" data-slick='{\"autoplaySpeed\": 5000}'>\n\t\t\t\t\t\t\t<div class=\"single-slide-wrapper slide-1\">\n\t\t\t\t\t<img loading=\"lazy\" decoding=\"async\" width=\"1400\" height=\"440\" src=\"https:\/\/lebenleben.de\/kinder-jugend\/wp-content\/uploads\/sites\/13\/2024\/05\/ll_header_slider_image_1400x560_0001_IMG_5382-1400x440-1.jpg\" class=\"single-slide-image slider-desktop-image\" alt=\"\" srcset=\"https:\/\/lebenleben.de\/kinder-jugend\/wp-content\/uploads\/sites\/13\/2024\/05\/ll_header_slider_image_1400x560_0001_IMG_5382-1400x440-1.jpg 1400w, https:\/\/lebenleben.de\/kinder-jugend\/wp-content\/uploads\/sites\/13\/2024\/05\/ll_header_slider_image_1400x560_0001_IMG_5382-1400x440-1-300x94.jpg 300w, https:\/\/lebenleben.de\/kinder-jugend\/wp-content\/uploads\/sites\/13\/2024\/05\/ll_header_slider_image_1400x560_0001_IMG_5382-1400x440-1-1024x322.jpg 1024w, https:\/\/lebenleben.de\/kinder-jugend\/wp-content\/uploads\/sites\/13\/2024\/05\/ll_header_slider_image_1400x560_0001_IMG_5382-1400x440-1-768x241.jpg 768w\" sizes=\"auto, (max-width: 1400px) 100vw, 1400px\" \/>          <img loading=\"lazy\" decoding=\"async\" width=\"1000\" height=\"314\" src=\"https:\/\/lebenleben.de\/kinder-jugend\/wp-content\/uploads\/sites\/13\/2024\/05\/ll_header_slider_image_1400x560_0001_IMG_5382-1400x440-1-1024x322.jpg\" class=\"single-slide-image slider-mobile-image\" alt=\"\" srcset=\"https:\/\/lebenleben.de\/kinder-jugend\/wp-content\/uploads\/sites\/13\/2024\/05\/ll_header_slider_image_1400x560_0001_IMG_5382-1400x440-1-1024x322.jpg 1024w, https:\/\/lebenleben.de\/kinder-jugend\/wp-content\/uploads\/sites\/13\/2024\/05\/ll_header_slider_image_1400x560_0001_IMG_5382-1400x440-1-300x94.jpg 300w, https:\/\/lebenleben.de\/kinder-jugend\/wp-content\/uploads\/sites\/13\/2024\/05\/ll_header_slider_image_1400x560_0001_IMG_5382-1400x440-1-768x241.jpg 768w, https:\/\/lebenleben.de\/kinder-jugend\/wp-content\/uploads\/sites\/13\/2024\/05\/ll_header_slider_image_1400x560_0001_IMG_5382-1400x440-1.jpg 1400w\" sizes=\"auto, (max-width: 1000px) 100vw, 1000px\" \/>\n                    <div class=\"single-slide-text\">\n          <h2>Wunderland Dannenberg<\/h2>                  <\/div>\n        \n\t\t\t\t<\/div>\n\t\t\t\t\t<\/div>\n\t  <script>\n    jQuery(document).ready(function() {\n        jQuery('.llimageslider-slider').slick({\n          dots: true,\n          infinite: true,\n          speed: 1000,\n          autoplay: true,\n          adaptiveHeight: true,\n          slidesToShow: 1,\n          fade: true,\n          focusOnSelect: true\n        });\n    });\n    <\/script>\n<\/div>\n\n\n\n<p>In Dannenberg ist das Wunderland am M\u00fchlentor 14 zu Hause. In einer bunten Villa haben sowohl die Krippen- und die Kindergartengruppe der integrativen Kindertagesst\u00e4tte als auch der Heilp\u00e4dagogische Kindergarten ihre R\u00e4ume. So ist es kein Wunder, dass Kita und Heilp\u00e4dagogischer Kindergarten eng zusammenarbeiten und die Kids beider Einrichtungen viel zusammen unternehmen.<\/p>\n\n\n\n<div style=\"height:35px\" aria-hidden=\"true\" class=\"wp-block-spacer\"><\/div>\n\n\n\n<script>\njQuery(document).ready(function(){\n    jQuery('.uid-1').slick({\n      dots: true,\n      infinite: true,\n      arrows: true,\n      speed: 1000,\n      autoplay: false,\n      slidesToShow: 2,\n      slidesToScroll: 1,\n      fade: false,\n      responsive: [\n        {\n          breakpoint: 1024,\n          settings: {\n            slidesToShow: 2,\n            slidesToScroll: 1\n          }\n        },\n        {\n          breakpoint: 800,\n          settings: {\n            slidesToShow: 1,\n            slidesToScroll: 1\n          }\n        }\n      ]\n\n    });\n  }); \n\n<\/script>\n\n<div id=\"childpagelist-block_8bce8a0b06abd5006ec6e3f2a6071002\" class=\"block-subpage-wrapper columns-2 uid-1\">\n\n\t\n\t\n\t\n<\/div>\n\n\n\n<div style=\"height:25px\" aria-hidden=\"true\" class=\"wp-block-spacer\"><\/div>\n","protected":false},"excerpt":{"rendered":"<p>In Dannenberg ist das Wunderland am M\u00fchlentor 14 zu Hause. In einer bunten Villa haben sowohl die Krippen- und die Kindergartengruppe der integrativen Kindertagesst\u00e4tte als auch der Heilp\u00e4dagogische Kindergarten ihre R\u00e4ume. So ist es kein Wunder, dass Kita und Heilp\u00e4dagogischer Kindergarten eng zusammenarbeiten und die Kids beider Einrichtungen viel zusammen unternehmen.<\/p>\n","protected":false},"author":1,"featured_media":134,"parent":0,"menu_order":20,"comment_status":"closed","ping_status":"closed","template":"page-templates\/page-fullscreen.php","meta":{"_acf_changed":false,"footnotes":""},"class_list":["post-9","page","type-page","status-publish","has-post-thumbnail","hentry"],"acf":[],"yoast_head":"<!-- This site is optimized with the Yoast SEO plugin v27.3 - https:\/\/yoast.com\/product\/yoast-seo-wordpress\/ -->\n<title>Wunderland Dannenberg - Leben leben Kinder &amp; Jugend<\/title>\n<meta name=\"robots\" content=\"index, follow, max-snippet:-1, max-image-preview:large, max-video-preview:-1\" \/>\n<link rel=\"canonical\" href=\"https:\/\/lebenleben.de\/kinder-jugend\/wunderland-dannenberg\/\" \/>\n<meta property=\"og:locale\" content=\"de_DE\" \/>\n<meta property=\"og:type\" content=\"article\" \/>\n<meta property=\"og:title\" content=\"Wunderland Dannenberg - Leben leben Kinder &amp; Jugend\" \/>\n<meta property=\"og:description\" content=\"In Dannenberg ist das Wunderland am M\u00fchlentor 14 zu Hause. In einer bunten Villa haben sowohl die Krippen- und die Kindergartengruppe der integrativen Kindertagesst\u00e4tte als auch der Heilp\u00e4dagogische Kindergarten ihre R\u00e4ume. So ist es kein Wunder, dass Kita und Heilp\u00e4dagogischer Kindergarten eng zusammenarbeiten und die Kids beider Einrichtungen viel zusammen unternehmen.\" \/>\n<meta property=\"og:url\" content=\"https:\/\/lebenleben.de\/kinder-jugend\/wunderland-dannenberg\/\" \/>\n<meta property=\"og:site_name\" content=\"Leben leben Kinder &amp; Jugend\" \/>\n<meta property=\"article:modified_time\" content=\"2024-05-27T12:11:05+00:00\" \/>\n<meta property=\"og:image\" content=\"https:\/\/lebenleben.de\/kinder-jugend\/wp-content\/uploads\/sites\/13\/2021\/04\/ll_header_slider_image_1400x560_0001_IMG_5382.jpg\" \/>\n\t<meta property=\"og:image:width\" content=\"1400\" \/>\n\t<meta property=\"og:image:height\" content=\"560\" \/>\n\t<meta property=\"og:image:type\" content=\"image\/jpeg\" \/>\n<meta name=\"twitter:card\" content=\"summary_large_image\" \/>\n<meta name=\"twitter:label1\" content=\"Gesch\u00e4tzte Lesezeit\" \/>\n\t<meta name=\"twitter:data1\" content=\"1\u00a0Minute\" \/>\n<script type=\"application\/ld+json\" class=\"yoast-schema-graph\">{\"@context\":\"https:\\\/\\\/schema.org\",\"@graph\":[{\"@type\":\"WebPage\",\"@id\":\"https:\\\/\\\/lebenleben.de\\\/kinder-jugend\\\/wunderland-dannenberg\\\/\",\"url\":\"https:\\\/\\\/lebenleben.de\\\/kinder-jugend\\\/wunderland-dannenberg\\\/\",\"name\":\"Wunderland Dannenberg - Leben leben Kinder &amp; Jugend\",\"isPartOf\":{\"@id\":\"https:\\\/\\\/lebenleben.de\\\/kinder-jugend\\\/#website\"},\"primaryImageOfPage\":{\"@id\":\"https:\\\/\\\/lebenleben.de\\\/kinder-jugend\\\/wunderland-dannenberg\\\/#primaryimage\"},\"image\":{\"@id\":\"https:\\\/\\\/lebenleben.de\\\/kinder-jugend\\\/wunderland-dannenberg\\\/#primaryimage\"},\"thumbnailUrl\":\"https:\\\/\\\/lebenleben.de\\\/kinder-jugend\\\/wp-content\\\/uploads\\\/sites\\\/13\\\/2021\\\/04\\\/ll_header_slider_image_1400x560_0001_IMG_5382.jpg\",\"datePublished\":\"2021-01-22T15:25:00+00:00\",\"dateModified\":\"2024-05-27T12:11:05+00:00\",\"breadcrumb\":{\"@id\":\"https:\\\/\\\/lebenleben.de\\\/kinder-jugend\\\/wunderland-dannenberg\\\/#breadcrumb\"},\"inLanguage\":\"de\",\"potentialAction\":[{\"@type\":\"ReadAction\",\"target\":[\"https:\\\/\\\/lebenleben.de\\\/kinder-jugend\\\/wunderland-dannenberg\\\/\"]}]},{\"@type\":\"ImageObject\",\"inLanguage\":\"de\",\"@id\":\"https:\\\/\\\/lebenleben.de\\\/kinder-jugend\\\/wunderland-dannenberg\\\/#primaryimage\",\"url\":\"https:\\\/\\\/lebenleben.de\\\/kinder-jugend\\\/wp-content\\\/uploads\\\/sites\\\/13\\\/2021\\\/04\\\/ll_header_slider_image_1400x560_0001_IMG_5382.jpg\",\"contentUrl\":\"https:\\\/\\\/lebenleben.de\\\/kinder-jugend\\\/wp-content\\\/uploads\\\/sites\\\/13\\\/2021\\\/04\\\/ll_header_slider_image_1400x560_0001_IMG_5382.jpg\",\"width\":1400,\"height\":560},{\"@type\":\"BreadcrumbList\",\"@id\":\"https:\\\/\\\/lebenleben.de\\\/kinder-jugend\\\/wunderland-dannenberg\\\/#breadcrumb\",\"itemListElement\":[{\"@type\":\"ListItem\",\"position\":1,\"name\":\"Startseite\",\"item\":\"https:\\\/\\\/lebenleben.de\\\/kinder-jugend\\\/\"},{\"@type\":\"ListItem\",\"position\":2,\"name\":\"Wunderland Dannenberg\"}]},{\"@type\":\"WebSite\",\"@id\":\"https:\\\/\\\/lebenleben.de\\\/kinder-jugend\\\/#website\",\"url\":\"https:\\\/\\\/lebenleben.de\\\/kinder-jugend\\\/\",\"name\":\"Leben leben Kinder &amp; Jugend\",\"description\":\"Eine weitere Leben Leben Netzwerk Website\",\"publisher\":{\"@id\":\"https:\\\/\\\/lebenleben.de\\\/kinder-jugend\\\/#organization\"},\"potentialAction\":[{\"@type\":\"SearchAction\",\"target\":{\"@type\":\"EntryPoint\",\"urlTemplate\":\"https:\\\/\\\/lebenleben.de\\\/kinder-jugend\\\/?s={search_term_string}\"},\"query-input\":{\"@type\":\"PropertyValueSpecification\",\"valueRequired\":true,\"valueName\":\"search_term_string\"}}],\"inLanguage\":\"de\"},{\"@type\":\"Organization\",\"@id\":\"https:\\\/\\\/lebenleben.de\\\/kinder-jugend\\\/#organization\",\"name\":\"Leben leben Kinder & Jugend\",\"url\":\"https:\\\/\\\/lebenleben.de\\\/kinder-jugend\\\/\",\"logo\":{\"@type\":\"ImageObject\",\"inLanguage\":\"de\",\"@id\":\"https:\\\/\\\/lebenleben.de\\\/kinder-jugend\\\/#\\\/schema\\\/logo\\\/image\\\/\",\"url\":\"https:\\\/\\\/lebenleben.de\\\/kinder-jugend\\\/wp-content\\\/uploads\\\/sites\\\/13\\\/2021\\\/01\\\/ll_favicon-green.png\",\"contentUrl\":\"https:\\\/\\\/lebenleben.de\\\/kinder-jugend\\\/wp-content\\\/uploads\\\/sites\\\/13\\\/2021\\\/01\\\/ll_favicon-green.png\",\"width\":501,\"height\":501,\"caption\":\"Leben leben Kinder & Jugend\"},\"image\":{\"@id\":\"https:\\\/\\\/lebenleben.de\\\/kinder-jugend\\\/#\\\/schema\\\/logo\\\/image\\\/\"}}]}<\/script>\n<!-- \/ Yoast SEO plugin. -->","yoast_head_json":{"title":"Wunderland Dannenberg - Leben leben Kinder &amp; Jugend","robots":{"index":"index","follow":"follow","max-snippet":"max-snippet:-1","max-image-preview":"max-image-preview:large","max-video-preview":"max-video-preview:-1"},"canonical":"https:\/\/lebenleben.de\/kinder-jugend\/wunderland-dannenberg\/","og_locale":"de_DE","og_type":"article","og_title":"Wunderland Dannenberg - Leben leben Kinder &amp; Jugend","og_description":"In Dannenberg ist das Wunderland am M\u00fchlentor 14 zu Hause. In einer bunten Villa haben sowohl die Krippen- und die Kindergartengruppe der integrativen Kindertagesst\u00e4tte als auch der Heilp\u00e4dagogische Kindergarten ihre R\u00e4ume. So ist es kein Wunder, dass Kita und Heilp\u00e4dagogischer Kindergarten eng zusammenarbeiten und die Kids beider Einrichtungen viel zusammen unternehmen.","og_url":"https:\/\/lebenleben.de\/kinder-jugend\/wunderland-dannenberg\/","og_site_name":"Leben leben Kinder &amp; Jugend","article_modified_time":"2024-05-27T12:11:05+00:00","og_image":[{"width":1400,"height":560,"url":"https:\/\/lebenleben.de\/kinder-jugend\/wp-content\/uploads\/sites\/13\/2021\/04\/ll_header_slider_image_1400x560_0001_IMG_5382.jpg","type":"image\/jpeg"}],"twitter_card":"summary_large_image","twitter_misc":{"Gesch\u00e4tzte Lesezeit":"1\u00a0Minute"},"schema":{"@context":"https:\/\/schema.org","@graph":[{"@type":"WebPage","@id":"https:\/\/lebenleben.de\/kinder-jugend\/wunderland-dannenberg\/","url":"https:\/\/lebenleben.de\/kinder-jugend\/wunderland-dannenberg\/","name":"Wunderland Dannenberg - Leben leben Kinder &amp; Jugend","isPartOf":{"@id":"https:\/\/lebenleben.de\/kinder-jugend\/#website"},"primaryImageOfPage":{"@id":"https:\/\/lebenleben.de\/kinder-jugend\/wunderland-dannenberg\/#primaryimage"},"image":{"@id":"https:\/\/lebenleben.de\/kinder-jugend\/wunderland-dannenberg\/#primaryimage"},"thumbnailUrl":"https:\/\/lebenleben.de\/kinder-jugend\/wp-content\/uploads\/sites\/13\/2021\/04\/ll_header_slider_image_1400x560_0001_IMG_5382.jpg","datePublished":"2021-01-22T15:25:00+00:00","dateModified":"2024-05-27T12:11:05+00:00","breadcrumb":{"@id":"https:\/\/lebenleben.de\/kinder-jugend\/wunderland-dannenberg\/#breadcrumb"},"inLanguage":"de","potentialAction":[{"@type":"ReadAction","target":["https:\/\/lebenleben.de\/kinder-jugend\/wunderland-dannenberg\/"]}]},{"@type":"ImageObject","inLanguage":"de","@id":"https:\/\/lebenleben.de\/kinder-jugend\/wunderland-dannenberg\/#primaryimage","url":"https:\/\/lebenleben.de\/kinder-jugend\/wp-content\/uploads\/sites\/13\/2021\/04\/ll_header_slider_image_1400x560_0001_IMG_5382.jpg","contentUrl":"https:\/\/lebenleben.de\/kinder-jugend\/wp-content\/uploads\/sites\/13\/2021\/04\/ll_header_slider_image_1400x560_0001_IMG_5382.jpg","width":1400,"height":560},{"@type":"BreadcrumbList","@id":"https:\/\/lebenleben.de\/kinder-jugend\/wunderland-dannenberg\/#breadcrumb","itemListElement":[{"@type":"ListItem","position":1,"name":"Startseite","item":"https:\/\/lebenleben.de\/kinder-jugend\/"},{"@type":"ListItem","position":2,"name":"Wunderland Dannenberg"}]},{"@type":"WebSite","@id":"https:\/\/lebenleben.de\/kinder-jugend\/#website","url":"https:\/\/lebenleben.de\/kinder-jugend\/","name":"Leben leben Kinder &amp; Jugend","description":"Eine weitere Leben Leben Netzwerk Website","publisher":{"@id":"https:\/\/lebenleben.de\/kinder-jugend\/#organization"},"potentialAction":[{"@type":"SearchAction","target":{"@type":"EntryPoint","urlTemplate":"https:\/\/lebenleben.de\/kinder-jugend\/?s={search_term_string}"},"query-input":{"@type":"PropertyValueSpecification","valueRequired":true,"valueName":"search_term_string"}}],"inLanguage":"de"},{"@type":"Organization","@id":"https:\/\/lebenleben.de\/kinder-jugend\/#organization","name":"Leben leben Kinder & Jugend","url":"https:\/\/lebenleben.de\/kinder-jugend\/","logo":{"@type":"ImageObject","inLanguage":"de","@id":"https:\/\/lebenleben.de\/kinder-jugend\/#\/schema\/logo\/image\/","url":"https:\/\/lebenleben.de\/kinder-jugend\/wp-content\/uploads\/sites\/13\/2021\/01\/ll_favicon-green.png","contentUrl":"https:\/\/lebenleben.de\/kinder-jugend\/wp-content\/uploads\/sites\/13\/2021\/01\/ll_favicon-green.png","width":501,"height":501,"caption":"Leben leben Kinder & Jugend"},"image":{"@id":"https:\/\/lebenleben.de\/kinder-jugend\/#\/schema\/logo\/image\/"}}]}},"_links":{"self":[{"href":"https:\/\/lebenleben.de\/kinder-jugend\/wp-json\/wp\/v2\/pages\/9","targetHints":{"allow":["GET"]}}],"collection":[{"href":"https:\/\/lebenleben.de\/kinder-jugend\/wp-json\/wp\/v2\/pages"}],"about":[{"href":"https:\/\/lebenleben.de\/kinder-jugend\/wp-json\/wp\/v2\/types\/page"}],"author":[{"embeddable":true,"href":"https:\/\/lebenleben.de\/kinder-jugend\/wp-json\/wp\/v2\/users\/1"}],"replies":[{"embeddable":true,"href":"https:\/\/lebenleben.de\/kinder-jugend\/wp-json\/wp\/v2\/comments?post=9"}],"version-history":[{"count":10,"href":"https:\/\/lebenleben.de\/kinder-jugend\/wp-json\/wp\/v2\/pages\/9\/revisions"}],"predecessor-version":[{"id":704,"href":"https:\/\/lebenleben.de\/kinder-jugend\/wp-json\/wp\/v2\/pages\/9\/revisions\/704"}],"wp:featuredmedia":[{"embeddable":true,"href":"https:\/\/lebenleben.de\/kinder-jugend\/wp-json\/wp\/v2\/media\/134"}],"wp:attachment":[{"href":"https:\/\/lebenleben.de\/kinder-jugend\/wp-json\/wp\/v2\/media?parent=9"}],"curies":[{"name":"wp","href":"https:\/\/api.w.org\/{rel}","templated":true}]}}