{"id":10,"date":"2021-01-22T15:47:27","date_gmt":"2021-01-22T14:47:27","guid":{"rendered":"https:\/\/lebenleben.de\/loewenwaldschule\/?page_id=10"},"modified":"2024-05-28T16:25:03","modified_gmt":"2024-05-28T14:25:03","slug":"ergaenzende-angebote","status":"publish","type":"page","link":"https:\/\/lebenleben.de\/loewenwaldschule\/ergaenzende-angebote\/","title":{"rendered":"Erg\u00e4nzende Angebote"},"content":{"rendered":"\n<div id=\"llimageslider-block_4bfe83eceab799b1786172e07b848d6e\" class=\"block-llimageslider llimageslider alignwide\">\n\n    \n\t\t<div class=\"llimageslider-slider\" data-slick='{\"autoplaySpeed\": 5000}'>\n\t\t\t\t\t\t\t<div class=\"single-slide-wrapper slide-1\">\n\t\t\t\t\t<img loading=\"lazy\" decoding=\"async\" width=\"1400\" height=\"440\" src=\"https:\/\/lebenleben.de\/loewenwaldschule\/wp-content\/uploads\/sites\/10\/2024\/05\/Header_Loewenwaldschule-3.jpg\" class=\"single-slide-image slider-desktop-image\" alt=\"\" srcset=\"https:\/\/lebenleben.de\/loewenwaldschule\/wp-content\/uploads\/sites\/10\/2024\/05\/Header_Loewenwaldschule-3.jpg 1400w, https:\/\/lebenleben.de\/loewenwaldschule\/wp-content\/uploads\/sites\/10\/2024\/05\/Header_Loewenwaldschule-3-300x94.jpg 300w, https:\/\/lebenleben.de\/loewenwaldschule\/wp-content\/uploads\/sites\/10\/2024\/05\/Header_Loewenwaldschule-3-1024x322.jpg 1024w, https:\/\/lebenleben.de\/loewenwaldschule\/wp-content\/uploads\/sites\/10\/2024\/05\/Header_Loewenwaldschule-3-768x241.jpg 768w\" sizes=\"auto, (max-width: 1400px) 100vw, 1400px\" \/>          <img loading=\"lazy\" decoding=\"async\" width=\"1000\" height=\"314\" src=\"https:\/\/lebenleben.de\/loewenwaldschule\/wp-content\/uploads\/sites\/10\/2024\/05\/Header_Loewenwaldschule-3-1024x322.jpg\" class=\"single-slide-image slider-mobile-image\" alt=\"\" srcset=\"https:\/\/lebenleben.de\/loewenwaldschule\/wp-content\/uploads\/sites\/10\/2024\/05\/Header_Loewenwaldschule-3-1024x322.jpg 1024w, https:\/\/lebenleben.de\/loewenwaldschule\/wp-content\/uploads\/sites\/10\/2024\/05\/Header_Loewenwaldschule-3-300x94.jpg 300w, https:\/\/lebenleben.de\/loewenwaldschule\/wp-content\/uploads\/sites\/10\/2024\/05\/Header_Loewenwaldschule-3-768x241.jpg 768w, https:\/\/lebenleben.de\/loewenwaldschule\/wp-content\/uploads\/sites\/10\/2024\/05\/Header_Loewenwaldschule-3.jpg 1400w\" sizes=\"auto, (max-width: 1000px) 100vw, 1000px\" \/>\n                    <div class=\"single-slide-text\">\n          <h2>Loewenwaldschule Uelzen<\/h2><h3>Erg\u00e4nzende Angebote f\u00fcr eine optimale F\u00f6rderung<\/h3>                  <\/div>\n        \n\t\t\t\t<\/div>\n\t\t\t\t\t<\/div>\n\t  <script>\n    jQuery(document).ready(function() {\n        jQuery('.llimageslider-slider').slick({\n          dots: true,\n          infinite: true,\n          speed: 1000,\n          autoplay: true,\n          adaptiveHeight: true,\n          slidesToShow: 1,\n          fade: true,\n          focusOnSelect: true\n        });\n    });\n    <\/script>\n<\/div>\n\n\n\n<p>Viele unserer Sch\u00fcler:innen haben in den unterschiedlichsten Bereichen einen erh\u00f6hten F\u00f6rderbedarf. Wir werden diesem mit folgenden Angeboten gerecht:<\/p>\n\n\n\n<div style=\"height:25px\" aria-hidden=\"true\" class=\"wp-block-spacer\"><\/div>\n\n\n\n<script>\njQuery(document).ready(function(){\n    jQuery('.uid-1').slick({\n      dots: true,\n      infinite: true,\n      arrows: true,\n      speed: 1000,\n      autoplay: false,\n      slidesToShow: 3,\n      slidesToScroll: 1,\n      fade: false,\n      responsive: [\n        {\n          breakpoint: 1024,\n          settings: {\n            slidesToShow: 2,\n            slidesToScroll: 1\n          }\n        },\n        {\n          breakpoint: 800,\n          settings: {\n            slidesToShow: 1,\n            slidesToScroll: 1\n          }\n        }\n      ]\n\n    });\n  }); \n\n<\/script>\n\n<div id=\"childpagelist-block_dea93b4544cda6b59503dc96e6c1789c\" class=\"block-subpage-wrapper columns-3 uid-1\">\n\n\t\n\t\n\t    <div class=\"block-subpage-wrapper__single post-25 page type-page status-publish has-post-thumbnail hentry\">\n\t        \t           <a class=\"imagelink \"href=\"https:\/\/lebenleben.de\/loewenwaldschule\/ergaenzende-angebote\/basale-foerderung\/\" rel=\"bookmark\" title=\"Basale F\u00f6rderung\"><img loading=\"lazy\" decoding=\"async\" width=\"800\" height=\"320\" src=\"https:\/\/lebenleben.de\/loewenwaldschule\/wp-content\/uploads\/sites\/10\/2021\/04\/ll_header_slider_image_1400x560_0003_5N5A5992.jpg\" class=\"attachment-ll-thumb-medium size-ll-thumb-medium wp-post-image\" alt=\"\" srcset=\"https:\/\/lebenleben.de\/loewenwaldschule\/wp-content\/uploads\/sites\/10\/2021\/04\/ll_header_slider_image_1400x560_0003_5N5A5992.jpg 1400w, https:\/\/lebenleben.de\/loewenwaldschule\/wp-content\/uploads\/sites\/10\/2021\/04\/ll_header_slider_image_1400x560_0003_5N5A5992-300x120.jpg 300w, https:\/\/lebenleben.de\/loewenwaldschule\/wp-content\/uploads\/sites\/10\/2021\/04\/ll_header_slider_image_1400x560_0003_5N5A5992-1024x410.jpg 1024w, https:\/\/lebenleben.de\/loewenwaldschule\/wp-content\/uploads\/sites\/10\/2021\/04\/ll_header_slider_image_1400x560_0003_5N5A5992-768x307.jpg 768w\" sizes=\"auto, (max-width: 800px) 100vw, 800px\" \/><\/a>\n\t        \t\t\t\t\t<div class=\"textwrapper\">\n\t\t        <h3><a href=\"https:\/\/lebenleben.de\/loewenwaldschule\/ergaenzende-angebote\/basale-foerderung\/\" rel=\"bookmark\" title=\"Basale F\u00f6rderung\">Basale F\u00f6rderung<\/a><\/h3>\n\n\t\t\t\t<p>Individuelle Stimulation der Wahrnehmung und grundlegende Versorgung<\/p>\n\t\t\t\t\t\t<a href=\"https:\/\/lebenleben.de\/loewenwaldschule\/ergaenzende-angebote\/basale-foerderung\/\" rel=\"bookmark\" title=\"Basale F\u00f6rderung\">Mehr Infos&nbsp;&raquo;<\/a>\n\t\t\t\t\t<\/div>\n\t    <\/div>\n\t\n\t    <div class=\"block-subpage-wrapper__single post-26 page type-page status-publish has-post-thumbnail hentry\">\n\t        \t           <a class=\"imagelink \"href=\"https:\/\/lebenleben.de\/loewenwaldschule\/ergaenzende-angebote\/unterstuetzte-kommunikation\/\" rel=\"bookmark\" title=\"Unterst\u00fctzte Kommunikation\"><img loading=\"lazy\" decoding=\"async\" width=\"800\" height=\"320\" src=\"https:\/\/lebenleben.de\/loewenwaldschule\/wp-content\/uploads\/sites\/10\/2021\/04\/ll_header_slider_image_1400x560_0002_StiftungLeben_2203_7431.jpg\" class=\"attachment-ll-thumb-medium size-ll-thumb-medium wp-post-image\" alt=\"\" srcset=\"https:\/\/lebenleben.de\/loewenwaldschule\/wp-content\/uploads\/sites\/10\/2021\/04\/ll_header_slider_image_1400x560_0002_StiftungLeben_2203_7431.jpg 1400w, https:\/\/lebenleben.de\/loewenwaldschule\/wp-content\/uploads\/sites\/10\/2021\/04\/ll_header_slider_image_1400x560_0002_StiftungLeben_2203_7431-300x120.jpg 300w, https:\/\/lebenleben.de\/loewenwaldschule\/wp-content\/uploads\/sites\/10\/2021\/04\/ll_header_slider_image_1400x560_0002_StiftungLeben_2203_7431-1024x410.jpg 1024w, https:\/\/lebenleben.de\/loewenwaldschule\/wp-content\/uploads\/sites\/10\/2021\/04\/ll_header_slider_image_1400x560_0002_StiftungLeben_2203_7431-768x307.jpg 768w\" sizes=\"auto, (max-width: 800px) 100vw, 800px\" \/><\/a>\n\t        \t\t\t\t\t<div class=\"textwrapper\">\n\t\t        <h3><a href=\"https:\/\/lebenleben.de\/loewenwaldschule\/ergaenzende-angebote\/unterstuetzte-kommunikation\/\" rel=\"bookmark\" title=\"Unterst\u00fctzte Kommunikation\">Unterst\u00fctzte Kommunikation<\/a><\/h3>\n\n\t\t\t\t<p>Erweiterung der kommunikativen M\u00f6glichkeiten<\/p>\n\t\t\t\t\t\t<a href=\"https:\/\/lebenleben.de\/loewenwaldschule\/ergaenzende-angebote\/unterstuetzte-kommunikation\/\" rel=\"bookmark\" title=\"Unterst\u00fctzte Kommunikation\">Mehr Infos&nbsp;&raquo;<\/a>\n\t\t\t\t\t<\/div>\n\t    <\/div>\n\t\n\t    <div class=\"block-subpage-wrapper__single post-27 page type-page status-publish has-post-thumbnail hentry\">\n\t        \t           <a class=\"imagelink \"href=\"https:\/\/lebenleben.de\/loewenwaldschule\/ergaenzende-angebote\/autistenfoerderung\/\" rel=\"bookmark\" title=\"Autistenf\u00f6rderung\"><img loading=\"lazy\" decoding=\"async\" width=\"800\" height=\"320\" src=\"https:\/\/lebenleben.de\/loewenwaldschule\/wp-content\/uploads\/sites\/10\/2021\/04\/ll_header_slider_image_1400x560_0001_Fotolia_98670937_XL.jpg\" class=\"attachment-ll-thumb-medium size-ll-thumb-medium wp-post-image\" alt=\"\" srcset=\"https:\/\/lebenleben.de\/loewenwaldschule\/wp-content\/uploads\/sites\/10\/2021\/04\/ll_header_slider_image_1400x560_0001_Fotolia_98670937_XL.jpg 1400w, https:\/\/lebenleben.de\/loewenwaldschule\/wp-content\/uploads\/sites\/10\/2021\/04\/ll_header_slider_image_1400x560_0001_Fotolia_98670937_XL-300x120.jpg 300w, https:\/\/lebenleben.de\/loewenwaldschule\/wp-content\/uploads\/sites\/10\/2021\/04\/ll_header_slider_image_1400x560_0001_Fotolia_98670937_XL-1024x410.jpg 1024w, https:\/\/lebenleben.de\/loewenwaldschule\/wp-content\/uploads\/sites\/10\/2021\/04\/ll_header_slider_image_1400x560_0001_Fotolia_98670937_XL-768x307.jpg 768w\" sizes=\"auto, (max-width: 800px) 100vw, 800px\" \/><\/a>\n\t        \t\t\t\t\t<div class=\"textwrapper\">\n\t\t        <h3><a href=\"https:\/\/lebenleben.de\/loewenwaldschule\/ergaenzende-angebote\/autistenfoerderung\/\" rel=\"bookmark\" title=\"Autistenf\u00f6rderung\">Autistenf\u00f6rderung<\/a><\/h3>\n\n\t\t\t\t<p>Spezieller Zugang durch ausgebildete Fachkr\u00e4fte<\/p>\n\t\t\t\t\t\t<a href=\"https:\/\/lebenleben.de\/loewenwaldschule\/ergaenzende-angebote\/autistenfoerderung\/\" rel=\"bookmark\" title=\"Autistenf\u00f6rderung\">Mehr Infos&nbsp;&raquo;<\/a>\n\t\t\t\t\t<\/div>\n\t    <\/div>\n\t\n\t    <div class=\"block-subpage-wrapper__single post-28 page type-page status-publish has-post-thumbnail hentry\">\n\t        \t           <a class=\"imagelink \"href=\"https:\/\/lebenleben.de\/loewenwaldschule\/ergaenzende-angebote\/kooperationen\/\" rel=\"bookmark\" title=\"Kooperationen\"><img loading=\"lazy\" decoding=\"async\" width=\"800\" height=\"320\" src=\"https:\/\/lebenleben.de\/loewenwaldschule\/wp-content\/uploads\/sites\/10\/2021\/04\/ll_header_slider_image_1400x560_0001_Lebenshilfe_1-21.jpg\" class=\"attachment-ll-thumb-medium size-ll-thumb-medium wp-post-image\" alt=\"\" srcset=\"https:\/\/lebenleben.de\/loewenwaldschule\/wp-content\/uploads\/sites\/10\/2021\/04\/ll_header_slider_image_1400x560_0001_Lebenshilfe_1-21.jpg 1400w, https:\/\/lebenleben.de\/loewenwaldschule\/wp-content\/uploads\/sites\/10\/2021\/04\/ll_header_slider_image_1400x560_0001_Lebenshilfe_1-21-300x120.jpg 300w, https:\/\/lebenleben.de\/loewenwaldschule\/wp-content\/uploads\/sites\/10\/2021\/04\/ll_header_slider_image_1400x560_0001_Lebenshilfe_1-21-1024x410.jpg 1024w, https:\/\/lebenleben.de\/loewenwaldschule\/wp-content\/uploads\/sites\/10\/2021\/04\/ll_header_slider_image_1400x560_0001_Lebenshilfe_1-21-768x307.jpg 768w\" sizes=\"auto, (max-width: 800px) 100vw, 800px\" \/><\/a>\n\t        \t\t\t\t\t<div class=\"textwrapper\">\n\t\t        <h3><a href=\"https:\/\/lebenleben.de\/loewenwaldschule\/ergaenzende-angebote\/kooperationen\/\" rel=\"bookmark\" title=\"Kooperationen\">Kooperationen<\/a><\/h3>\n\n\t\t\t\t<p>Mehrwert f\u00fcr unsere Sch\u00fcler:innen<\/p>\n\t\t\t\t\t\t<a href=\"https:\/\/lebenleben.de\/loewenwaldschule\/ergaenzende-angebote\/kooperationen\/\" rel=\"bookmark\" title=\"Kooperationen\">Mehr Infos&nbsp;&raquo;<\/a>\n\t\t\t\t\t<\/div>\n\t    <\/div>\n\t\n\t    <div class=\"block-subpage-wrapper__single post-29 page type-page status-publish has-post-thumbnail hentry\">\n\t        \t           <a class=\"imagelink \"href=\"https:\/\/lebenleben.de\/loewenwaldschule\/ergaenzende-angebote\/begleitende-angebote\/\" rel=\"bookmark\" title=\"Begleitende Angebote\"><img loading=\"lazy\" decoding=\"async\" width=\"800\" height=\"320\" src=\"https:\/\/lebenleben.de\/loewenwaldschule\/wp-content\/uploads\/sites\/10\/2021\/04\/ll_header_slider_image_1400x560_0005_is_1133791525-2.jpg\" class=\"attachment-ll-thumb-medium size-ll-thumb-medium wp-post-image\" alt=\"\" srcset=\"https:\/\/lebenleben.de\/loewenwaldschule\/wp-content\/uploads\/sites\/10\/2021\/04\/ll_header_slider_image_1400x560_0005_is_1133791525-2.jpg 1400w, https:\/\/lebenleben.de\/loewenwaldschule\/wp-content\/uploads\/sites\/10\/2021\/04\/ll_header_slider_image_1400x560_0005_is_1133791525-2-300x120.jpg 300w, https:\/\/lebenleben.de\/loewenwaldschule\/wp-content\/uploads\/sites\/10\/2021\/04\/ll_header_slider_image_1400x560_0005_is_1133791525-2-1024x410.jpg 1024w, https:\/\/lebenleben.de\/loewenwaldschule\/wp-content\/uploads\/sites\/10\/2021\/04\/ll_header_slider_image_1400x560_0005_is_1133791525-2-768x307.jpg 768w\" sizes=\"auto, (max-width: 800px) 100vw, 800px\" \/><\/a>\n\t        \t\t\t\t\t<div class=\"textwrapper\">\n\t\t        <h3><a href=\"https:\/\/lebenleben.de\/loewenwaldschule\/ergaenzende-angebote\/begleitende-angebote\/\" rel=\"bookmark\" title=\"Begleitende Angebote\">Begleitende Angebote<\/a><\/h3>\n\n\t\t\t\t<p>Weitere F\u00f6rder- und Unterst\u00fctzungsleistungen<\/p>\n\t\t\t\t\t\t<a href=\"https:\/\/lebenleben.de\/loewenwaldschule\/ergaenzende-angebote\/begleitende-angebote\/\" rel=\"bookmark\" title=\"Begleitende Angebote\">Mehr Infos&nbsp;&raquo;<\/a>\n\t\t\t\t\t<\/div>\n\t    <\/div>\n\t\n\t\n<\/div>\n\n\n\n<div style=\"height:50px\" aria-hidden=\"true\" class=\"wp-block-spacer\"><\/div>\n","protected":false},"excerpt":{"rendered":"<p>Viele unserer Sch\u00fcler:innen haben in den unterschiedlichsten Bereichen einen erh\u00f6hten F\u00f6rderbedarf. Wir werden diesem mit folgenden Angeboten gerecht:<\/p>\n","protected":false},"author":1,"featured_media":0,"parent":0,"menu_order":20,"comment_status":"closed","ping_status":"closed","template":"page-templates\/page-fullscreen.php","meta":{"_acf_changed":false,"footnotes":""},"class_list":["post-10","page","type-page","status-publish","hentry"],"acf":[],"yoast_head":"<!-- This site is optimized with the Yoast SEO plugin v27.3 - https:\/\/yoast.com\/product\/yoast-seo-wordpress\/ -->\n<title>Loewenwaldschule Uelzen | Erg\u00e4nzende Angebote<\/title>\n<meta name=\"description\" content=\"Zum erg\u00e4nzenden F\u00f6rderangebot der Loewenwaldschule in Uelzen geh\u00f6ren Basale F\u00fcrderung, Unterst\u00fczte Kommunikation und Autistenf\u00f6rderung.\" \/>\n<meta name=\"robots\" content=\"index, follow, max-snippet:-1, max-image-preview:large, max-video-preview:-1\" \/>\n<link rel=\"canonical\" href=\"https:\/\/lebenleben.de\/loewenwaldschule\/ergaenzende-angebote\/\" \/>\n<meta property=\"og:locale\" content=\"de_DE\" \/>\n<meta property=\"og:type\" content=\"article\" \/>\n<meta property=\"og:title\" content=\"Loewenwaldschule Uelzen | Erg\u00e4nzende Angebote\" \/>\n<meta property=\"og:description\" content=\"Zum erg\u00e4nzenden F\u00f6rderangebot der Loewenwaldschule in Uelzen geh\u00f6ren Basale F\u00fcrderung, Unterst\u00fczte Kommunikation und Autistenf\u00f6rderung.\" \/>\n<meta property=\"og:url\" content=\"https:\/\/lebenleben.de\/loewenwaldschule\/ergaenzende-angebote\/\" \/>\n<meta property=\"og:site_name\" content=\"Leben leben Loewenwaldschule\" \/>\n<meta property=\"article:modified_time\" content=\"2024-05-28T14:25:03+00:00\" \/>\n<meta name=\"twitter:card\" content=\"summary_large_image\" \/>\n<meta name=\"twitter:label1\" content=\"Gesch\u00e4tzte Lesezeit\" \/>\n\t<meta name=\"twitter:data1\" content=\"1\u00a0Minute\" \/>\n<script type=\"application\/ld+json\" class=\"yoast-schema-graph\">{\"@context\":\"https:\\\/\\\/schema.org\",\"@graph\":[{\"@type\":\"WebPage\",\"@id\":\"https:\\\/\\\/lebenleben.de\\\/loewenwaldschule\\\/ergaenzende-angebote\\\/\",\"url\":\"https:\\\/\\\/lebenleben.de\\\/loewenwaldschule\\\/ergaenzende-angebote\\\/\",\"name\":\"Loewenwaldschule Uelzen | Erg\u00e4nzende Angebote\",\"isPartOf\":{\"@id\":\"https:\\\/\\\/lebenleben.de\\\/loewenwaldschule\\\/#website\"},\"datePublished\":\"2021-01-22T14:47:27+00:00\",\"dateModified\":\"2024-05-28T14:25:03+00:00\",\"description\":\"Zum erg\u00e4nzenden F\u00f6rderangebot der Loewenwaldschule in Uelzen geh\u00f6ren Basale F\u00fcrderung, Unterst\u00fczte Kommunikation und Autistenf\u00f6rderung.\",\"breadcrumb\":{\"@id\":\"https:\\\/\\\/lebenleben.de\\\/loewenwaldschule\\\/ergaenzende-angebote\\\/#breadcrumb\"},\"inLanguage\":\"de\",\"potentialAction\":[{\"@type\":\"ReadAction\",\"target\":[\"https:\\\/\\\/lebenleben.de\\\/loewenwaldschule\\\/ergaenzende-angebote\\\/\"]}]},{\"@type\":\"BreadcrumbList\",\"@id\":\"https:\\\/\\\/lebenleben.de\\\/loewenwaldschule\\\/ergaenzende-angebote\\\/#breadcrumb\",\"itemListElement\":[{\"@type\":\"ListItem\",\"position\":1,\"name\":\"Startseite\",\"item\":\"https:\\\/\\\/lebenleben.de\\\/loewenwaldschule\\\/\"},{\"@type\":\"ListItem\",\"position\":2,\"name\":\"Erg\u00e4nzende Angebote\"}]},{\"@type\":\"WebSite\",\"@id\":\"https:\\\/\\\/lebenleben.de\\\/loewenwaldschule\\\/#website\",\"url\":\"https:\\\/\\\/lebenleben.de\\\/loewenwaldschule\\\/\",\"name\":\"Leben leben Loewenwaldschule\",\"description\":\"Eine weitere Leben Leben Netzwerk Website\",\"publisher\":{\"@id\":\"https:\\\/\\\/lebenleben.de\\\/loewenwaldschule\\\/#organization\"},\"potentialAction\":[{\"@type\":\"SearchAction\",\"target\":{\"@type\":\"EntryPoint\",\"urlTemplate\":\"https:\\\/\\\/lebenleben.de\\\/loewenwaldschule\\\/?s={search_term_string}\"},\"query-input\":{\"@type\":\"PropertyValueSpecification\",\"valueRequired\":true,\"valueName\":\"search_term_string\"}}],\"inLanguage\":\"de\"},{\"@type\":\"Organization\",\"@id\":\"https:\\\/\\\/lebenleben.de\\\/loewenwaldschule\\\/#organization\",\"name\":\"Leben leben Loewenwaldschule\",\"url\":\"https:\\\/\\\/lebenleben.de\\\/loewenwaldschule\\\/\",\"logo\":{\"@type\":\"ImageObject\",\"inLanguage\":\"de\",\"@id\":\"https:\\\/\\\/lebenleben.de\\\/loewenwaldschule\\\/#\\\/schema\\\/logo\\\/image\\\/\",\"url\":\"https:\\\/\\\/lebenleben.de\\\/loewenwaldschule\\\/wp-content\\\/uploads\\\/sites\\\/10\\\/2021\\\/01\\\/ll_favicon-green.png\",\"contentUrl\":\"https:\\\/\\\/lebenleben.de\\\/loewenwaldschule\\\/wp-content\\\/uploads\\\/sites\\\/10\\\/2021\\\/01\\\/ll_favicon-green.png\",\"width\":501,\"height\":501,\"caption\":\"Leben leben Loewenwaldschule\"},\"image\":{\"@id\":\"https:\\\/\\\/lebenleben.de\\\/loewenwaldschule\\\/#\\\/schema\\\/logo\\\/image\\\/\"}}]}<\/script>\n<!-- \/ Yoast SEO plugin. -->","yoast_head_json":{"title":"Loewenwaldschule Uelzen | Erg\u00e4nzende Angebote","description":"Zum erg\u00e4nzenden F\u00f6rderangebot der Loewenwaldschule in Uelzen geh\u00f6ren Basale F\u00fcrderung, Unterst\u00fczte Kommunikation und Autistenf\u00f6rderung.","robots":{"index":"index","follow":"follow","max-snippet":"max-snippet:-1","max-image-preview":"max-image-preview:large","max-video-preview":"max-video-preview:-1"},"canonical":"https:\/\/lebenleben.de\/loewenwaldschule\/ergaenzende-angebote\/","og_locale":"de_DE","og_type":"article","og_title":"Loewenwaldschule Uelzen | Erg\u00e4nzende Angebote","og_description":"Zum erg\u00e4nzenden F\u00f6rderangebot der Loewenwaldschule in Uelzen geh\u00f6ren Basale F\u00fcrderung, Unterst\u00fczte Kommunikation und Autistenf\u00f6rderung.","og_url":"https:\/\/lebenleben.de\/loewenwaldschule\/ergaenzende-angebote\/","og_site_name":"Leben leben Loewenwaldschule","article_modified_time":"2024-05-28T14:25:03+00:00","twitter_card":"summary_large_image","twitter_misc":{"Gesch\u00e4tzte Lesezeit":"1\u00a0Minute"},"schema":{"@context":"https:\/\/schema.org","@graph":[{"@type":"WebPage","@id":"https:\/\/lebenleben.de\/loewenwaldschule\/ergaenzende-angebote\/","url":"https:\/\/lebenleben.de\/loewenwaldschule\/ergaenzende-angebote\/","name":"Loewenwaldschule Uelzen | Erg\u00e4nzende Angebote","isPartOf":{"@id":"https:\/\/lebenleben.de\/loewenwaldschule\/#website"},"datePublished":"2021-01-22T14:47:27+00:00","dateModified":"2024-05-28T14:25:03+00:00","description":"Zum erg\u00e4nzenden F\u00f6rderangebot der Loewenwaldschule in Uelzen geh\u00f6ren Basale F\u00fcrderung, Unterst\u00fczte Kommunikation und Autistenf\u00f6rderung.","breadcrumb":{"@id":"https:\/\/lebenleben.de\/loewenwaldschule\/ergaenzende-angebote\/#breadcrumb"},"inLanguage":"de","potentialAction":[{"@type":"ReadAction","target":["https:\/\/lebenleben.de\/loewenwaldschule\/ergaenzende-angebote\/"]}]},{"@type":"BreadcrumbList","@id":"https:\/\/lebenleben.de\/loewenwaldschule\/ergaenzende-angebote\/#breadcrumb","itemListElement":[{"@type":"ListItem","position":1,"name":"Startseite","item":"https:\/\/lebenleben.de\/loewenwaldschule\/"},{"@type":"ListItem","position":2,"name":"Erg\u00e4nzende Angebote"}]},{"@type":"WebSite","@id":"https:\/\/lebenleben.de\/loewenwaldschule\/#website","url":"https:\/\/lebenleben.de\/loewenwaldschule\/","name":"Leben leben Loewenwaldschule","description":"Eine weitere Leben Leben Netzwerk Website","publisher":{"@id":"https:\/\/lebenleben.de\/loewenwaldschule\/#organization"},"potentialAction":[{"@type":"SearchAction","target":{"@type":"EntryPoint","urlTemplate":"https:\/\/lebenleben.de\/loewenwaldschule\/?s={search_term_string}"},"query-input":{"@type":"PropertyValueSpecification","valueRequired":true,"valueName":"search_term_string"}}],"inLanguage":"de"},{"@type":"Organization","@id":"https:\/\/lebenleben.de\/loewenwaldschule\/#organization","name":"Leben leben Loewenwaldschule","url":"https:\/\/lebenleben.de\/loewenwaldschule\/","logo":{"@type":"ImageObject","inLanguage":"de","@id":"https:\/\/lebenleben.de\/loewenwaldschule\/#\/schema\/logo\/image\/","url":"https:\/\/lebenleben.de\/loewenwaldschule\/wp-content\/uploads\/sites\/10\/2021\/01\/ll_favicon-green.png","contentUrl":"https:\/\/lebenleben.de\/loewenwaldschule\/wp-content\/uploads\/sites\/10\/2021\/01\/ll_favicon-green.png","width":501,"height":501,"caption":"Leben leben Loewenwaldschule"},"image":{"@id":"https:\/\/lebenleben.de\/loewenwaldschule\/#\/schema\/logo\/image\/"}}]}},"_links":{"self":[{"href":"https:\/\/lebenleben.de\/loewenwaldschule\/wp-json\/wp\/v2\/pages\/10","targetHints":{"allow":["GET"]}}],"collection":[{"href":"https:\/\/lebenleben.de\/loewenwaldschule\/wp-json\/wp\/v2\/pages"}],"about":[{"href":"https:\/\/lebenleben.de\/loewenwaldschule\/wp-json\/wp\/v2\/types\/page"}],"author":[{"embeddable":true,"href":"https:\/\/lebenleben.de\/loewenwaldschule\/wp-json\/wp\/v2\/users\/1"}],"replies":[{"embeddable":true,"href":"https:\/\/lebenleben.de\/loewenwaldschule\/wp-json\/wp\/v2\/comments?post=10"}],"version-history":[{"count":9,"href":"https:\/\/lebenleben.de\/loewenwaldschule\/wp-json\/wp\/v2\/pages\/10\/revisions"}],"predecessor-version":[{"id":14648,"href":"https:\/\/lebenleben.de\/loewenwaldschule\/wp-json\/wp\/v2\/pages\/10\/revisions\/14648"}],"wp:attachment":[{"href":"https:\/\/lebenleben.de\/loewenwaldschule\/wp-json\/wp\/v2\/media?parent=10"}],"curies":[{"name":"wp","href":"https:\/\/api.w.org\/{rel}","templated":true}]}}