{"id":200,"date":"2021-04-12T16:21:26","date_gmt":"2021-04-12T14:21:26","guid":{"rendered":"https:\/\/lebenleben.de\/loewenwaldschule\/?page_id=200"},"modified":"2025-05-07T12:51:14","modified_gmt":"2025-05-07T10:51:14","slug":"ihre-fragen","status":"publish","type":"page","link":"https:\/\/lebenleben.de\/loewenwaldschule\/ihre-fragen\/","title":{"rendered":"H\u00e4ufige Fragen"},"content":{"rendered":"\n<div id=\"llimageslider-block_985d9d9952bbf16a9aa992ed8596c2b8\" class=\"block-llimageslider llimageslider alignwide\">\n\n    \n\t\t<div class=\"llimageslider-slider\" data-slick='{\"autoplaySpeed\": 5000}'>\n\t\t\t\t\t\t\t<div class=\"single-slide-wrapper slide-1\">\n\t\t\t\t\t<img loading=\"lazy\" decoding=\"async\" width=\"1400\" height=\"440\" src=\"https:\/\/lebenleben.de\/loewenwaldschule\/wp-content\/uploads\/sites\/10\/2024\/05\/Header_Loewenwaldschule-3.jpg\" class=\"single-slide-image slider-desktop-image\" alt=\"\" srcset=\"https:\/\/lebenleben.de\/loewenwaldschule\/wp-content\/uploads\/sites\/10\/2024\/05\/Header_Loewenwaldschule-3.jpg 1400w, https:\/\/lebenleben.de\/loewenwaldschule\/wp-content\/uploads\/sites\/10\/2024\/05\/Header_Loewenwaldschule-3-300x94.jpg 300w, https:\/\/lebenleben.de\/loewenwaldschule\/wp-content\/uploads\/sites\/10\/2024\/05\/Header_Loewenwaldschule-3-1024x322.jpg 1024w, https:\/\/lebenleben.de\/loewenwaldschule\/wp-content\/uploads\/sites\/10\/2024\/05\/Header_Loewenwaldschule-3-768x241.jpg 768w\" sizes=\"auto, (max-width: 1400px) 100vw, 1400px\" \/>          <img loading=\"lazy\" decoding=\"async\" width=\"1000\" height=\"314\" src=\"https:\/\/lebenleben.de\/loewenwaldschule\/wp-content\/uploads\/sites\/10\/2024\/05\/Header_Loewenwaldschule-3-1024x322.jpg\" class=\"single-slide-image slider-mobile-image\" alt=\"\" srcset=\"https:\/\/lebenleben.de\/loewenwaldschule\/wp-content\/uploads\/sites\/10\/2024\/05\/Header_Loewenwaldschule-3-1024x322.jpg 1024w, https:\/\/lebenleben.de\/loewenwaldschule\/wp-content\/uploads\/sites\/10\/2024\/05\/Header_Loewenwaldschule-3-300x94.jpg 300w, https:\/\/lebenleben.de\/loewenwaldschule\/wp-content\/uploads\/sites\/10\/2024\/05\/Header_Loewenwaldschule-3-768x241.jpg 768w, https:\/\/lebenleben.de\/loewenwaldschule\/wp-content\/uploads\/sites\/10\/2024\/05\/Header_Loewenwaldschule-3.jpg 1400w\" sizes=\"auto, (max-width: 1000px) 100vw, 1000px\" \/>\n                    <div class=\"single-slide-text\">\n          <h2>Loewenwaldschule Uelzen<\/h2><h3>H\u00e4ufige Fragen<\/h3>                  <\/div>\n        \n\t\t\t\t<\/div>\n\t\t\t\t\t<\/div>\n\t  <script>\n    jQuery(document).ready(function() {\n        jQuery('.llimageslider-slider').slick({\n          dots: true,\n          infinite: true,\n          speed: 1000,\n          autoplay: true,\n          adaptiveHeight: true,\n          slidesToShow: 1,\n          fade: true,\n          focusOnSelect: true\n        });\n    });\n    <\/script>\n<\/div>\n\n\n\n<div style=\"height:25px\" aria-hidden=\"true\" class=\"wp-block-spacer\"><\/div>\n\n\n\n<div id=\"llaccordion-block_781118fa7521974716b8c854e4fb00a3\" class=\"block-llaccordion llaccordion\">\n\n<ul class=\"accordion\">      \n        <li class=\"accordion-item\">\n          <div class=\"title-area\">\n            <h3 class=\"contactlist-title\">Was sind die Voraussetzungen f\u00fcr einen Schulplatz an der Loewenwaldschule?<\/h3>\n          <\/div>\n          <div class=\"content-area\">\n            <div class=\"content-wrapper\">\n              <p>F\u00fcr die Aufnahme an der Loewenwaldschule bedarf es der Feststellung eines sonderp\u00e4dagogischen F\u00f6rderbedarfs mit dem F\u00f6rderschwerpunkt im Bereich der geistigen Entwicklung durch die Landesschulbeh\u00f6rde, sowie eines Kostenanerkenntnis des Landessozialamtes.<\/p>\n            <\/div>\n          <\/div>\n        <\/li>\n\n\n          \n        <li class=\"accordion-item\">\n          <div class=\"title-area\">\n            <h3 class=\"contactlist-title\">Wie wird mein Kind in die Schule bef\u00f6rdert?<\/h3>\n          <\/div>\n          <div class=\"content-area\">\n            <div class=\"content-wrapper\">\n              <p>Die Loewenwaldschule arbeitet seit vielen Jahren mit einem ortsans\u00e4ssigen Dienstleistungsunternehmen der Personenbef\u00f6rderung zusammen. Dieses bietet die M\u00f6glichkeit auch Rollst\u00fchle zu bef\u00f6rdern. Ihr Kind wird direkt vor der Haust\u00fcr abgeholt oder an einem vorher besprochenen Treffpunkt nahe ihres Wohnortes. Der Bustransport versteht sich als Linienverkehr. Das bedeutet, falls Kinder, nach einer kurzen Wartezeit, nicht zu der vereinbarten Zeit und oder Ort angetroffen werden, der Fahrer seine Route weiterf\u00e4hrt.<\/p>\n<p>Spezielle R\u00fcckhaltesysteme oder Kindersitze stehen bei Bedarf zur Verf\u00fcgung. Die Fahrer sind dem Umgang mit beeintr\u00e4chtigten und oder verhaltensauff\u00e4lligen Kindern und Jugendlichen sensibilisiert und k\u00f6nnen nach bestem Wissen und Gewissen in herausfordernden Situationen handeln. Bei l\u00e4ngerfristigen Verhaltensauff\u00e4lligkeiten, kann eine Bef\u00f6rderung jedoch, um die Unversehrtheit aller Insassen nicht zu gef\u00e4hrden, abgelehnt werden.<\/p>\n            <\/div>\n          <\/div>\n        <\/li>\n\n\n          \n        <li class=\"accordion-item\">\n          <div class=\"title-area\">\n            <h3 class=\"contactlist-title\">Ist es m\u00f6glich, Hilfsmittel meines Kindes auch in der Schule zu nutzen?<\/h3>\n          <\/div>\n          <div class=\"content-area\">\n            <div class=\"content-wrapper\">\n              <p>Ja. Die Loewenwaldschule bietet innerhalb der Betreuungszeit die Nutzung privater Hilfsmittel an. Die Fachkr\u00e4fte vor Ort unterst\u00fctzen ihr Kind im Umgang mit den verschiedensten Hilfsmitteln. Hierzu geh\u00f6ren beispielsweise: Walker, Talker, Stehst\u00e4nder, Therapiefahrr\u00e4der, Orthesen, H\u00f6rger\u00e4te etc.<\/p>\n<p>Die Mitarbeiter der Loewenwaldschule k\u00f6nnen hierbei aus einer gro\u00dfen Erfahrung im Umgang mit Hilfsmitteln sch\u00f6pfen. Es bedarf allerdings immer einer kurzen Einweisung durch die Eltern oder Therapeuten, um eine unsachgem\u00e4\u00dfe Benutzung oder Besch\u00e4digungen der Hilfsmittel zu vermeiden.<\/p>\n<p>Falls Sie spezifischere Fragen zu dem Transport oder der Nutzung vor Ort haben, rufen Sie uns gerne innerhalb der \u00d6ffnungszeiten der Loewenwaldschule an. Den Kontakt entnehmen Sie bitte dieser Internetseite.<\/p>\n            <\/div>\n          <\/div>\n        <\/li>\n\n\n          \n        <li class=\"accordion-item\">\n          <div class=\"title-area\">\n            <h3 class=\"contactlist-title\">Wie viele Sch\u00fcler\/innen sind in einer Klasse?<\/h3>\n          <\/div>\n          <div class=\"content-area\">\n            <div class=\"content-wrapper\">\n              <p>Um allen Sch\u00fclerinnen und Sch\u00fclern mit erh\u00f6htem Betreuungsbedarf gerecht werden zu k\u00f6nnen, ist die Klassengr\u00f6\u00dfe, in der Regel auf maximal 8 Sch\u00fcler\/innen begrenzt.<\/p>\n<p>Dies gibt den p\u00e4dagogischen Fachkr\u00e4ften die M\u00f6glichkeit ad\u00e4quat auf alle vorhergesehenen und unvorhergesehenen Situationen zu reagieren.<\/p>\n<p>Grunds\u00e4tzlich gibt es keine geschlechterspezifischen Klassen.<\/p>\n            <\/div>\n          <\/div>\n        <\/li>\n\n\n          \n        <li class=\"accordion-item\">\n          <div class=\"title-area\">\n            <h3 class=\"contactlist-title\">Bekommt mein Kind in der Loewenwaldschule Mittagessen?<\/h3>\n          <\/div>\n          <div class=\"content-area\">\n            <div class=\"content-wrapper\">\n              <p>Die Loewenwaldschule bietet ein abwechslungsreiches, gesundes Mittagessen f\u00fcr alle Sch\u00fclerinnen und Sch\u00fcler an. Dabei werden auch Allergien, Unvertr\u00e4glichkeiten und religi\u00f6se Hintergr\u00fcnde ber\u00fccksichtigt.<\/p>\n<p>Auch die Darreichungsform kann angepasst werden, sodass auch Sch\u00fcler\/innen die Schwierigkeiten mit der Aufnahme fester Nahrung haben, individuell versorgt werden k\u00f6nnen.<\/p>\n<p>Das Mittagessen wird zusammen, im Klassenverband, im Klassenraum eingenommen.<\/p>\n<p>Ab der Sekundartstufe 1 bereiten die Sch\u00fcler\/innen, einmal w\u00f6chentlich ihr Mittagessen im Hauswirtschaftsunterricht, mit Unterst\u00fctzung, selbst zu und nehmen es gemeinsam im Klassenverband ein. Hierf\u00fcr steht ihnen eine unserer voll ausgestatteten K\u00fcchen zur Verf\u00fcgung.<\/p>\n<p>Mit dem Erreichen der Vollj\u00e4hrigkeit, d\u00fcrfen die Sch\u00fcler eigenst\u00e4ndig entscheiden, ob sie das Mittagessen zum Selbstkostenbetrag einnehmen m\u00f6chten, oder sich eine Alternative von zu Hause mitbringen.<\/p>\n            <\/div>\n          <\/div>\n        <\/li>\n\n\n          \n        <li class=\"accordion-item\">\n          <div class=\"title-area\">\n            <h3 class=\"contactlist-title\">Ist es m\u00f6glich, Therapieangebote vor Ort zu nutzen?<\/h3>\n          <\/div>\n          <div class=\"content-area\">\n            <div class=\"content-wrapper\">\n              <p>Die Loewenwaldschule arbeitet eng mit dem angeschlossenen Therapiezentrum Uelzen gGmbH zusammen. Die Sch\u00fcler\/innen haben die M\u00f6glichkeit Therapieangebote im Bereich der: Ergotherapie oder Logop\u00e4die wahrzunehmen. Vorausgesetzt sind Rezepte oder Verordnungen f\u00fcr die jeweilige Therapiema\u00dfnahme.<\/p>\n<p>Bitte beachten Sie, dass die An- und Abmeldung und der Austausch \u00fcber Inhalte immer direkt zwischen Ihnen und dem Therapiezentrum erfolgt.<\/p>\n<p>Weitere Informationen finden Sie auf <a href=\"https:\/\/lebenleben.de\/tpz\" rel=\"noopener\" target=\"_blank\">lebenleben.de\/tpz<\/a>.<\/p>\n            <\/div>\n          <\/div>\n        <\/li>\n\n\n          \n        <li class=\"accordion-item\">\n          <div class=\"title-area\">\n            <h3 class=\"contactlist-title\">Wie sind die Ferienzeiten?<\/h3>\n          <\/div>\n          <div class=\"content-area\">\n            <div class=\"content-wrapper\">\n              <p>Die Ferienzeiten der Loewenwaldschule finden immer innerhalb der regul\u00e4ren nieders\u00e4chsischen Schulferien statt. Als Ma\u00dfnahme der Eingliederungshilfe sind in unserer Leistungsvereinbarung, insgesamt 30 Schlie\u00dftage vorgesehen.<\/p>\n<p>Nach pers\u00f6nlicher R\u00fccksprache ihrerseits mit der zust\u00e4ndigen Stufenleitung kann, im begr\u00fcndeten Ausnahmefall, auch eine Verl\u00e4ngerung erbeten werden.<\/p>\n<p>Die Ferienzeiten des aktuellen Schuljahres erhalten Sie zusammen mit ihren Anmeldeunterlagen.<\/p>\n            <\/div>\n          <\/div>\n        <\/li>\n\n\n          \n        <li class=\"accordion-item\">\n          <div class=\"title-area\">\n            <h3 class=\"contactlist-title\">Werden Medikamente von Fachkr\u00e4ften in der Loewenwaldschule ausgegeben?<\/h3>\n          <\/div>\n          <div class=\"content-area\">\n            <div class=\"content-wrapper\">\n              <p>Das p\u00e4dagogische Fachpersonal vergibt im Bedarfsfall notwendige Medikamente. Dies k\u00f6nnen Anfallsmedikamente oder \u00e4hnliches sein. Bitte beachten Sie, dass die von uns geleistete medizinische Versorgung nicht \u00fcber die Verabreichung notwendiger Medikamente hinausgeht. Bei weiterer notwendiger medizinischer Versorgung ist es m\u00f6glich, durch privat organisiertes begleitendes Pflegepersonal oder einen Pflegedienst, die Versorgung vor Ort sicherzustellen.<\/p>\n<p>Allerdings ben\u00f6tigen wir hierf\u00fcr eine Einverst\u00e4ndniserkl\u00e4rung von Ihnen und eine vom behandelnden Arzt unterschriebene Medikamentenverordnung. <\/p>\n            <\/div>\n          <\/div>\n        <\/li>\n\n\n          \n        <li class=\"accordion-item\">\n          <div class=\"title-area\">\n            <h3 class=\"contactlist-title\">Hat mein Kind nach Ende der Schulzeit einen Schulabschluss?<\/h3>\n          <\/div>\n          <div class=\"content-area\">\n            <div class=\"content-wrapper\">\n              <p>Das Konzept einer Tagesbildungsst\u00e4tte, wie der Loewenwaldschule, sieht eine strukturierte Begleitung der Sch\u00fcler aller Altersstufen vor. Diese hat zum Ziel, eine m\u00f6glichst selbstst\u00e4ndige Pers\u00f6nlichkeit hervorzubringen. Aus diesem Grund bietet die Loewenwaldschule, gerade in den letzten Schulbesuchsjahren, eine umfassende Vorbereitung auf das Berufsleben an. Hierzu geh\u00f6ren unter anderen auch Beratungsgespr\u00e4che mit Eltern oder Erziehern p\u00e4dagogischer Einrichtungen. Praktika auf dem regionalen, \u00f6ffentlichen Arbeitsmarkt sind ebenso m\u00f6glich, wie zwei Pflichtpraktika in der Werkstatt f\u00fcr Menschen mit Behinderungen bei Leben leben oder im Bereich Arbeit &#038; Produktion bei Leben leben. Dadurch ist es m\u00f6glich auch ohne einen erworbenen Schulabschluss, gut ins Berufsleben zu starten oder ggf. einen Schulabschluss an einer Abendschule nachzuholen. Au\u00dferdem findet innerhalb der regelm\u00e4\u00dfigen F\u00f6rderplanbesprechungen eine \u00dcberpr\u00fcfung auf die Eignung der weiteren Beschulung an einer Regelschule statt. So ist es auch unser Wunsch, Sch\u00fclern\/innen, die gro\u00dfe Fortschritte erzielt haben, einen Schulwechsel an eine Regelschule zu erm\u00f6glichen.<\/p>\n<p>Weitere Informationen \u00fcber das umfassende Arbeitsangebot entnehmen Sie bitte der Internetseite der Werkstatt f\u00fcr Menschen mit Behinderungen: <a href=\"https:\/\/lebenleben.de\/arbeit-produktion\" rel=\"noopener\" target=\"_blank\">lebenleben.de\/arbeit-produktion<\/a><\/p>\n            <\/div>\n          <\/div>\n        <\/li>\n\n\n          \n        <li class=\"accordion-item\">\n          <div class=\"title-area\">\n            <h3 class=\"contactlist-title\">Welche Schulf\u00e4cher werden an der Loewenwaldschule unterrichtet?<\/h3>\n          <\/div>\n          <div class=\"content-area\">\n            <div class=\"content-wrapper\">\n              <p>Der Lehrplan der Loewenwaldschule richtet sich nach dem \u201eKerncurriculum f\u00fcr den F\u00f6rderschwerpunkt geistige Entwicklung\u201c des Bundeslandes Niedersachsen.<\/p>\n<p>Dieser enth\u00e4lt mit vermindertem Anspruch, dieselben Unterrichtsf\u00e4cher einer Regelschule.<br \/>\nDas bedeutet neben Mathe und Deutsch werden auch F\u00e4cher wie Hauswirtschaft, Sport oder beispielsweise Erdkunde unterrichtet.<\/p>\n<p>Der Unterrichtsinhalt ist dabei individuell auf unser Klientel angepasst und hat immer einen starken lebenspraktischen Bezug.<\/p>\n            <\/div>\n          <\/div>\n        <\/li>\n\n\n          \n        <li class=\"accordion-item\">\n          <div class=\"title-area\">\n            <h3 class=\"contactlist-title\">Wird mein Kind auch \u00fcber den Klassenverband hinaus gef\u00f6rdert?<\/h3>\n          <\/div>\n          <div class=\"content-area\">\n            <div class=\"content-wrapper\">\n              <p>Die Loewenwaldschule bietet Fachunterrichte an, in denen Sch\u00fcler\/innen in homogenen Kleingruppen, \u00fcber den Unterrichtsinhalt des Klassenverbandes hinaus, speziell gef\u00f6rdert werden k\u00f6nnen. Diese Gruppen werden von p\u00e4dagogischen Fachkr\u00e4ften unterrichtet, die in ihrem Fachbereich eine anerkannte Ausbildung abgeschlossen haben.<\/p>\n<p>Zu den Fachunterrichten z\u00e4hlen: Werken, Unterst\u00fctzte Kommunikation, Deutsch, Mathe und der Musikunterricht.<\/p>\n<p>Diese Unterrichtf\u00e4cher werden im regul\u00e4ren Klassenverband unterrichtet. Die Fachunterrichte verstehen sich als ein zus\u00e4tzliches, \u00fcber den Unterrichtsinhalt hinausgehendes, Angebot. Allerdings werden sie auch in der regul\u00e4ren Betreuungszeit angeboten.<\/p>\n            <\/div>\n          <\/div>\n        <\/li>\n\n\n          \n        <li class=\"accordion-item\">\n          <div class=\"title-area\">\n            <h3 class=\"contactlist-title\">Darf mein Kind ein Handy mit in die Loewenwaldschule nehmen?<\/h3>\n          <\/div>\n          <div class=\"content-area\">\n            <div class=\"content-wrapper\">\n              <p>Aus datenschutzrechtlichen Gr\u00fcnden ist die Mitnahme eines Smartphones nicht gestattet. Auch die Nutzung anderer technischer Ger\u00e4te die f\u00fcr Foto-, Film- oder Tonaufnahmen genutzt werden k\u00f6nnten, ist bei uns grunds\u00e4tzlich nicht gew\u00fcnscht.<\/p>\n<p>Die Notwendigkeit der Mitnahme ist zu pr\u00fcfen und wird dann nach Absprache mit einer p\u00e4dagogischen Fachkraft im Bedarfsfall genehmigt. In Ausnahmef\u00e4llen und erst nach Absprache mit einer Lehrkraft, k\u00f6nnen diese Ger\u00e4te mitgebracht werden. Die Nutzung erfolgt dann ausschlie\u00dflich unter Aufsicht.<\/p>\n            <\/div>\n          <\/div>\n        <\/li>\n\n\n          \n        <li class=\"accordion-item\">\n          <div class=\"title-area\">\n            <h3 class=\"contactlist-title\">Bietet die Loewenwaldschule auch nach Ende der Schulzeit Angebote an?<\/h3>\n          <\/div>\n          <div class=\"content-area\">\n            <div class=\"content-wrapper\">\n              <p>Die Sch\u00fcler\/innen haben nach Ende der Schulzeit, am Nachmittag, die M\u00f6glichkeit am Fu\u00dfball Training der Bananenflankenliga teilzunehmen. Dieses findet auf dem Sportgel\u00e4nde des Post Sport Vereins Uelzen statt. Der Weg zum Trainingsgel\u00e4nde wird von p\u00e4dagogischen Fachkr\u00e4ften begleitet. F\u00fcr dieses Angebot ist, aus Gr\u00fcnden der Versicherung, eine Vereinsmitgliedschaft erforderlich.<\/p>\n<p>Alle weiteren Informationen erhalten Sie im Kontakt mit einem Mitarbeiter der Loewenwaldschule oder direkt beim Postsportverein Uelzen.<\/p>\n            <\/div>\n          <\/div>\n        <\/li>\n\n\n          \n        <li class=\"accordion-item\">\n          <div class=\"title-area\">\n            <h3 class=\"contactlist-title\">In welchem Zeitraum wird mein Kind t\u00e4glich in der Loewenwaldschule betreut?<\/h3>\n          <\/div>\n          <div class=\"content-area\">\n            <div class=\"content-wrapper\">\n              <p>Die Betreuungszeiten der Loewenwaldschule sind von Montag bis Donnerstag von 8:00 \u2013 15:00 Uhr. Und Freitag von 8:00 Uhr \u2013 13:30 Uhr.<\/p>\n<p>Abfahrts- und Ankunftszeiten an Ihrem Wohnort variieren je nach Fahrzeit der Touren. Sie haben allerdings selbstverst\u00e4ndlich auch die M\u00f6glichkeit ihr Kind selbst in die Schule zu bringen und oder abzuholen.<\/p>\n            <\/div>\n          <\/div>\n        <\/li>\n\n\n          \n        <li class=\"accordion-item\">\n          <div class=\"title-area\">\n            <h3 class=\"contactlist-title\">Darf mein Kind eigenst\u00e4ndig mit dem Fahrrad oder zu Fu\u00df zur Schule kommen?<\/h3>\n          <\/div>\n          <div class=\"content-area\">\n            <div class=\"content-wrapper\">\n              <p>Ja, wir m\u00f6chten Ihr Kind gerne in dem Streben nach einem selbstbestimmteren Leben und dem Erlernen von Selbstst\u00e4ndigkeit unterst\u00fctzen. <\/p>\n            <\/div>\n          <\/div>\n        <\/li>\n\n\n    <\/ul>\n<\/div>\n\n\n\n<div style=\"height:25px\" aria-hidden=\"true\" class=\"wp-block-spacer\"><\/div>\n","protected":false},"excerpt":{"rendered":"","protected":false},"author":1,"featured_media":0,"parent":0,"menu_order":95,"comment_status":"closed","ping_status":"closed","template":"page-templates\/page-fullscreen.php","meta":{"_acf_changed":false,"footnotes":""},"class_list":["post-200","page","type-page","status-publish","hentry"],"acf":[],"yoast_head":"<!-- This site is optimized with the Yoast SEO plugin v27.3 - https:\/\/yoast.com\/product\/yoast-seo-wordpress\/ -->\n<title>H\u00e4ufige Fragen - Leben leben Loewenwaldschule<\/title>\n<meta name=\"robots\" content=\"index, follow, max-snippet:-1, max-image-preview:large, max-video-preview:-1\" \/>\n<link rel=\"canonical\" href=\"https:\/\/lebenleben.de\/loewenwaldschule\/ihre-fragen\/\" \/>\n<meta property=\"og:locale\" content=\"de_DE\" \/>\n<meta property=\"og:type\" content=\"article\" \/>\n<meta property=\"og:title\" content=\"H\u00e4ufige Fragen - Leben leben Loewenwaldschule\" \/>\n<meta property=\"og:url\" content=\"https:\/\/lebenleben.de\/loewenwaldschule\/ihre-fragen\/\" \/>\n<meta property=\"og:site_name\" content=\"Leben leben Loewenwaldschule\" \/>\n<meta property=\"article:modified_time\" content=\"2025-05-07T10:51:14+00:00\" \/>\n<meta name=\"twitter:card\" content=\"summary_large_image\" \/>\n<meta name=\"twitter:label1\" content=\"Gesch\u00e4tzte Lesezeit\" \/>\n\t<meta name=\"twitter:data1\" content=\"8\u00a0Minuten\" \/>\n<script type=\"application\/ld+json\" class=\"yoast-schema-graph\">{\"@context\":\"https:\\\/\\\/schema.org\",\"@graph\":[{\"@type\":\"WebPage\",\"@id\":\"https:\\\/\\\/lebenleben.de\\\/loewenwaldschule\\\/ihre-fragen\\\/\",\"url\":\"https:\\\/\\\/lebenleben.de\\\/loewenwaldschule\\\/ihre-fragen\\\/\",\"name\":\"H\u00e4ufige Fragen - Leben leben Loewenwaldschule\",\"isPartOf\":{\"@id\":\"https:\\\/\\\/lebenleben.de\\\/loewenwaldschule\\\/#website\"},\"datePublished\":\"2021-04-12T14:21:26+00:00\",\"dateModified\":\"2025-05-07T10:51:14+00:00\",\"breadcrumb\":{\"@id\":\"https:\\\/\\\/lebenleben.de\\\/loewenwaldschule\\\/ihre-fragen\\\/#breadcrumb\"},\"inLanguage\":\"de\",\"potentialAction\":[{\"@type\":\"ReadAction\",\"target\":[\"https:\\\/\\\/lebenleben.de\\\/loewenwaldschule\\\/ihre-fragen\\\/\"]}]},{\"@type\":\"BreadcrumbList\",\"@id\":\"https:\\\/\\\/lebenleben.de\\\/loewenwaldschule\\\/ihre-fragen\\\/#breadcrumb\",\"itemListElement\":[{\"@type\":\"ListItem\",\"position\":1,\"name\":\"Startseite\",\"item\":\"https:\\\/\\\/lebenleben.de\\\/loewenwaldschule\\\/\"},{\"@type\":\"ListItem\",\"position\":2,\"name\":\"H\u00e4ufige Fragen\"}]},{\"@type\":\"WebSite\",\"@id\":\"https:\\\/\\\/lebenleben.de\\\/loewenwaldschule\\\/#website\",\"url\":\"https:\\\/\\\/lebenleben.de\\\/loewenwaldschule\\\/\",\"name\":\"Leben leben Loewenwaldschule\",\"description\":\"Eine weitere Leben Leben Netzwerk Website\",\"publisher\":{\"@id\":\"https:\\\/\\\/lebenleben.de\\\/loewenwaldschule\\\/#organization\"},\"potentialAction\":[{\"@type\":\"SearchAction\",\"target\":{\"@type\":\"EntryPoint\",\"urlTemplate\":\"https:\\\/\\\/lebenleben.de\\\/loewenwaldschule\\\/?s={search_term_string}\"},\"query-input\":{\"@type\":\"PropertyValueSpecification\",\"valueRequired\":true,\"valueName\":\"search_term_string\"}}],\"inLanguage\":\"de\"},{\"@type\":\"Organization\",\"@id\":\"https:\\\/\\\/lebenleben.de\\\/loewenwaldschule\\\/#organization\",\"name\":\"Leben leben Loewenwaldschule\",\"url\":\"https:\\\/\\\/lebenleben.de\\\/loewenwaldschule\\\/\",\"logo\":{\"@type\":\"ImageObject\",\"inLanguage\":\"de\",\"@id\":\"https:\\\/\\\/lebenleben.de\\\/loewenwaldschule\\\/#\\\/schema\\\/logo\\\/image\\\/\",\"url\":\"https:\\\/\\\/lebenleben.de\\\/loewenwaldschule\\\/wp-content\\\/uploads\\\/sites\\\/10\\\/2021\\\/01\\\/ll_favicon-green.png\",\"contentUrl\":\"https:\\\/\\\/lebenleben.de\\\/loewenwaldschule\\\/wp-content\\\/uploads\\\/sites\\\/10\\\/2021\\\/01\\\/ll_favicon-green.png\",\"width\":501,\"height\":501,\"caption\":\"Leben leben Loewenwaldschule\"},\"image\":{\"@id\":\"https:\\\/\\\/lebenleben.de\\\/loewenwaldschule\\\/#\\\/schema\\\/logo\\\/image\\\/\"}}]}<\/script>\n<!-- \/ Yoast SEO plugin. -->","yoast_head_json":{"title":"H\u00e4ufige Fragen - Leben leben Loewenwaldschule","robots":{"index":"index","follow":"follow","max-snippet":"max-snippet:-1","max-image-preview":"max-image-preview:large","max-video-preview":"max-video-preview:-1"},"canonical":"https:\/\/lebenleben.de\/loewenwaldschule\/ihre-fragen\/","og_locale":"de_DE","og_type":"article","og_title":"H\u00e4ufige Fragen - Leben leben Loewenwaldschule","og_url":"https:\/\/lebenleben.de\/loewenwaldschule\/ihre-fragen\/","og_site_name":"Leben leben Loewenwaldschule","article_modified_time":"2025-05-07T10:51:14+00:00","twitter_card":"summary_large_image","twitter_misc":{"Gesch\u00e4tzte Lesezeit":"8\u00a0Minuten"},"schema":{"@context":"https:\/\/schema.org","@graph":[{"@type":"WebPage","@id":"https:\/\/lebenleben.de\/loewenwaldschule\/ihre-fragen\/","url":"https:\/\/lebenleben.de\/loewenwaldschule\/ihre-fragen\/","name":"H\u00e4ufige Fragen - Leben leben Loewenwaldschule","isPartOf":{"@id":"https:\/\/lebenleben.de\/loewenwaldschule\/#website"},"datePublished":"2021-04-12T14:21:26+00:00","dateModified":"2025-05-07T10:51:14+00:00","breadcrumb":{"@id":"https:\/\/lebenleben.de\/loewenwaldschule\/ihre-fragen\/#breadcrumb"},"inLanguage":"de","potentialAction":[{"@type":"ReadAction","target":["https:\/\/lebenleben.de\/loewenwaldschule\/ihre-fragen\/"]}]},{"@type":"BreadcrumbList","@id":"https:\/\/lebenleben.de\/loewenwaldschule\/ihre-fragen\/#breadcrumb","itemListElement":[{"@type":"ListItem","position":1,"name":"Startseite","item":"https:\/\/lebenleben.de\/loewenwaldschule\/"},{"@type":"ListItem","position":2,"name":"H\u00e4ufige Fragen"}]},{"@type":"WebSite","@id":"https:\/\/lebenleben.de\/loewenwaldschule\/#website","url":"https:\/\/lebenleben.de\/loewenwaldschule\/","name":"Leben leben Loewenwaldschule","description":"Eine weitere Leben Leben Netzwerk Website","publisher":{"@id":"https:\/\/lebenleben.de\/loewenwaldschule\/#organization"},"potentialAction":[{"@type":"SearchAction","target":{"@type":"EntryPoint","urlTemplate":"https:\/\/lebenleben.de\/loewenwaldschule\/?s={search_term_string}"},"query-input":{"@type":"PropertyValueSpecification","valueRequired":true,"valueName":"search_term_string"}}],"inLanguage":"de"},{"@type":"Organization","@id":"https:\/\/lebenleben.de\/loewenwaldschule\/#organization","name":"Leben leben Loewenwaldschule","url":"https:\/\/lebenleben.de\/loewenwaldschule\/","logo":{"@type":"ImageObject","inLanguage":"de","@id":"https:\/\/lebenleben.de\/loewenwaldschule\/#\/schema\/logo\/image\/","url":"https:\/\/lebenleben.de\/loewenwaldschule\/wp-content\/uploads\/sites\/10\/2021\/01\/ll_favicon-green.png","contentUrl":"https:\/\/lebenleben.de\/loewenwaldschule\/wp-content\/uploads\/sites\/10\/2021\/01\/ll_favicon-green.png","width":501,"height":501,"caption":"Leben leben Loewenwaldschule"},"image":{"@id":"https:\/\/lebenleben.de\/loewenwaldschule\/#\/schema\/logo\/image\/"}}]}},"_links":{"self":[{"href":"https:\/\/lebenleben.de\/loewenwaldschule\/wp-json\/wp\/v2\/pages\/200","targetHints":{"allow":["GET"]}}],"collection":[{"href":"https:\/\/lebenleben.de\/loewenwaldschule\/wp-json\/wp\/v2\/pages"}],"about":[{"href":"https:\/\/lebenleben.de\/loewenwaldschule\/wp-json\/wp\/v2\/types\/page"}],"author":[{"embeddable":true,"href":"https:\/\/lebenleben.de\/loewenwaldschule\/wp-json\/wp\/v2\/users\/1"}],"replies":[{"embeddable":true,"href":"https:\/\/lebenleben.de\/loewenwaldschule\/wp-json\/wp\/v2\/comments?post=200"}],"version-history":[{"count":19,"href":"https:\/\/lebenleben.de\/loewenwaldschule\/wp-json\/wp\/v2\/pages\/200\/revisions"}],"predecessor-version":[{"id":14694,"href":"https:\/\/lebenleben.de\/loewenwaldschule\/wp-json\/wp\/v2\/pages\/200\/revisions\/14694"}],"wp:attachment":[{"href":"https:\/\/lebenleben.de\/loewenwaldschule\/wp-json\/wp\/v2\/media?parent=200"}],"curies":[{"name":"wp","href":"https:\/\/api.w.org\/{rel}","templated":true}]}}