{"id":1231,"date":"2023-03-31T18:14:53","date_gmt":"2023-03-31T16:14:53","guid":{"rendered":"https:\/\/lebenleben.de\/mvz\/?page_id=1231"},"modified":"2025-01-17T08:44:57","modified_gmt":"2025-01-17T07:44:57","slug":"isabell-paetzold","status":"publish","type":"page","link":"https:\/\/lebenleben.de\/mvz\/psychotherapie\/isabell-paetzold\/","title":{"rendered":"Dr. sc. hum. Isabell P\u00e4tzold"},"content":{"rendered":"\n<div class=\"wp-block-columns is-layout-flex wp-container-core-columns-is-layout-9d6595d7 wp-block-columns-is-layout-flex\">\n<div class=\"wp-block-column is-layout-flow wp-block-column-is-layout-flow\" style=\"flex-basis:66.66%\">\n<h1 class=\"wp-block-heading\">Dr. sc. hum. Isabell P\u00e4tzold<\/h1>\n\n\n\n<p><strong>Psychologische Psychotherapeutin<\/strong><\/p>\n\n\n\n<h2 class=\"wp-block-heading\">Beruf<\/h2>\n\n\n\n<p>Seit Januar 2023 psychotherapeutische T\u00e4tigkeit als Psychologische Psychotherapeutin im Fach\u00e4rztlichen MVZ Drei Linden (ehemals im MVZ am Hammersteinplatz)<\/p>\n\n\n\n<p>2019-2022 Aus\u00fcbung der ambulanten psychotherapeutischen T\u00e4tigkeit im Rahmen der Weiterbildung am Zentrum f\u00fcr Psychologische Psychotherapie Mannheim<\/p>\n\n\n\n<p>2018-2022 Arbeit als M.Sc. Psychologin und Doktorandin in Forschung und Patientenversorgung am Zentralinstitut f\u00fcr Seelische Gesundheit in Mannheim<\/p>\n\n\n\n<h2 class=\"wp-block-heading\">Ausbildung<\/h2>\n\n\n\n<p>2023 Promotion an der Ruprecht-Karls-Universit\u00e4t Heidelberg<\/p>\n\n\n\n<p>2022 Erteilung der Approbation als Psychologische Psychotherapeutin, Fachrichtung Verhaltenstherapie<\/p>\n\n\n\n<p>2022 Erteilung der Fachkunde Gruppenpsychotherapie<\/p>\n\n\n\n<p>2019 Zusatzqualifikation Kinder- und Jugendlichenpsychotherapie<\/p>\n\n\n\n<p>2018-2022 Ausbildung zur Psychologischen Psychotherapeutin&nbsp;am Zentrum f\u00fcr Psychologische Psychotherapie Mannheim<\/p>\n\n\n\n<p>2018 Master of Science in Klinischer und Kognitive Psychologie<\/p>\n\n\n\n<p>2016 Bachelor of Science in Psychologie<\/p>\n<\/div>\n\n\n\n<div class=\"wp-block-column is-layout-flow wp-block-column-is-layout-flow\" style=\"flex-basis:33.33%\"><\/div>\n<\/div>\n","protected":false},"excerpt":{"rendered":"<p>Dr. sc. hum. Isabell P\u00e4tzold Psychologische Psychotherapeutin Beruf Seit Januar 2023 psychotherapeutische T\u00e4tigkeit als Psychologische Psychotherapeutin im Fach\u00e4rztlichen MVZ Drei Linden (ehemals im MVZ am Hammersteinplatz) 2019-2022 Aus\u00fcbung der ambulanten psychotherapeutischen T\u00e4tigkeit im Rahmen der Weiterbildung am Zentrum f\u00fcr Psychologische Psychotherapie Mannheim 2018-2022 Arbeit als M.Sc. Psychologin und Doktorandin in Forschung und Patientenversorgung am Zentralinstitut [&hellip;]<\/p>\n","protected":false},"author":4,"featured_media":0,"parent":127,"menu_order":30,"comment_status":"closed","ping_status":"closed","template":"page-templates\/page-fullscreen.php","meta":{"_acf_changed":false,"footnotes":""},"class_list":["post-1231","page","type-page","status-publish","hentry"],"acf":[],"yoast_head":"<!-- This site is optimized with the Yoast SEO plugin v27.3 - https:\/\/yoast.com\/product\/yoast-seo-wordpress\/ -->\n<title>Dr. sc. hum. Isabell P\u00e4tzold - Leben leben MVZ<\/title>\n<meta name=\"description\" content=\"Dr. sc. hum. Isabell P\u00e4tzold ist als Psychologische Psychotherapeutin im MVZ Drei Linden in Uelzen t\u00e4tig.\" \/>\n<meta name=\"robots\" content=\"index, follow, max-snippet:-1, max-image-preview:large, max-video-preview:-1\" \/>\n<link rel=\"canonical\" href=\"https:\/\/lebenleben.de\/mvz\/psychotherapie\/isabell-paetzold\/\" \/>\n<meta property=\"og:locale\" content=\"de_DE\" \/>\n<meta property=\"og:type\" content=\"article\" \/>\n<meta property=\"og:title\" content=\"Dr. sc. hum. Isabell P\u00e4tzold - Leben leben MVZ\" \/>\n<meta property=\"og:description\" content=\"Dr. sc. hum. Isabell P\u00e4tzold ist als Psychologische Psychotherapeutin im MVZ Drei Linden in Uelzen t\u00e4tig.\" \/>\n<meta property=\"og:url\" content=\"https:\/\/lebenleben.de\/mvz\/psychotherapie\/isabell-paetzold\/\" \/>\n<meta property=\"og:site_name\" content=\"Leben leben MVZ\" \/>\n<meta property=\"article:modified_time\" content=\"2025-01-17T07:44:57+00:00\" \/>\n<meta name=\"twitter:card\" content=\"summary_large_image\" \/>\n<meta name=\"twitter:label1\" content=\"Gesch\u00e4tzte Lesezeit\" \/>\n\t<meta name=\"twitter:data1\" content=\"1\u00a0Minute\" \/>\n<script type=\"application\/ld+json\" class=\"yoast-schema-graph\">{\"@context\":\"https:\\\/\\\/schema.org\",\"@graph\":[{\"@type\":\"WebPage\",\"@id\":\"https:\\\/\\\/lebenleben.de\\\/mvz\\\/psychotherapie\\\/isabell-paetzold\\\/\",\"url\":\"https:\\\/\\\/lebenleben.de\\\/mvz\\\/psychotherapie\\\/isabell-paetzold\\\/\",\"name\":\"Dr. sc. hum. Isabell P\u00e4tzold - Leben leben MVZ\",\"isPartOf\":{\"@id\":\"https:\\\/\\\/lebenleben.de\\\/mvz\\\/#website\"},\"datePublished\":\"2023-03-31T16:14:53+00:00\",\"dateModified\":\"2025-01-17T07:44:57+00:00\",\"description\":\"Dr. sc. hum. Isabell P\u00e4tzold ist als Psychologische Psychotherapeutin im MVZ Drei Linden in Uelzen t\u00e4tig.\",\"breadcrumb\":{\"@id\":\"https:\\\/\\\/lebenleben.de\\\/mvz\\\/psychotherapie\\\/isabell-paetzold\\\/#breadcrumb\"},\"inLanguage\":\"de\",\"potentialAction\":[{\"@type\":\"ReadAction\",\"target\":[\"https:\\\/\\\/lebenleben.de\\\/mvz\\\/psychotherapie\\\/isabell-paetzold\\\/\"]}]},{\"@type\":\"BreadcrumbList\",\"@id\":\"https:\\\/\\\/lebenleben.de\\\/mvz\\\/psychotherapie\\\/isabell-paetzold\\\/#breadcrumb\",\"itemListElement\":[{\"@type\":\"ListItem\",\"position\":1,\"name\":\"Startseite\",\"item\":\"https:\\\/\\\/lebenleben.de\\\/mvz\\\/\"},{\"@type\":\"ListItem\",\"position\":2,\"name\":\"Psychotherapie\",\"item\":\"https:\\\/\\\/lebenleben.de\\\/mvz\\\/psychotherapie\\\/\"},{\"@type\":\"ListItem\",\"position\":3,\"name\":\"Dr. sc. hum. Isabell P\u00e4tzold\"}]},{\"@type\":\"WebSite\",\"@id\":\"https:\\\/\\\/lebenleben.de\\\/mvz\\\/#website\",\"url\":\"https:\\\/\\\/lebenleben.de\\\/mvz\\\/\",\"name\":\"Leben leben MVZ\",\"description\":\"Medizinisches Versorgungszentrum am Hammersteinplatz\",\"publisher\":{\"@id\":\"https:\\\/\\\/lebenleben.de\\\/mvz\\\/#organization\"},\"potentialAction\":[{\"@type\":\"SearchAction\",\"target\":{\"@type\":\"EntryPoint\",\"urlTemplate\":\"https:\\\/\\\/lebenleben.de\\\/mvz\\\/?s={search_term_string}\"},\"query-input\":{\"@type\":\"PropertyValueSpecification\",\"valueRequired\":true,\"valueName\":\"search_term_string\"}}],\"inLanguage\":\"de\"},{\"@type\":\"Organization\",\"@id\":\"https:\\\/\\\/lebenleben.de\\\/mvz\\\/#organization\",\"name\":\"Leben leben MVZ\",\"url\":\"https:\\\/\\\/lebenleben.de\\\/mvz\\\/\",\"logo\":{\"@type\":\"ImageObject\",\"inLanguage\":\"de\",\"@id\":\"https:\\\/\\\/lebenleben.de\\\/mvz\\\/#\\\/schema\\\/logo\\\/image\\\/\",\"url\":\"https:\\\/\\\/lebenleben.de\\\/mvz\\\/wp-content\\\/uploads\\\/sites\\\/3\\\/2021\\\/01\\\/ll_favicon-cyan.png\",\"contentUrl\":\"https:\\\/\\\/lebenleben.de\\\/mvz\\\/wp-content\\\/uploads\\\/sites\\\/3\\\/2021\\\/01\\\/ll_favicon-cyan.png\",\"width\":501,\"height\":501,\"caption\":\"Leben leben MVZ\"},\"image\":{\"@id\":\"https:\\\/\\\/lebenleben.de\\\/mvz\\\/#\\\/schema\\\/logo\\\/image\\\/\"}}]}<\/script>\n<!-- \/ Yoast SEO plugin. -->","yoast_head_json":{"title":"Dr. sc. hum. Isabell P\u00e4tzold - Leben leben MVZ","description":"Dr. sc. hum. Isabell P\u00e4tzold ist als Psychologische Psychotherapeutin im MVZ Drei Linden in Uelzen t\u00e4tig.","robots":{"index":"index","follow":"follow","max-snippet":"max-snippet:-1","max-image-preview":"max-image-preview:large","max-video-preview":"max-video-preview:-1"},"canonical":"https:\/\/lebenleben.de\/mvz\/psychotherapie\/isabell-paetzold\/","og_locale":"de_DE","og_type":"article","og_title":"Dr. sc. hum. Isabell P\u00e4tzold - Leben leben MVZ","og_description":"Dr. sc. hum. Isabell P\u00e4tzold ist als Psychologische Psychotherapeutin im MVZ Drei Linden in Uelzen t\u00e4tig.","og_url":"https:\/\/lebenleben.de\/mvz\/psychotherapie\/isabell-paetzold\/","og_site_name":"Leben leben MVZ","article_modified_time":"2025-01-17T07:44:57+00:00","twitter_card":"summary_large_image","twitter_misc":{"Gesch\u00e4tzte Lesezeit":"1\u00a0Minute"},"schema":{"@context":"https:\/\/schema.org","@graph":[{"@type":"WebPage","@id":"https:\/\/lebenleben.de\/mvz\/psychotherapie\/isabell-paetzold\/","url":"https:\/\/lebenleben.de\/mvz\/psychotherapie\/isabell-paetzold\/","name":"Dr. sc. hum. Isabell P\u00e4tzold - Leben leben MVZ","isPartOf":{"@id":"https:\/\/lebenleben.de\/mvz\/#website"},"datePublished":"2023-03-31T16:14:53+00:00","dateModified":"2025-01-17T07:44:57+00:00","description":"Dr. sc. hum. Isabell P\u00e4tzold ist als Psychologische Psychotherapeutin im MVZ Drei Linden in Uelzen t\u00e4tig.","breadcrumb":{"@id":"https:\/\/lebenleben.de\/mvz\/psychotherapie\/isabell-paetzold\/#breadcrumb"},"inLanguage":"de","potentialAction":[{"@type":"ReadAction","target":["https:\/\/lebenleben.de\/mvz\/psychotherapie\/isabell-paetzold\/"]}]},{"@type":"BreadcrumbList","@id":"https:\/\/lebenleben.de\/mvz\/psychotherapie\/isabell-paetzold\/#breadcrumb","itemListElement":[{"@type":"ListItem","position":1,"name":"Startseite","item":"https:\/\/lebenleben.de\/mvz\/"},{"@type":"ListItem","position":2,"name":"Psychotherapie","item":"https:\/\/lebenleben.de\/mvz\/psychotherapie\/"},{"@type":"ListItem","position":3,"name":"Dr. sc. hum. Isabell P\u00e4tzold"}]},{"@type":"WebSite","@id":"https:\/\/lebenleben.de\/mvz\/#website","url":"https:\/\/lebenleben.de\/mvz\/","name":"Leben leben MVZ","description":"Medizinisches Versorgungszentrum am Hammersteinplatz","publisher":{"@id":"https:\/\/lebenleben.de\/mvz\/#organization"},"potentialAction":[{"@type":"SearchAction","target":{"@type":"EntryPoint","urlTemplate":"https:\/\/lebenleben.de\/mvz\/?s={search_term_string}"},"query-input":{"@type":"PropertyValueSpecification","valueRequired":true,"valueName":"search_term_string"}}],"inLanguage":"de"},{"@type":"Organization","@id":"https:\/\/lebenleben.de\/mvz\/#organization","name":"Leben leben MVZ","url":"https:\/\/lebenleben.de\/mvz\/","logo":{"@type":"ImageObject","inLanguage":"de","@id":"https:\/\/lebenleben.de\/mvz\/#\/schema\/logo\/image\/","url":"https:\/\/lebenleben.de\/mvz\/wp-content\/uploads\/sites\/3\/2021\/01\/ll_favicon-cyan.png","contentUrl":"https:\/\/lebenleben.de\/mvz\/wp-content\/uploads\/sites\/3\/2021\/01\/ll_favicon-cyan.png","width":501,"height":501,"caption":"Leben leben MVZ"},"image":{"@id":"https:\/\/lebenleben.de\/mvz\/#\/schema\/logo\/image\/"}}]}},"_links":{"self":[{"href":"https:\/\/lebenleben.de\/mvz\/wp-json\/wp\/v2\/pages\/1231","targetHints":{"allow":["GET"]}}],"collection":[{"href":"https:\/\/lebenleben.de\/mvz\/wp-json\/wp\/v2\/pages"}],"about":[{"href":"https:\/\/lebenleben.de\/mvz\/wp-json\/wp\/v2\/types\/page"}],"author":[{"embeddable":true,"href":"https:\/\/lebenleben.de\/mvz\/wp-json\/wp\/v2\/users\/4"}],"replies":[{"embeddable":true,"href":"https:\/\/lebenleben.de\/mvz\/wp-json\/wp\/v2\/comments?post=1231"}],"version-history":[{"count":11,"href":"https:\/\/lebenleben.de\/mvz\/wp-json\/wp\/v2\/pages\/1231\/revisions"}],"predecessor-version":[{"id":2282,"href":"https:\/\/lebenleben.de\/mvz\/wp-json\/wp\/v2\/pages\/1231\/revisions\/2282"}],"up":[{"embeddable":true,"href":"https:\/\/lebenleben.de\/mvz\/wp-json\/wp\/v2\/pages\/127"}],"wp:attachment":[{"href":"https:\/\/lebenleben.de\/mvz\/wp-json\/wp\/v2\/media?parent=1231"}],"curies":[{"name":"wp","href":"https:\/\/api.w.org\/{rel}","templated":true}]}}

Dr. sc. hum. Isabell Pätzold

<div class="wp-block-columns is-layout-flex wp-container-core-columns-is-layout-9d6595d7 wp-block-columns-is-layout-flex">
<div class="wp-block-column is-layout-flow wp-block-column-is-layout-flow" style="flex-basis:66.66%">
<h1 class="wp-block-heading">Dr. sc. hum. Isabell Pätzold</h1>



<p><strong>Psychologische Psychotherapeutin</strong></p>



<h2 class="wp-block-heading">Beruf</h2>



<p>Seit Januar 2023 psychotherapeutische Tätigkeit als Psychologische Psychotherapeutin im Fachärztlichen MVZ Drei Linden (ehemals im MVZ am Hammersteinplatz)</p>



<p>2019-2022 Ausübung der ambulanten psychotherapeutischen Tätigkeit im Rahmen der Weiterbildung am Zentrum für Psychologische Psychotherapie Mannheim</p>



<p>2018-2022 Arbeit als M.Sc. Psychologin und Doktorandin in Forschung und Patientenversorgung am Zentralinstitut für Seelische Gesundheit in Mannheim</p>



<h2 class="wp-block-heading">Ausbildung</h2>



<p>2023 Promotion an der Ruprecht-Karls-Universität Heidelberg</p>



<p>2022 Erteilung der Approbation als Psychologische Psychotherapeutin, Fachrichtung Verhaltenstherapie</p>



<p>2022 Erteilung der Fachkunde Gruppenpsychotherapie</p>



<p>2019 Zusatzqualifikation Kinder- und Jugendlichenpsychotherapie</p>



<p>2018-2022 Ausbildung zur Psychologischen Psychotherapeutin&nbsp;am Zentrum für Psychologische Psychotherapie Mannheim</p>



<p>2018 Master of Science in Klinischer und Kognitive Psychologie</p>



<p>2016 Bachelor of Science in Psychologie</p>
</div>



<div class="wp-block-column is-layout-flow wp-block-column-is-layout-flow" style="flex-basis:33.33%"></div>
</div>

<p>Dr. sc. hum. Isabell Pätzold Psychologische Psychotherapeutin Beruf Seit Januar 2023 psychotherapeutische Tätigkeit als Psychologische Psychotherapeutin im Fachärztlichen MVZ Drei Linden (ehemals im MVZ am Hammersteinplatz) 2019-2022 Ausübung der ambulanten psychotherapeutischen Tätigkeit im Rahmen der Weiterbildung am Zentrum für Psychologische Psychotherapie Mannheim 2018-2022 Arbeit als M.Sc. Psychologin und Doktorandin in Forschung und Patientenversorgung am Zentralinstitut [&hellip;]</p>

<!-- This site is optimized with the Yoast SEO plugin v27.3 - https://yoast.com/product/yoast-seo-wordpress/ -->
<title>Dr. sc. hum. Isabell Pätzold - Leben leben MVZ</title>
<meta name="description" content="Dr. sc. hum. Isabell Pätzold ist als Psychologische Psychotherapeutin im MVZ Drei Linden in Uelzen tätig." />
<meta name="robots" content="index, follow, max-snippet:-1, max-image-preview:large, max-video-preview:-1" />
<link rel="canonical" href="https://lebenleben.de/mvz/psychotherapie/isabell-paetzold/" />
<meta property="og:locale" content="de_DE" />
<meta property="og:type" content="article" />
<meta property="og:title" content="Dr. sc. hum. Isabell Pätzold - Leben leben MVZ" />
<meta property="og:description" content="Dr. sc. hum. Isabell Pätzold ist als Psychologische Psychotherapeutin im MVZ Drei Linden in Uelzen tätig." />
<meta property="og:url" content="https://lebenleben.de/mvz/psychotherapie/isabell-paetzold/" />
<meta property="og:site_name" content="Leben leben MVZ" />
<meta property="article:modified_time" content="2025-01-17T07:44:57+00:00" />
<meta name="twitter:card" content="summary_large_image" />
<meta name="twitter:label1" content="Geschätzte Lesezeit" />
	<meta name="twitter:data1" content="1 Minute" />
<script type="application/ld+json" class="yoast-schema-graph">{"@context":"https:\/\/schema.org","@graph":[{"@type":"WebPage","@id":"https:\/\/lebenleben.de\/mvz\/psychotherapie\/isabell-paetzold\/","url":"https:\/\/lebenleben.de\/mvz\/psychotherapie\/isabell-paetzold\/","name":"Dr. sc. hum. Isabell Pätzold - Leben leben MVZ","isPartOf":{"@id":"https:\/\/lebenleben.de\/mvz\/#website"},"datePublished":"2023-03-31T16:14:53+00:00","dateModified":"2025-01-17T07:44:57+00:00","description":"Dr. sc. hum. Isabell Pätzold ist als Psychologische Psychotherapeutin im MVZ Drei Linden in Uelzen tätig.","breadcrumb":{"@id":"https:\/\/lebenleben.de\/mvz\/psychotherapie\/isabell-paetzold\/#breadcrumb"},"inLanguage":"de","potentialAction":[{"@type":"ReadAction","target":["https:\/\/lebenleben.de\/mvz\/psychotherapie\/isabell-paetzold\/"]}]},{"@type":"BreadcrumbList","@id":"https:\/\/lebenleben.de\/mvz\/psychotherapie\/isabell-paetzold\/#breadcrumb","itemListElement":[{"@type":"ListItem","position":1,"name":"Startseite","item":"https:\/\/lebenleben.de\/mvz\/"},{"@type":"ListItem","position":2,"name":"Psychotherapie","item":"https:\/\/lebenleben.de\/mvz\/psychotherapie\/"},{"@type":"ListItem","position":3,"name":"Dr. sc. hum. Isabell Pätzold"}]},{"@type":"WebSite","@id":"https:\/\/lebenleben.de\/mvz\/#website","url":"https:\/\/lebenleben.de\/mvz\/","name":"Leben leben MVZ","description":"Medizinisches Versorgungszentrum am Hammersteinplatz","publisher":{"@id":"https:\/\/lebenleben.de\/mvz\/#organization"},"potentialAction":[{"@type":"SearchAction","target":{"@type":"EntryPoint","urlTemplate":"https:\/\/lebenleben.de\/mvz\/?s={search_term_string}"},"query-input":{"@type":"PropertyValueSpecification","valueRequired":true,"valueName":"search_term_string"}}],"inLanguage":"de"},{"@type":"Organization","@id":"https:\/\/lebenleben.de\/mvz\/#organization","name":"Leben leben MVZ","url":"https:\/\/lebenleben.de\/mvz\/","logo":{"@type":"ImageObject","inLanguage":"de","@id":"https:\/\/lebenleben.de\/mvz\/#\/schema\/logo\/image\/","url":"https:\/\/lebenleben.de\/mvz\/wp-content\/uploads\/sites\/3\/2021\/01\/ll_favicon-cyan.png","contentUrl":"https:\/\/lebenleben.de\/mvz\/wp-content\/uploads\/sites\/3\/2021\/01\/ll_favicon-cyan.png","width":501,"height":501,"caption":"Leben leben MVZ"},"image":{"@id":"https:\/\/lebenleben.de\/mvz\/#\/schema\/logo\/image\/"}}]}</script>
<!-- / Yoast SEO plugin. -->

Dr. sc. hum. Isabell Pätzold - Leben leben MVZ

Dr. sc. hum. Isabell Pätzold ist als Psychologische Psychotherapeutin im MVZ Drei Linden in Uelzen tätig.
