{"id":127,"date":"2021-01-22T10:10:47","date_gmt":"2021-01-22T09:10:47","guid":{"rendered":"https:\/\/lebenleben.de\/mvz\/?page_id=127"},"modified":"2026-04-14T13:14:44","modified_gmt":"2026-04-14T11:14:44","slug":"psychotherapie","status":"publish","type":"page","link":"https:\/\/lebenleben.de\/mvz\/psychotherapie\/","title":{"rendered":"Psychotherapie"},"content":{"rendered":"\n<div id=\"llimageslider-block_80450dc43f0626e36b3d8b730da8d617\" class=\"block-llimageslider llimageslider alignwide\">\n\n    \n\t\t<div class=\"llimageslider-slider\" data-slick='{\"autoplaySpeed\": 5000}'>\n\t\t\t\t\t\t\t<div class=\"single-slide-wrapper slide-1\">\n\t\t\t\t\t<img loading=\"lazy\" decoding=\"async\" width=\"1400\" height=\"560\" src=\"https:\/\/lebenleben.de\/mvz\/wp-content\/uploads\/sites\/3\/2024\/05\/Header_Psychotherapie-1400x560.png\" class=\"single-slide-image slider-desktop-image\" alt=\"\" srcset=\"https:\/\/lebenleben.de\/mvz\/wp-content\/uploads\/sites\/3\/2024\/05\/Header_Psychotherapie-1400x560.png 1400w, https:\/\/lebenleben.de\/mvz\/wp-content\/uploads\/sites\/3\/2024\/05\/Header_Psychotherapie-300x120.png 300w, https:\/\/lebenleben.de\/mvz\/wp-content\/uploads\/sites\/3\/2024\/05\/Header_Psychotherapie-1024x410.png 1024w, https:\/\/lebenleben.de\/mvz\/wp-content\/uploads\/sites\/3\/2024\/05\/Header_Psychotherapie-768x307.png 768w, https:\/\/lebenleben.de\/mvz\/wp-content\/uploads\/sites\/3\/2024\/05\/Header_Psychotherapie-1536x614.png 1536w, https:\/\/lebenleben.de\/mvz\/wp-content\/uploads\/sites\/3\/2024\/05\/Header_Psychotherapie.png 1800w\" sizes=\"auto, (max-width: 1400px) 100vw, 1400px\" \/>          <img loading=\"lazy\" decoding=\"async\" width=\"1000\" height=\"400\" src=\"https:\/\/lebenleben.de\/mvz\/wp-content\/uploads\/sites\/3\/2024\/05\/Header_Psychotherapie-1024x410.png\" class=\"single-slide-image slider-mobile-image\" alt=\"\" srcset=\"https:\/\/lebenleben.de\/mvz\/wp-content\/uploads\/sites\/3\/2024\/05\/Header_Psychotherapie-1024x410.png 1024w, https:\/\/lebenleben.de\/mvz\/wp-content\/uploads\/sites\/3\/2024\/05\/Header_Psychotherapie-300x120.png 300w, https:\/\/lebenleben.de\/mvz\/wp-content\/uploads\/sites\/3\/2024\/05\/Header_Psychotherapie-768x307.png 768w, https:\/\/lebenleben.de\/mvz\/wp-content\/uploads\/sites\/3\/2024\/05\/Header_Psychotherapie-1536x614.png 1536w, https:\/\/lebenleben.de\/mvz\/wp-content\/uploads\/sites\/3\/2024\/05\/Header_Psychotherapie-1400x560.png 1400w, https:\/\/lebenleben.de\/mvz\/wp-content\/uploads\/sites\/3\/2024\/05\/Header_Psychotherapie.png 1800w\" sizes=\"auto, (max-width: 1000px) 100vw, 1000px\" \/>\n                    <div class=\"single-slide-text\">\n          <h2>Psychotherapie<\/h2>                  <\/div>\n        \n\t\t\t\t<\/div>\n\t\t\t\t\t<\/div>\n\t  <script>\n    jQuery(document).ready(function() {\n        jQuery('.llimageslider-slider').slick({\n          dots: true,\n          infinite: true,\n          speed: 1000,\n          autoplay: true,\n          adaptiveHeight: true,\n          slidesToShow: 1,\n          fade: true,\n          focusOnSelect: true\n        });\n    });\n    <\/script>\n<\/div>\n\n\n\n<div style=\"height:10px\" aria-hidden=\"true\" class=\"wp-block-spacer\"><\/div>\n\n\n\n<h2 class=\"wp-block-heading\" id=\"praxis-fur-psychotherapie\">Unsere Praxis<\/h2>\n\n\n\n<p>Unsere Therapeut:innen, <a href=\"https:\/\/lebenleben.de\/mvz\/psychotherapie\/dipl-psych-dr-phil-julie-klinkhammer\/\">Dr. Julie Klinkhammer<\/a>, J\u00f6rn Dieterich und <a href=\"https:\/\/lebenleben.de\/mvz\/psychotherapie\/isabell-paetzold\/\">Dr. Isabell P\u00e4tzold<\/a> (derzeit keine Sprechzeiten), bieten im Fach\u00e4rztlichen MVZ Drei Linden verschiedene Therapiem\u00f6glichenkeiten f\u00fcr Erwachsene an. Anfragen gern per E-Mail an&nbsp;<a href=\";\" target=\"_blank\" rel=\"noreferrer noopener\"><strong>psychotherapie@lebenleben.de<\/strong><\/a>.<\/p>\n\n\n\n<div style=\"height:25px\" aria-hidden=\"true\" class=\"wp-block-spacer\"><\/div>\n\n\n\n<h3 class=\"wp-block-heading\" id=\"so-verlauft-die-therapie\">So verl\u00e4uft die Therapie<\/h3>\n\n\n\n<p>In einem unverbindlichen Erstgespr\u00e4ch lernen Sie unsere Therapeut:innen kennen. Darauf folgen bis zu 6 weitere Sitzungen zur Vorbereitung der Therapie. W\u00e4hrend dieser Zeit stellt die Praxis mit Ihrer Unterst\u00fctzung einen Antrag auf Psychotherapie bei der zust\u00e4ndigen Krankenkasse. Diese Therapie umfasst zwischen 12 und 60 Sitzungen, die in der Regel 50 Minuten dauern und meist ein einem w\u00f6chentlichen oder zweiw\u00f6chentlichen Rhythmus stattfinden. Die Kosten werden von allen Krankenkassen \u00fcbernommen.<\/p>\n\n\n\n<div style=\"height:35px\" aria-hidden=\"true\" class=\"wp-block-spacer\"><\/div>\n\n\n\n<h2 class=\"wp-block-heading\" id=\"sprechzeiten\">Unsere Sprechzeiten<\/h2>\n\n\n\n<div style=\"height:25px\" aria-hidden=\"true\" class=\"wp-block-spacer\"><\/div>\n\n\n\n<div class=\"wp-block-columns is-layout-flex wp-container-core-columns-is-layout-9d6595d7 wp-block-columns-is-layout-flex\">\n<div class=\"wp-block-column is-layout-flow wp-block-column-is-layout-flow\" style=\"flex-basis:50%\">\n<div id=\"llpersoncard-block_a713fa679fdc3c271816e9a1b35ed760\" class=\"block-llpersoncard llpersoncard\">\n\n<div class=\"contactcard-wrapper size-large\">            <div class=\"single-contactcard has-image\">\n\n          <div class=\"contact-image-wrapper\"><img loading=\"lazy\" decoding=\"async\" width=\"200\" height=\"240\" src=\"https:\/\/lebenleben.de\/mvz\/wp-content\/uploads\/sites\/3\/2021\/03\/MVZ_Jan_2019_Foto_JQuast_50-resized-200x240.jpg\" class=\"attachment-ll-contactblock-large size-ll-contactblock-large\" alt=\"\" srcset=\"https:\/\/lebenleben.de\/mvz\/wp-content\/uploads\/sites\/3\/2021\/03\/MVZ_Jan_2019_Foto_JQuast_50-resized-200x240.jpg 200w, https:\/\/lebenleben.de\/mvz\/wp-content\/uploads\/sites\/3\/2021\/03\/MVZ_Jan_2019_Foto_JQuast_50-resized-100x120.jpg 100w\" sizes=\"auto, (max-width: 200px) 100vw, 200px\" \/><\/div>\n        <div class=\"contact-text-wrapper\">\n          <h3 class=\"contact-name\">Dipl.-Psych. Dr. Julie Klinkhammer<\/h3>\n                      <div class=\"contact-title\">Angestellte Psychotherapeutin<\/div>\n          \n                                  <div class=\"contact-telephone\"><svg class=\"ll-icon icon-telephone\"  enable-background=\"new 0 0 64 64\" height=\"64px\" version=\"1.1\" viewBox=\"0 0 64 64\" width=\"64px\" xml:space=\"preserve\" xmlns=\"http:\/\/www.w3.org\/2000\/svg\" xmlns:xlink=\"http:\/\/www.w3.org\/1999\/xlink\"><g id=\"_x31_-Call\"\/><g id=\"_x32_-24_Hours_Call\"\/><g id=\"_x33_-Sending_Call\"\/><g id=\"_x34_-Incoming_Call\"\/><g id=\"_x35_-Talk_On_Phone\"\/><g id=\"_x36_-Block_Call\"\/><g id=\"_x37_-Hold_Call\"\/><g id=\"_x38_-Mute_Call\"\/><g id=\"_x39_-Phone_Book\"\/><g id=\"_x31_0-Add_Contact\"\/><g id=\"_x31_1-Delete_Contact\"\/><g id=\"_x31_2-Mail\"\/><g id=\"_x31_3-Message_Read\"\/><g id=\"_x31_4-Email\"\/><g id=\"_x31_5-Send_Mail\"\/><g id=\"_x31_6-Important_Mail\"\/><g id=\"_x31_7-Mail_Chain\"\/><g id=\"_x31_8-Messaging\"\/><g id=\"_x31_9-Sending\"\/><g id=\"_x32_0-Chat\"\/><g id=\"_x32_1-Mail_Attachment\"\/><g id=\"_x32_2-Mobile_Link\"\/><g id=\"_x32_3-Smartphone\"\/><g id=\"_x32_4-Social_Media\"\/><g id=\"_x32_5-Support\"\/><g id=\"_x32_6-Links\"\/><g id=\"_x32_7-Phone\"><path d=\"M52.1478348,42.6777344l-6.4785156-4.5263672c-0.847168-0.5908203-1.8374023-0.9023438-2.8642578-0.9023438   c-1.6328125,0-3.1655273,0.8007813-4.0991211,2.140625l-1.5039063,2.1552734   c-2.5205078-1.6904297-5.3330097-4.0507813-8.0141621-6.7314453c-2.6806641-2.6806641-5.0405273-5.4931641-6.7304688-8.0136719   l2.1542969-1.5039063c1.0981445-0.7646484,1.831543-1.9101563,2.0644531-3.2246094   c0.2324219-1.3134766-0.0605469-2.640625-0.8261719-3.7392578l-4.5253906-6.4785156   C20.3783016,10.5,18.8514462,9.6914063,17.2396297,9.6914063c-0.5585938,0-1.1064453,0.0986328-1.6279297,0.2910156   c-0.5922852,0.21875-1.144043,0.4873047-1.6850586,0.8271484l-0.8945313,0.6298828   c-0.2236328,0.1738281-0.4316406,0.3642578-0.6308594,0.5634766c-1.0913086,1.0908203-1.8657227,2.4716797-2.3027344,4.1044922   c-1.8647461,6.9902344,2.7548828,17.5605469,11.4951172,26.3007813   c7.3398438,7.3398438,16.1577168,11.8994141,23.0117207,11.9003906h0.0004883c1.1738281,0,2.2802734-0.1367188,3.2890625-0.40625   c1.6328125-0.4365234,3.0136719-1.2109375,4.1054688-2.3027344c0.1982422-0.1982422,0.3876953-0.40625,0.5908203-0.6689453   l0.6303711-0.8994141c0.3081055-0.4921875,0.5761719-1.0439453,0.7978516-1.640625   C54.7816238,46.3300781,54.0120926,43.9804688,52.1478348,42.6777344z\"\/><\/g><g id=\"_x32_8-Phone-2\"\/><g id=\"_x32_9-Map\"\/><g id=\"_x33_0-Location\"\/><g id=\"_x33_1-Write\"\/><g id=\"_x33_2-World\"\/><g id=\"_x33_3-Home\"\/><g id=\"_x33_4-Calendar\"\/><g id=\"_x33_5-Website\"\/><g id=\"_x33_6-Info\"\/><g id=\"_x33_7-Bull_Horn\"\/><g id=\"_x33_8-Profile\"\/><g id=\"_x33_9-Quote__x26__Answer\"\/><g id=\"_x34_0-Notification\"\/><g id=\"_x34_1-Share\"\/><g id=\"_x34_2-Time\"\/><\/svg>                            <a href=\"tel:0581948874215\">0581 948874-215 <\/a>\n            <\/div>\n          \n                      <div class=\"contact-email\"><svg class=\"ll-icon icon-mail-alt\" enable-background=\"new 0 0 24 24\" height=\"24px\" id=\"Layer_1\" version=\"1.1\" viewBox=\"0 0 24 24\" width=\"24px\" xml:space=\"preserve\" xmlns=\"http:\/\/www.w3.org\/2000\/svg\" xmlns:xlink=\"http:\/\/www.w3.org\/1999\/xlink\"><path clip-rule=\"evenodd\" d=\"M11.984,13C10.031,13-0.031,4.891-0.031,4.891V4c0-1.104,0.896-2,2.002-2h20.026  C23.104,2,24,2.896,24,4l-0.016,1C23.984,5,14.031,13,11.984,13z M11.984,15.75c2.141,0,12-7.75,12-7.75L24,20  c0,1.104-0.896,2-2.003,2H1.971c-1.105,0-2.002-0.896-2.002-2l0.016-12C-0.016,8,10.031,15.75,11.984,15.75z\" fill-rule=\"evenodd\"\/><\/svg><a href=\"mailto:psychotherapie@lebenleben.de\">psychotherapie@lebenleben.de<\/a><\/div>\n          \n        <\/div>\n      <\/div>\n    <\/div>\n<\/div>\n<\/div>\n\n\n\n<div class=\"wp-block-column is-layout-flow wp-block-column-is-layout-flow\" style=\"flex-basis:50%\">\n<div id=\"llopeninghours-block_7b9bed664169e6a3f137547e097514f9\" class=\"block-llopeninghours llopeninghours\">\n\n<table class=\"hours-table\">      <tr>\n      <td><span>Montag<\/span><\/td>\n\n            <td>9:00-13:00 Uhr<\/td>\n      \n      \n      \n      <\/tr>\n          <tr>\n      <td><span>Dienstag<\/span><\/td>\n\n            <td>9:00-13:00 Uhr<\/td>\n      \n      \n      \n      <\/tr>\n          <tr>\n      <td><span>Mittwoch<\/span><\/td>\n\n            <td>9:00-13:00 Uhr<\/td>\n      \n      \n      \n      <\/tr>\n          <tr>\n      <td><span>Donnerstag<\/span><\/td>\n\n            <td>9:00-13:00 Uhr<\/td>\n      \n      \n      \n      <\/tr>\n          <tr>\n      <td><span>Freitag<\/span><\/td>\n\n            <td>9:00-13:00 Uhr<\/td>\n      \n      \n      \n      <\/tr>\n    <\/table>\n<\/div>\n\n\n\n<p><strong>telefonische Sprechzeit<br><\/strong>Dienstag und Freitag, 11:00 &#8211; 11:50 Uhr<\/p>\n\n\n\n<div style=\"height:0px\" aria-hidden=\"true\" class=\"wp-block-spacer\"><\/div>\n<\/div>\n<\/div>\n\n\n\n<div style=\"height:35px\" aria-hidden=\"true\" class=\"wp-block-spacer\"><\/div>\n\n\n\n<div class=\"wp-block-columns is-layout-flex wp-container-core-columns-is-layout-9d6595d7 wp-block-columns-is-layout-flex\">\n<div class=\"wp-block-column is-layout-flow wp-block-column-is-layout-flow\" style=\"flex-basis:50%\">\n<div id=\"llpersoncard-block_0de461b6453a3125b9b16efef7903dbf\" class=\"block-llpersoncard llpersoncard\">\n\n<div class=\"contactcard-wrapper size-large\">            <div class=\"single-contactcard has-image\">\n\n          <div class=\"contact-image-wrapper\"><img loading=\"lazy\" decoding=\"async\" width=\"200\" height=\"240\" src=\"https:\/\/lebenleben.de\/mvz\/wp-content\/uploads\/sites\/3\/2021\/03\/JoernDieterich_FotoJQuast_06_resized-200x240.jpg\" class=\"attachment-ll-contactblock-large size-ll-contactblock-large\" alt=\"\" srcset=\"https:\/\/lebenleben.de\/mvz\/wp-content\/uploads\/sites\/3\/2021\/03\/JoernDieterich_FotoJQuast_06_resized-200x240.jpg 200w, https:\/\/lebenleben.de\/mvz\/wp-content\/uploads\/sites\/3\/2021\/03\/JoernDieterich_FotoJQuast_06_resized-100x120.jpg 100w\" sizes=\"auto, (max-width: 200px) 100vw, 200px\" \/><\/div>\n        <div class=\"contact-text-wrapper\">\n          <h3 class=\"contact-name\">Dipl.-Psych. J\u00f6rn Dieterich<\/h3>\n                      <div class=\"contact-title\">Psychologischer Psychotherapeut (VT)<\/div>\n          \n          \n                      <div class=\"contact-email\"><svg class=\"ll-icon icon-mail-alt\" enable-background=\"new 0 0 24 24\" height=\"24px\" id=\"Layer_1\" version=\"1.1\" viewBox=\"0 0 24 24\" width=\"24px\" xml:space=\"preserve\" xmlns=\"http:\/\/www.w3.org\/2000\/svg\" xmlns:xlink=\"http:\/\/www.w3.org\/1999\/xlink\"><path clip-rule=\"evenodd\" d=\"M11.984,13C10.031,13-0.031,4.891-0.031,4.891V4c0-1.104,0.896-2,2.002-2h20.026  C23.104,2,24,2.896,24,4l-0.016,1C23.984,5,14.031,13,11.984,13z M11.984,15.75c2.141,0,12-7.75,12-7.75L24,20  c0,1.104-0.896,2-2.003,2H1.971c-1.105,0-2.002-0.896-2.002-2l0.016-12C-0.016,8,10.031,15.75,11.984,15.75z\" fill-rule=\"evenodd\"\/><\/svg><a href=\"mailto:psychotherapie@lebenleben.de\">psychotherapie@lebenleben.de<\/a><\/div>\n          \n        <\/div>\n      <\/div>\n    <\/div>\n<\/div>\n<\/div>\n\n\n\n<div class=\"wp-block-column is-layout-flow wp-block-column-is-layout-flow\" style=\"flex-basis:50%\">\n<div id=\"llopeninghours-block_538d3fc1898da86fa319791a531578a5\" class=\"block-llopeninghours llopeninghours\">\n\n<table class=\"hours-table\">      <tr>\n      <td><span>Dienstag<\/span><\/td>\n\n            <td><\/td>\n      \n            <td>14:00-17:30 Uhr<\/td>\n      \n      \n      <\/tr>\n          <tr>\n      <td><span>Mittwoch<\/span><\/td>\n\n            <td>9.30-14.00 Uhr<\/td>\n      \n            <td><\/td>\n      \n      \n      <\/tr>\n          <tr>\n      <td><span>Donnerstag<\/span><\/td>\n\n            <td>9:00-15:00 Uhr<\/td>\n      \n            <td><\/td>\n      \n      \n      <\/tr>\n          <tr>\n      <td><span>Freitag<\/span><\/td>\n\n            <td>10:00-13:00 Uhr<\/td>\n      \n            <td><\/td>\n      \n      \n      <\/tr>\n    <\/table>\n<\/div>\n\n\n\n<div style=\"height:0px\" aria-hidden=\"true\" class=\"wp-block-spacer\"><\/div>\n<\/div>\n<\/div>\n\n\n\n<div style=\"height:50px\" aria-hidden=\"true\" class=\"wp-block-spacer\"><\/div>\n","protected":false},"excerpt":{"rendered":"<p>Unsere Psychotherapeut:innen finden Sie im Drei Linden, Dieterichsstra\u00dfe 1, Uelzen<\/p>\n","protected":false},"author":1,"featured_media":625,"parent":0,"menu_order":50,"comment_status":"closed","ping_status":"closed","template":"page-templates\/page-fullscreen.php","meta":{"_acf_changed":false,"footnotes":""},"class_list":["post-127","page","type-page","status-publish","has-post-thumbnail","hentry"],"acf":[],"yoast_head":"<!-- This site is optimized with the Yoast SEO plugin v27.3 - https:\/\/yoast.com\/product\/yoast-seo-wordpress\/ -->\n<title>Praxis f\u00fcr Psychotherapie im MVZ Drei Linden<\/title>\n<meta name=\"description\" content=\"Psychotherapie in Uelzen: psychiatrisch-psychotherapeutische Behandlung und Verhaltenstherapie im MVZ am Hammersteinplatz.\" \/>\n<meta name=\"robots\" content=\"index, follow, max-snippet:-1, max-image-preview:large, max-video-preview:-1\" \/>\n<link rel=\"canonical\" href=\"https:\/\/lebenleben.de\/mvz\/psychotherapie\/\" \/>\n<meta property=\"og:locale\" content=\"de_DE\" \/>\n<meta property=\"og:type\" content=\"article\" \/>\n<meta property=\"og:title\" content=\"Praxis f\u00fcr Psychotherapie im MVZ Drei Linden\" \/>\n<meta property=\"og:description\" content=\"Psychotherapie in Uelzen: psychiatrisch-psychotherapeutische Behandlung und Verhaltenstherapie im MVZ am Hammersteinplatz.\" \/>\n<meta property=\"og:url\" content=\"https:\/\/lebenleben.de\/mvz\/psychotherapie\/\" \/>\n<meta property=\"og:site_name\" content=\"Leben leben MVZ\" \/>\n<meta property=\"article:modified_time\" content=\"2026-04-14T11:14:44+00:00\" \/>\n<meta property=\"og:image\" content=\"https:\/\/lebenleben.de\/mvz\/wp-content\/uploads\/sites\/3\/2021\/07\/Stift.jpg\" \/>\n\t<meta property=\"og:image:width\" content=\"1800\" \/>\n\t<meta property=\"og:image:height\" content=\"1200\" \/>\n\t<meta property=\"og:image:type\" content=\"image\/jpeg\" \/>\n<meta name=\"twitter:card\" content=\"summary_large_image\" \/>\n<meta name=\"twitter:label1\" content=\"Gesch\u00e4tzte Lesezeit\" \/>\n\t<meta name=\"twitter:data1\" content=\"2\u00a0Minuten\" \/>\n<script type=\"application\/ld+json\" class=\"yoast-schema-graph\">{\"@context\":\"https:\\\/\\\/schema.org\",\"@graph\":[{\"@type\":\"WebPage\",\"@id\":\"https:\\\/\\\/lebenleben.de\\\/mvz\\\/psychotherapie\\\/\",\"url\":\"https:\\\/\\\/lebenleben.de\\\/mvz\\\/psychotherapie\\\/\",\"name\":\"Praxis f\u00fcr Psychotherapie im MVZ Drei Linden\",\"isPartOf\":{\"@id\":\"https:\\\/\\\/lebenleben.de\\\/mvz\\\/#website\"},\"primaryImageOfPage\":{\"@id\":\"https:\\\/\\\/lebenleben.de\\\/mvz\\\/psychotherapie\\\/#primaryimage\"},\"image\":{\"@id\":\"https:\\\/\\\/lebenleben.de\\\/mvz\\\/psychotherapie\\\/#primaryimage\"},\"thumbnailUrl\":\"https:\\\/\\\/lebenleben.de\\\/mvz\\\/wp-content\\\/uploads\\\/sites\\\/3\\\/2021\\\/07\\\/Stift.jpg\",\"datePublished\":\"2021-01-22T09:10:47+00:00\",\"dateModified\":\"2026-04-14T11:14:44+00:00\",\"description\":\"Psychotherapie in Uelzen: psychiatrisch-psychotherapeutische Behandlung und Verhaltenstherapie im MVZ am Hammersteinplatz.\",\"breadcrumb\":{\"@id\":\"https:\\\/\\\/lebenleben.de\\\/mvz\\\/psychotherapie\\\/#breadcrumb\"},\"inLanguage\":\"de\",\"potentialAction\":[{\"@type\":\"ReadAction\",\"target\":[\"https:\\\/\\\/lebenleben.de\\\/mvz\\\/psychotherapie\\\/\"]}]},{\"@type\":\"ImageObject\",\"inLanguage\":\"de\",\"@id\":\"https:\\\/\\\/lebenleben.de\\\/mvz\\\/psychotherapie\\\/#primaryimage\",\"url\":\"https:\\\/\\\/lebenleben.de\\\/mvz\\\/wp-content\\\/uploads\\\/sites\\\/3\\\/2021\\\/07\\\/Stift.jpg\",\"contentUrl\":\"https:\\\/\\\/lebenleben.de\\\/mvz\\\/wp-content\\\/uploads\\\/sites\\\/3\\\/2021\\\/07\\\/Stift.jpg\",\"width\":1800,\"height\":1200},{\"@type\":\"BreadcrumbList\",\"@id\":\"https:\\\/\\\/lebenleben.de\\\/mvz\\\/psychotherapie\\\/#breadcrumb\",\"itemListElement\":[{\"@type\":\"ListItem\",\"position\":1,\"name\":\"Startseite\",\"item\":\"https:\\\/\\\/lebenleben.de\\\/mvz\\\/\"},{\"@type\":\"ListItem\",\"position\":2,\"name\":\"Psychotherapie\"}]},{\"@type\":\"WebSite\",\"@id\":\"https:\\\/\\\/lebenleben.de\\\/mvz\\\/#website\",\"url\":\"https:\\\/\\\/lebenleben.de\\\/mvz\\\/\",\"name\":\"Leben leben MVZ\",\"description\":\"Medizinisches Versorgungszentrum am Hammersteinplatz\",\"publisher\":{\"@id\":\"https:\\\/\\\/lebenleben.de\\\/mvz\\\/#organization\"},\"potentialAction\":[{\"@type\":\"SearchAction\",\"target\":{\"@type\":\"EntryPoint\",\"urlTemplate\":\"https:\\\/\\\/lebenleben.de\\\/mvz\\\/?s={search_term_string}\"},\"query-input\":{\"@type\":\"PropertyValueSpecification\",\"valueRequired\":true,\"valueName\":\"search_term_string\"}}],\"inLanguage\":\"de\"},{\"@type\":\"Organization\",\"@id\":\"https:\\\/\\\/lebenleben.de\\\/mvz\\\/#organization\",\"name\":\"Leben leben MVZ\",\"url\":\"https:\\\/\\\/lebenleben.de\\\/mvz\\\/\",\"logo\":{\"@type\":\"ImageObject\",\"inLanguage\":\"de\",\"@id\":\"https:\\\/\\\/lebenleben.de\\\/mvz\\\/#\\\/schema\\\/logo\\\/image\\\/\",\"url\":\"https:\\\/\\\/lebenleben.de\\\/mvz\\\/wp-content\\\/uploads\\\/sites\\\/3\\\/2021\\\/01\\\/ll_favicon-cyan.png\",\"contentUrl\":\"https:\\\/\\\/lebenleben.de\\\/mvz\\\/wp-content\\\/uploads\\\/sites\\\/3\\\/2021\\\/01\\\/ll_favicon-cyan.png\",\"width\":501,\"height\":501,\"caption\":\"Leben leben MVZ\"},\"image\":{\"@id\":\"https:\\\/\\\/lebenleben.de\\\/mvz\\\/#\\\/schema\\\/logo\\\/image\\\/\"}}]}<\/script>\n<!-- \/ Yoast SEO plugin. -->","yoast_head_json":{"title":"Praxis f\u00fcr Psychotherapie im MVZ Drei Linden","description":"Psychotherapie in Uelzen: psychiatrisch-psychotherapeutische Behandlung und Verhaltenstherapie im MVZ am Hammersteinplatz.","robots":{"index":"index","follow":"follow","max-snippet":"max-snippet:-1","max-image-preview":"max-image-preview:large","max-video-preview":"max-video-preview:-1"},"canonical":"https:\/\/lebenleben.de\/mvz\/psychotherapie\/","og_locale":"de_DE","og_type":"article","og_title":"Praxis f\u00fcr Psychotherapie im MVZ Drei Linden","og_description":"Psychotherapie in Uelzen: psychiatrisch-psychotherapeutische Behandlung und Verhaltenstherapie im MVZ am Hammersteinplatz.","og_url":"https:\/\/lebenleben.de\/mvz\/psychotherapie\/","og_site_name":"Leben leben MVZ","article_modified_time":"2026-04-14T11:14:44+00:00","og_image":[{"width":1800,"height":1200,"url":"https:\/\/lebenleben.de\/mvz\/wp-content\/uploads\/sites\/3\/2021\/07\/Stift.jpg","type":"image\/jpeg"}],"twitter_card":"summary_large_image","twitter_misc":{"Gesch\u00e4tzte Lesezeit":"2\u00a0Minuten"},"schema":{"@context":"https:\/\/schema.org","@graph":[{"@type":"WebPage","@id":"https:\/\/lebenleben.de\/mvz\/psychotherapie\/","url":"https:\/\/lebenleben.de\/mvz\/psychotherapie\/","name":"Praxis f\u00fcr Psychotherapie im MVZ Drei Linden","isPartOf":{"@id":"https:\/\/lebenleben.de\/mvz\/#website"},"primaryImageOfPage":{"@id":"https:\/\/lebenleben.de\/mvz\/psychotherapie\/#primaryimage"},"image":{"@id":"https:\/\/lebenleben.de\/mvz\/psychotherapie\/#primaryimage"},"thumbnailUrl":"https:\/\/lebenleben.de\/mvz\/wp-content\/uploads\/sites\/3\/2021\/07\/Stift.jpg","datePublished":"2021-01-22T09:10:47+00:00","dateModified":"2026-04-14T11:14:44+00:00","description":"Psychotherapie in Uelzen: psychiatrisch-psychotherapeutische Behandlung und Verhaltenstherapie im MVZ am Hammersteinplatz.","breadcrumb":{"@id":"https:\/\/lebenleben.de\/mvz\/psychotherapie\/#breadcrumb"},"inLanguage":"de","potentialAction":[{"@type":"ReadAction","target":["https:\/\/lebenleben.de\/mvz\/psychotherapie\/"]}]},{"@type":"ImageObject","inLanguage":"de","@id":"https:\/\/lebenleben.de\/mvz\/psychotherapie\/#primaryimage","url":"https:\/\/lebenleben.de\/mvz\/wp-content\/uploads\/sites\/3\/2021\/07\/Stift.jpg","contentUrl":"https:\/\/lebenleben.de\/mvz\/wp-content\/uploads\/sites\/3\/2021\/07\/Stift.jpg","width":1800,"height":1200},{"@type":"BreadcrumbList","@id":"https:\/\/lebenleben.de\/mvz\/psychotherapie\/#breadcrumb","itemListElement":[{"@type":"ListItem","position":1,"name":"Startseite","item":"https:\/\/lebenleben.de\/mvz\/"},{"@type":"ListItem","position":2,"name":"Psychotherapie"}]},{"@type":"WebSite","@id":"https:\/\/lebenleben.de\/mvz\/#website","url":"https:\/\/lebenleben.de\/mvz\/","name":"Leben leben MVZ","description":"Medizinisches Versorgungszentrum am Hammersteinplatz","publisher":{"@id":"https:\/\/lebenleben.de\/mvz\/#organization"},"potentialAction":[{"@type":"SearchAction","target":{"@type":"EntryPoint","urlTemplate":"https:\/\/lebenleben.de\/mvz\/?s={search_term_string}"},"query-input":{"@type":"PropertyValueSpecification","valueRequired":true,"valueName":"search_term_string"}}],"inLanguage":"de"},{"@type":"Organization","@id":"https:\/\/lebenleben.de\/mvz\/#organization","name":"Leben leben MVZ","url":"https:\/\/lebenleben.de\/mvz\/","logo":{"@type":"ImageObject","inLanguage":"de","@id":"https:\/\/lebenleben.de\/mvz\/#\/schema\/logo\/image\/","url":"https:\/\/lebenleben.de\/mvz\/wp-content\/uploads\/sites\/3\/2021\/01\/ll_favicon-cyan.png","contentUrl":"https:\/\/lebenleben.de\/mvz\/wp-content\/uploads\/sites\/3\/2021\/01\/ll_favicon-cyan.png","width":501,"height":501,"caption":"Leben leben MVZ"},"image":{"@id":"https:\/\/lebenleben.de\/mvz\/#\/schema\/logo\/image\/"}}]}},"_links":{"self":[{"href":"https:\/\/lebenleben.de\/mvz\/wp-json\/wp\/v2\/pages\/127","targetHints":{"allow":["GET"]}}],"collection":[{"href":"https:\/\/lebenleben.de\/mvz\/wp-json\/wp\/v2\/pages"}],"about":[{"href":"https:\/\/lebenleben.de\/mvz\/wp-json\/wp\/v2\/types\/page"}],"author":[{"embeddable":true,"href":"https:\/\/lebenleben.de\/mvz\/wp-json\/wp\/v2\/users\/1"}],"replies":[{"embeddable":true,"href":"https:\/\/lebenleben.de\/mvz\/wp-json\/wp\/v2\/comments?post=127"}],"version-history":[{"count":192,"href":"https:\/\/lebenleben.de\/mvz\/wp-json\/wp\/v2\/pages\/127\/revisions"}],"predecessor-version":[{"id":2598,"href":"https:\/\/lebenleben.de\/mvz\/wp-json\/wp\/v2\/pages\/127\/revisions\/2598"}],"wp:featuredmedia":[{"embeddable":true,"href":"https:\/\/lebenleben.de\/mvz\/wp-json\/wp\/v2\/media\/625"}],"wp:attachment":[{"href":"https:\/\/lebenleben.de\/mvz\/wp-json\/wp\/v2\/media?parent=127"}],"curies":[{"name":"wp","href":"https:\/\/api.w.org\/{rel}","templated":true}]}}