{"id":139,"date":"2021-01-22T10:15:04","date_gmt":"2021-01-22T09:15:04","guid":{"rendered":"https:\/\/lebenleben.de\/mvz\/?page_id=139"},"modified":"2024-08-13T10:22:24","modified_gmt":"2024-08-13T08:22:24","slug":"psychologie","status":"publish","type":"page","link":"https:\/\/lebenleben.de\/mvz\/psychologie\/","title":{"rendered":"Psychologischer Dienst"},"content":{"rendered":"\n<div id=\"llimageslider-block_197f6e46a209f36d47d50196db6a756a\" class=\"block-llimageslider llimageslider alignwide\">\n\n    \n\t\t<div class=\"llimageslider-slider\" data-slick='{\"autoplaySpeed\": 5000}'>\n\t\t\t\t\t\t\t<div class=\"single-slide-wrapper slide-1\">\n\t\t\t\t\t<img loading=\"lazy\" decoding=\"async\" width=\"1400\" height=\"560\" src=\"https:\/\/lebenleben.de\/mvz\/wp-content\/uploads\/sites\/3\/2021\/04\/ll_header_slider_image_1400x560_0001_StiftungLeben_2203_9105.jpg\" class=\"single-slide-image slider-desktop-image\" alt=\"\" srcset=\"https:\/\/lebenleben.de\/mvz\/wp-content\/uploads\/sites\/3\/2021\/04\/ll_header_slider_image_1400x560_0001_StiftungLeben_2203_9105.jpg 1400w, https:\/\/lebenleben.de\/mvz\/wp-content\/uploads\/sites\/3\/2021\/04\/ll_header_slider_image_1400x560_0001_StiftungLeben_2203_9105-300x120.jpg 300w, https:\/\/lebenleben.de\/mvz\/wp-content\/uploads\/sites\/3\/2021\/04\/ll_header_slider_image_1400x560_0001_StiftungLeben_2203_9105-1024x410.jpg 1024w, https:\/\/lebenleben.de\/mvz\/wp-content\/uploads\/sites\/3\/2021\/04\/ll_header_slider_image_1400x560_0001_StiftungLeben_2203_9105-768x307.jpg 768w\" sizes=\"auto, (max-width: 1400px) 100vw, 1400px\" \/>          <img loading=\"lazy\" decoding=\"async\" width=\"1000\" height=\"400\" src=\"https:\/\/lebenleben.de\/mvz\/wp-content\/uploads\/sites\/3\/2021\/04\/ll_header_slider_image_1400x560_0001_StiftungLeben_2203_9105-1024x410.jpg\" class=\"single-slide-image slider-mobile-image\" alt=\"\" srcset=\"https:\/\/lebenleben.de\/mvz\/wp-content\/uploads\/sites\/3\/2021\/04\/ll_header_slider_image_1400x560_0001_StiftungLeben_2203_9105-1024x410.jpg 1024w, https:\/\/lebenleben.de\/mvz\/wp-content\/uploads\/sites\/3\/2021\/04\/ll_header_slider_image_1400x560_0001_StiftungLeben_2203_9105-300x120.jpg 300w, https:\/\/lebenleben.de\/mvz\/wp-content\/uploads\/sites\/3\/2021\/04\/ll_header_slider_image_1400x560_0001_StiftungLeben_2203_9105-768x307.jpg 768w, https:\/\/lebenleben.de\/mvz\/wp-content\/uploads\/sites\/3\/2021\/04\/ll_header_slider_image_1400x560_0001_StiftungLeben_2203_9105.jpg 1400w\" sizes=\"auto, (max-width: 1000px) 100vw, 1000px\" \/>\n                    <div class=\"single-slide-text\">\n          <h2>Psychologischer Dienst<\/h2>                  <\/div>\n        \n\t\t\t\t<\/div>\n\t\t\t\t\t<\/div>\n\t  <script>\n    jQuery(document).ready(function() {\n        jQuery('.llimageslider-slider').slick({\n          dots: true,\n          infinite: true,\n          speed: 1000,\n          autoplay: true,\n          adaptiveHeight: true,\n          slidesToShow: 1,\n          fade: true,\n          focusOnSelect: true\n        });\n    });\n    <\/script>\n<\/div>\n\n\n\n<p>Der Psychologische Dienst im MVZ am bietet spezielle Dienstleistungen f\u00fcr Einrichtungen der Behindertenhilfe wie psychologische Beratung Supervision oder Bildungsangebote. Au\u00dferdem erstellen unsere Diplom-Psycholog:innen <a href=\"https:\/\/lebenleben.de\/mvz\/psychologie\/dipl-psych-katja-witthoeft\/\">Katja Witth\u00f6ft<\/a>, <a href=\"https:\/\/lebenleben.de\/mvz\/psychologie\/dipl-psych-antje-wild\/\">Antje Wild<\/a> und <a href=\"https:\/\/lebenleben.de\/mvz\/psychologie\/dipl-psych-martha-hanel\/\">Dr. Martha H\u00e4nel<\/a> psychologische Einsch\u00e4tzungen und erheben Befunde zur Unterst\u00fctzung der p\u00e4dagogischen Arbeit. Dabei richtet sich ihr Blick neben der Intelligenzdiagnostik vor allem auf Menschen mit Unterst\u00fctzungsbedarf. Auch Supervision von Teams, Fallbesprechungen oder Fachgutachten geh\u00f6ren zu ihren Leistungen. Hier ein paar Beispiele:<\/p>\n\n\n\n<div style=\"height:35px\" aria-hidden=\"true\" class=\"wp-block-spacer\"><\/div>\n\n\n\n<h2 class=\"wp-block-heading\">Angebote f\u00fcr Erwachsene<\/h2>\n\n\n\n<div style=\"height:10px\" aria-hidden=\"true\" class=\"wp-block-spacer\"><\/div>\n\n\n\n<p>Basis der psychologischen Beratung und Versorgung von Menschen mit kognitiven Einschr\u00e4nkungen, geistiger Behinderung oder Lernschwierigkeiten ist die sogenannte entwicklungsfreundliche Beziehungsgestaltung, aus der sich typische Arbeitsfelder und Angebote ergeben:<\/p>\n\n\n\n<div style=\"height:10px\" aria-hidden=\"true\" class=\"wp-block-spacer\"><\/div>\n\n\n\n<ul class=\"wp-block-list\">\n<li>Diagnostik und Eingangsuntersuchungen mit extra entwickelten Verfahren, die den Entwicklungsstand eines geistig behinderten Menschen differenziert ermitteln und darstellen k\u00f6nnen<\/li>\n\n\n\n<li>Begutachtungen zu speziellen Fragestellungen<\/li>\n\n\n\n<li>Fallbezogene Fachberatung<\/li>\n\n\n\n<li>Psychologische Beratung von Menschen mit Behinderungen<\/li>\n\n\n\n<li>Supervision<\/li>\n\n\n\n<li>Aufsuchende T\u00e4tigkeit<\/li>\n\n\n\n<li>Gruppenangebote<\/li>\n\n\n\n<li>Fortbildungen und Inhouse-Schulungen<\/li>\n<\/ul>\n\n\n\n<div style=\"height:35px\" aria-hidden=\"true\" class=\"wp-block-spacer\"><\/div>\n\n\n\n<h2 class=\"wp-block-heading\">Angebote f\u00fcr Kinder und Jugendliche<\/h2>\n\n\n\n<div style=\"height:25px\" aria-hidden=\"true\" class=\"wp-block-spacer\"><\/div>\n\n\n\n<ul class=\"wp-block-list\">\n<li>Psychologische Erziehungsberatung<\/li>\n\n\n\n<li>Fachliche Begleitung von P\u00e4dagog:innen<\/li>\n\n\n\n<li>Krisenintervention<\/li>\n\n\n\n<li>Entwicklungs- und Intelligenzdiagnostik<\/li>\n\n\n\n<li>Schullaufbahnberatung<\/li>\n\n\n\n<li>Beratung zu Fragen bei Kindeswohlgef\u00e4hrdung als erfahrene Fachkraft nach \u00a7&nbsp;8a SGB&nbsp;VIII<\/li>\n\n\n\n<li>Fortbildungen und Supervision f\u00fcr Einrichtungen im psychosozialen Bereich<\/li>\n\n\n\n<li>Psychologische Fachberatung von Wohneinrichtungen f\u00fcr Erwachsene <\/li>\n\n\n\n<li>Entwicklungsdiagnostik<\/li>\n\n\n\n<li>Leistungs-\/Intelligenzdiagnostik<\/li>\n\n\n\n<li>Teilleistungsst\u00f6rungen (Legasthenie, Diskalkulie)<\/li>\n<\/ul>\n\n\n\n<p>Sollten Sie Interesse an einer individuellen Dienstleistung haben, <a href=\"https:\/\/lebenleben.de\/mvz\/kontakt\/\">wenden Sie sich gern an uns<\/a>. Wir beraten Sie, wie sich Ablauf und Finanzierung gestalten.<\/p>\n\n\n\n<div style=\"height:35px\" aria-hidden=\"true\" class=\"wp-block-spacer\"><\/div>\n\n\n\n<h2 class=\"wp-block-heading\">Kontakt<\/h2>\n\n\n\n<div style=\"height:10px\" aria-hidden=\"true\" class=\"wp-block-spacer\"><\/div>\n\n\n\n<p>E-Mail: <a href=\"mailto:mvz@lebenleben.de\">mvz@lebenleben.de<\/a><\/p>\n\n\n\n<div style=\"height:50px\" aria-hidden=\"true\" class=\"wp-block-spacer\"><\/div>\n","protected":false},"excerpt":{"rendered":"<p>Unser Psychologischer Dienst bietet z. B. spezielle Dienstleistungen f\u00fcr Einrichtungen der Behindertenhilfe<\/p>\n","protected":false},"author":1,"featured_media":480,"parent":0,"menu_order":60,"comment_status":"closed","ping_status":"closed","template":"page-templates\/page-fullscreen.php","meta":{"_acf_changed":false,"footnotes":""},"class_list":["post-139","page","type-page","status-publish","has-post-thumbnail","hentry"],"acf":[],"yoast_head":"<!-- This site is optimized with the Yoast SEO plugin v27.3 - https:\/\/yoast.com\/product\/yoast-seo-wordpress\/ -->\n<title>Psychologie-Beratung in Uelzen f\u00fcr Privatpersonen und Einrichtungen<\/title>\n<meta name=\"description\" content=\"Psychologie-Beratung in Uelzen: Wir beraten und unterst\u00fctzen Menschen mit kognitiven Einschr\u00e4nkungen und Einrichtungen der Behindertenhilfe.\" \/>\n<meta name=\"robots\" content=\"index, follow, max-snippet:-1, max-image-preview:large, max-video-preview:-1\" \/>\n<link rel=\"canonical\" href=\"https:\/\/lebenleben.de\/mvz\/psychologie\/\" \/>\n<meta property=\"og:locale\" content=\"de_DE\" \/>\n<meta property=\"og:type\" content=\"article\" \/>\n<meta property=\"og:title\" content=\"Psychologie-Beratung in Uelzen f\u00fcr Privatpersonen und Einrichtungen\" \/>\n<meta property=\"og:description\" content=\"Psychologie-Beratung in Uelzen: Wir beraten und unterst\u00fctzen Menschen mit kognitiven Einschr\u00e4nkungen und Einrichtungen der Behindertenhilfe.\" \/>\n<meta property=\"og:url\" content=\"https:\/\/lebenleben.de\/mvz\/psychologie\/\" \/>\n<meta property=\"og:site_name\" content=\"Leben leben MVZ\" \/>\n<meta property=\"article:modified_time\" content=\"2024-08-13T08:22:24+00:00\" \/>\n<meta property=\"og:image\" content=\"https:\/\/lebenleben.de\/mvz\/wp-content\/uploads\/sites\/3\/2021\/04\/ll_header_slider_image_1400x560_0001_StiftungLeben_2203_9105.jpg\" \/>\n\t<meta property=\"og:image:width\" content=\"1400\" \/>\n\t<meta property=\"og:image:height\" content=\"560\" \/>\n\t<meta property=\"og:image:type\" content=\"image\/jpeg\" \/>\n<meta name=\"twitter:card\" content=\"summary_large_image\" \/>\n<meta name=\"twitter:label1\" content=\"Gesch\u00e4tzte Lesezeit\" \/>\n\t<meta name=\"twitter:data1\" content=\"2\u00a0Minuten\" \/>\n<script type=\"application\/ld+json\" class=\"yoast-schema-graph\">{\"@context\":\"https:\\\/\\\/schema.org\",\"@graph\":[{\"@type\":\"WebPage\",\"@id\":\"https:\\\/\\\/lebenleben.de\\\/mvz\\\/psychologie\\\/\",\"url\":\"https:\\\/\\\/lebenleben.de\\\/mvz\\\/psychologie\\\/\",\"name\":\"Psychologie-Beratung in Uelzen f\u00fcr Privatpersonen und Einrichtungen\",\"isPartOf\":{\"@id\":\"https:\\\/\\\/lebenleben.de\\\/mvz\\\/#website\"},\"primaryImageOfPage\":{\"@id\":\"https:\\\/\\\/lebenleben.de\\\/mvz\\\/psychologie\\\/#primaryimage\"},\"image\":{\"@id\":\"https:\\\/\\\/lebenleben.de\\\/mvz\\\/psychologie\\\/#primaryimage\"},\"thumbnailUrl\":\"https:\\\/\\\/lebenleben.de\\\/mvz\\\/wp-content\\\/uploads\\\/sites\\\/3\\\/2021\\\/04\\\/ll_header_slider_image_1400x560_0001_StiftungLeben_2203_9105.jpg\",\"datePublished\":\"2021-01-22T09:15:04+00:00\",\"dateModified\":\"2024-08-13T08:22:24+00:00\",\"description\":\"Psychologie-Beratung in Uelzen: Wir beraten und unterst\u00fctzen Menschen mit kognitiven Einschr\u00e4nkungen und Einrichtungen der Behindertenhilfe.\",\"breadcrumb\":{\"@id\":\"https:\\\/\\\/lebenleben.de\\\/mvz\\\/psychologie\\\/#breadcrumb\"},\"inLanguage\":\"de\",\"potentialAction\":[{\"@type\":\"ReadAction\",\"target\":[\"https:\\\/\\\/lebenleben.de\\\/mvz\\\/psychologie\\\/\"]}]},{\"@type\":\"ImageObject\",\"inLanguage\":\"de\",\"@id\":\"https:\\\/\\\/lebenleben.de\\\/mvz\\\/psychologie\\\/#primaryimage\",\"url\":\"https:\\\/\\\/lebenleben.de\\\/mvz\\\/wp-content\\\/uploads\\\/sites\\\/3\\\/2021\\\/04\\\/ll_header_slider_image_1400x560_0001_StiftungLeben_2203_9105.jpg\",\"contentUrl\":\"https:\\\/\\\/lebenleben.de\\\/mvz\\\/wp-content\\\/uploads\\\/sites\\\/3\\\/2021\\\/04\\\/ll_header_slider_image_1400x560_0001_StiftungLeben_2203_9105.jpg\",\"width\":1400,\"height\":560},{\"@type\":\"BreadcrumbList\",\"@id\":\"https:\\\/\\\/lebenleben.de\\\/mvz\\\/psychologie\\\/#breadcrumb\",\"itemListElement\":[{\"@type\":\"ListItem\",\"position\":1,\"name\":\"Startseite\",\"item\":\"https:\\\/\\\/lebenleben.de\\\/mvz\\\/\"},{\"@type\":\"ListItem\",\"position\":2,\"name\":\"Psychologischer Dienst\"}]},{\"@type\":\"WebSite\",\"@id\":\"https:\\\/\\\/lebenleben.de\\\/mvz\\\/#website\",\"url\":\"https:\\\/\\\/lebenleben.de\\\/mvz\\\/\",\"name\":\"Leben leben MVZ\",\"description\":\"Medizinisches Versorgungszentrum am Hammersteinplatz\",\"publisher\":{\"@id\":\"https:\\\/\\\/lebenleben.de\\\/mvz\\\/#organization\"},\"potentialAction\":[{\"@type\":\"SearchAction\",\"target\":{\"@type\":\"EntryPoint\",\"urlTemplate\":\"https:\\\/\\\/lebenleben.de\\\/mvz\\\/?s={search_term_string}\"},\"query-input\":{\"@type\":\"PropertyValueSpecification\",\"valueRequired\":true,\"valueName\":\"search_term_string\"}}],\"inLanguage\":\"de\"},{\"@type\":\"Organization\",\"@id\":\"https:\\\/\\\/lebenleben.de\\\/mvz\\\/#organization\",\"name\":\"Leben leben MVZ\",\"url\":\"https:\\\/\\\/lebenleben.de\\\/mvz\\\/\",\"logo\":{\"@type\":\"ImageObject\",\"inLanguage\":\"de\",\"@id\":\"https:\\\/\\\/lebenleben.de\\\/mvz\\\/#\\\/schema\\\/logo\\\/image\\\/\",\"url\":\"https:\\\/\\\/lebenleben.de\\\/mvz\\\/wp-content\\\/uploads\\\/sites\\\/3\\\/2021\\\/01\\\/ll_favicon-cyan.png\",\"contentUrl\":\"https:\\\/\\\/lebenleben.de\\\/mvz\\\/wp-content\\\/uploads\\\/sites\\\/3\\\/2021\\\/01\\\/ll_favicon-cyan.png\",\"width\":501,\"height\":501,\"caption\":\"Leben leben MVZ\"},\"image\":{\"@id\":\"https:\\\/\\\/lebenleben.de\\\/mvz\\\/#\\\/schema\\\/logo\\\/image\\\/\"}}]}<\/script>\n<!-- \/ Yoast SEO plugin. -->","yoast_head_json":{"title":"Psychologie-Beratung in Uelzen f\u00fcr Privatpersonen und Einrichtungen","description":"Psychologie-Beratung in Uelzen: Wir beraten und unterst\u00fctzen Menschen mit kognitiven Einschr\u00e4nkungen und Einrichtungen der Behindertenhilfe.","robots":{"index":"index","follow":"follow","max-snippet":"max-snippet:-1","max-image-preview":"max-image-preview:large","max-video-preview":"max-video-preview:-1"},"canonical":"https:\/\/lebenleben.de\/mvz\/psychologie\/","og_locale":"de_DE","og_type":"article","og_title":"Psychologie-Beratung in Uelzen f\u00fcr Privatpersonen und Einrichtungen","og_description":"Psychologie-Beratung in Uelzen: Wir beraten und unterst\u00fctzen Menschen mit kognitiven Einschr\u00e4nkungen und Einrichtungen der Behindertenhilfe.","og_url":"https:\/\/lebenleben.de\/mvz\/psychologie\/","og_site_name":"Leben leben MVZ","article_modified_time":"2024-08-13T08:22:24+00:00","og_image":[{"width":1400,"height":560,"url":"https:\/\/lebenleben.de\/mvz\/wp-content\/uploads\/sites\/3\/2021\/04\/ll_header_slider_image_1400x560_0001_StiftungLeben_2203_9105.jpg","type":"image\/jpeg"}],"twitter_card":"summary_large_image","twitter_misc":{"Gesch\u00e4tzte Lesezeit":"2\u00a0Minuten"},"schema":{"@context":"https:\/\/schema.org","@graph":[{"@type":"WebPage","@id":"https:\/\/lebenleben.de\/mvz\/psychologie\/","url":"https:\/\/lebenleben.de\/mvz\/psychologie\/","name":"Psychologie-Beratung in Uelzen f\u00fcr Privatpersonen und Einrichtungen","isPartOf":{"@id":"https:\/\/lebenleben.de\/mvz\/#website"},"primaryImageOfPage":{"@id":"https:\/\/lebenleben.de\/mvz\/psychologie\/#primaryimage"},"image":{"@id":"https:\/\/lebenleben.de\/mvz\/psychologie\/#primaryimage"},"thumbnailUrl":"https:\/\/lebenleben.de\/mvz\/wp-content\/uploads\/sites\/3\/2021\/04\/ll_header_slider_image_1400x560_0001_StiftungLeben_2203_9105.jpg","datePublished":"2021-01-22T09:15:04+00:00","dateModified":"2024-08-13T08:22:24+00:00","description":"Psychologie-Beratung in Uelzen: Wir beraten und unterst\u00fctzen Menschen mit kognitiven Einschr\u00e4nkungen und Einrichtungen der Behindertenhilfe.","breadcrumb":{"@id":"https:\/\/lebenleben.de\/mvz\/psychologie\/#breadcrumb"},"inLanguage":"de","potentialAction":[{"@type":"ReadAction","target":["https:\/\/lebenleben.de\/mvz\/psychologie\/"]}]},{"@type":"ImageObject","inLanguage":"de","@id":"https:\/\/lebenleben.de\/mvz\/psychologie\/#primaryimage","url":"https:\/\/lebenleben.de\/mvz\/wp-content\/uploads\/sites\/3\/2021\/04\/ll_header_slider_image_1400x560_0001_StiftungLeben_2203_9105.jpg","contentUrl":"https:\/\/lebenleben.de\/mvz\/wp-content\/uploads\/sites\/3\/2021\/04\/ll_header_slider_image_1400x560_0001_StiftungLeben_2203_9105.jpg","width":1400,"height":560},{"@type":"BreadcrumbList","@id":"https:\/\/lebenleben.de\/mvz\/psychologie\/#breadcrumb","itemListElement":[{"@type":"ListItem","position":1,"name":"Startseite","item":"https:\/\/lebenleben.de\/mvz\/"},{"@type":"ListItem","position":2,"name":"Psychologischer Dienst"}]},{"@type":"WebSite","@id":"https:\/\/lebenleben.de\/mvz\/#website","url":"https:\/\/lebenleben.de\/mvz\/","name":"Leben leben MVZ","description":"Medizinisches Versorgungszentrum am Hammersteinplatz","publisher":{"@id":"https:\/\/lebenleben.de\/mvz\/#organization"},"potentialAction":[{"@type":"SearchAction","target":{"@type":"EntryPoint","urlTemplate":"https:\/\/lebenleben.de\/mvz\/?s={search_term_string}"},"query-input":{"@type":"PropertyValueSpecification","valueRequired":true,"valueName":"search_term_string"}}],"inLanguage":"de"},{"@type":"Organization","@id":"https:\/\/lebenleben.de\/mvz\/#organization","name":"Leben leben MVZ","url":"https:\/\/lebenleben.de\/mvz\/","logo":{"@type":"ImageObject","inLanguage":"de","@id":"https:\/\/lebenleben.de\/mvz\/#\/schema\/logo\/image\/","url":"https:\/\/lebenleben.de\/mvz\/wp-content\/uploads\/sites\/3\/2021\/01\/ll_favicon-cyan.png","contentUrl":"https:\/\/lebenleben.de\/mvz\/wp-content\/uploads\/sites\/3\/2021\/01\/ll_favicon-cyan.png","width":501,"height":501,"caption":"Leben leben MVZ"},"image":{"@id":"https:\/\/lebenleben.de\/mvz\/#\/schema\/logo\/image\/"}}]}},"_links":{"self":[{"href":"https:\/\/lebenleben.de\/mvz\/wp-json\/wp\/v2\/pages\/139","targetHints":{"allow":["GET"]}}],"collection":[{"href":"https:\/\/lebenleben.de\/mvz\/wp-json\/wp\/v2\/pages"}],"about":[{"href":"https:\/\/lebenleben.de\/mvz\/wp-json\/wp\/v2\/types\/page"}],"author":[{"embeddable":true,"href":"https:\/\/lebenleben.de\/mvz\/wp-json\/wp\/v2\/users\/1"}],"replies":[{"embeddable":true,"href":"https:\/\/lebenleben.de\/mvz\/wp-json\/wp\/v2\/comments?post=139"}],"version-history":[{"count":21,"href":"https:\/\/lebenleben.de\/mvz\/wp-json\/wp\/v2\/pages\/139\/revisions"}],"predecessor-version":[{"id":1960,"href":"https:\/\/lebenleben.de\/mvz\/wp-json\/wp\/v2\/pages\/139\/revisions\/1960"}],"wp:featuredmedia":[{"embeddable":true,"href":"https:\/\/lebenleben.de\/mvz\/wp-json\/wp\/v2\/media\/480"}],"wp:attachment":[{"href":"https:\/\/lebenleben.de\/mvz\/wp-json\/wp\/v2\/media?parent=139"}],"curies":[{"name":"wp","href":"https:\/\/api.w.org\/{rel}","templated":true}]}}