{"id":145,"date":"2021-01-22T10:19:31","date_gmt":"2021-01-22T09:19:31","guid":{"rendered":"https:\/\/lebenleben.de\/mvz\/?page_id=145"},"modified":"2024-05-24T09:44:14","modified_gmt":"2024-05-24T07:44:14","slug":"dipl-psych-martha-hanel","status":"publish","type":"page","link":"https:\/\/lebenleben.de\/mvz\/psychologie\/dipl-psych-martha-hanel\/","title":{"rendered":"Dipl.-Psych. Dr. phil. Martha H\u00e4nel"},"content":{"rendered":"\n<div class=\"wp-block-columns is-layout-flex wp-container-core-columns-is-layout-9d6595d7 wp-block-columns-is-layout-flex\">\n<div class=\"wp-block-column is-layout-flow wp-block-column-is-layout-flow\" style=\"flex-basis:66%\">\n<h1 class=\"wp-block-heading\">Dipl.-Psych. Martha H\u00e4nel<\/h1>\n\n\n\n<p><strong>Psychologin<\/strong><\/p>\n\n\n\n<h2 class=\"wp-block-heading\">Beruf<\/h2>\n\n\n\n<p>seit 07\/2013 angestellte Psychologin im MVZ am Hammersteinplatz, Psychologischer Dienst<br>2009\u20132013 Wissenschaftliche Mitarbeiterin \/ Promotionsstipendiatin an der Leuphana Universit\u00e4t L\u00fcneburg, Bereich Entwicklungspsychologie<\/p>\n\n\n\n<h2 class=\"wp-block-heading\">Ausbildung<\/h2>\n\n\n\n<p>2009\u20132015 Promotion an der Leuphana Universit\u00e4t L\u00fcneburg \u2013 Dipl. Psychologin<br>2003\u20132009 Studium Diplom-Psychologie an der Universit\u00e4t Potsdam<br>2002 Abitur in Grimmen, Mecklenburg-Vorpommern<\/p>\n\n\n\n<h2 class=\"wp-block-heading\">Fort- und Weiterbildung<\/h2>\n\n\n\n<ul class=\"wp-block-list\"><li>Progressive Muskelrelaxation (PMR nach Jacobsen)<\/li><li>Gespr\u00e4chspsychotherapie nach Rogers<\/li><li>Entwicklungsdiagnostik<\/li><\/ul>\n<\/div>\n\n\n\n<div class=\"wp-block-column is-layout-flow wp-block-column-is-layout-flow\" style=\"flex-basis:33%\">\n<figure class=\"wp-block-image size-large ll-corner-large\"><img loading=\"lazy\" decoding=\"async\" width=\"500\" height=\"750\" src=\"https:\/\/lebenleben.de\/mvz\/wp-content\/uploads\/sites\/3\/2021\/03\/ll_web_martha_haenel.jpg\" alt=\"Dipl.-Psych. Martha H\u00e4nel\" class=\"wp-image-424\" srcset=\"https:\/\/lebenleben.de\/mvz\/wp-content\/uploads\/sites\/3\/2021\/03\/ll_web_martha_haenel.jpg 500w, https:\/\/lebenleben.de\/mvz\/wp-content\/uploads\/sites\/3\/2021\/03\/ll_web_martha_haenel-200x300.jpg 200w\" sizes=\"auto, (max-width: 500px) 100vw, 500px\" \/><figcaption>Dr. phil. Martha H\u00e4nel<\/figcaption><\/figure>\n<\/div>\n<\/div>\n","protected":false},"excerpt":{"rendered":"<p>Dipl.-Psych. Martha H\u00e4nel Psychologin Beruf seit 07\/2013 angestellte Psychologin im MVZ am Hammersteinplatz, Psychologischer Dienst2009\u20132013 Wissenschaftliche Mitarbeiterin \/ Promotionsstipendiatin an der Leuphana Universit\u00e4t L\u00fcneburg, Bereich Entwicklungspsychologie Ausbildung 2009\u20132015 Promotion an der Leuphana Universit\u00e4t L\u00fcneburg \u2013 Dipl. Psychologin2003\u20132009 Studium Diplom-Psychologie an der Universit\u00e4t Potsdam2002 Abitur in Grimmen, Mecklenburg-Vorpommern Fort- und Weiterbildung Progressive Muskelrelaxation (PMR nach Jacobsen) [&hellip;]<\/p>\n","protected":false},"author":1,"featured_media":0,"parent":139,"menu_order":60,"comment_status":"closed","ping_status":"closed","template":"page-templates\/page-fullscreen.php","meta":{"_acf_changed":false,"footnotes":""},"class_list":["post-145","page","type-page","status-publish","hentry"],"acf":[],"yoast_head":"<!-- This site is optimized with the Yoast SEO plugin v27.3 - https:\/\/yoast.com\/product\/yoast-seo-wordpress\/ -->\n<title>Dipl.-Psych. Martha H\u00e4nel | Psychologin | Uelzen<\/title>\n<meta name=\"description\" content=\"Dipl.-Psych. Martha H\u00e4nel ist als Psychologin im MVZ am Hammersteinplatz in Uelzen t\u00e4tig.\" \/>\n<meta name=\"robots\" content=\"index, follow, max-snippet:-1, max-image-preview:large, max-video-preview:-1\" \/>\n<link rel=\"canonical\" href=\"https:\/\/lebenleben.de\/mvz\/psychologie\/dipl-psych-martha-hanel\/\" \/>\n<meta property=\"og:locale\" content=\"de_DE\" \/>\n<meta property=\"og:type\" content=\"article\" \/>\n<meta property=\"og:title\" content=\"Dipl.-Psych. Martha H\u00e4nel | Psychologin | Uelzen\" \/>\n<meta property=\"og:description\" content=\"Dipl.-Psych. Martha H\u00e4nel ist als Psychologin im MVZ am Hammersteinplatz in Uelzen t\u00e4tig.\" \/>\n<meta property=\"og:url\" content=\"https:\/\/lebenleben.de\/mvz\/psychologie\/dipl-psych-martha-hanel\/\" \/>\n<meta property=\"og:site_name\" content=\"Leben leben MVZ\" \/>\n<meta property=\"article:modified_time\" content=\"2024-05-24T07:44:14+00:00\" \/>\n<meta property=\"og:image\" content=\"https:\/\/lebenleben.de\/mvz\/wp-content\/uploads\/sites\/3\/2021\/03\/ll_web_martha_haenel.jpg\" \/>\n<meta name=\"twitter:card\" content=\"summary_large_image\" \/>\n<meta name=\"twitter:label1\" content=\"Gesch\u00e4tzte Lesezeit\" \/>\n\t<meta name=\"twitter:data1\" content=\"1\u00a0Minute\" \/>\n<script type=\"application\/ld+json\" class=\"yoast-schema-graph\">{\"@context\":\"https:\\\/\\\/schema.org\",\"@graph\":[{\"@type\":\"WebPage\",\"@id\":\"https:\\\/\\\/lebenleben.de\\\/mvz\\\/psychologie\\\/dipl-psych-martha-hanel\\\/\",\"url\":\"https:\\\/\\\/lebenleben.de\\\/mvz\\\/psychologie\\\/dipl-psych-martha-hanel\\\/\",\"name\":\"Dipl.-Psych. Martha H\u00e4nel | Psychologin | Uelzen\",\"isPartOf\":{\"@id\":\"https:\\\/\\\/lebenleben.de\\\/mvz\\\/#website\"},\"primaryImageOfPage\":{\"@id\":\"https:\\\/\\\/lebenleben.de\\\/mvz\\\/psychologie\\\/dipl-psych-martha-hanel\\\/#primaryimage\"},\"image\":{\"@id\":\"https:\\\/\\\/lebenleben.de\\\/mvz\\\/psychologie\\\/dipl-psych-martha-hanel\\\/#primaryimage\"},\"thumbnailUrl\":\"https:\\\/\\\/lebenleben.de\\\/mvz\\\/wp-content\\\/uploads\\\/sites\\\/3\\\/2021\\\/03\\\/ll_web_martha_haenel.jpg\",\"datePublished\":\"2021-01-22T09:19:31+00:00\",\"dateModified\":\"2024-05-24T07:44:14+00:00\",\"description\":\"Dipl.-Psych. Martha H\u00e4nel ist als Psychologin im MVZ am Hammersteinplatz in Uelzen t\u00e4tig.\",\"breadcrumb\":{\"@id\":\"https:\\\/\\\/lebenleben.de\\\/mvz\\\/psychologie\\\/dipl-psych-martha-hanel\\\/#breadcrumb\"},\"inLanguage\":\"de\",\"potentialAction\":[{\"@type\":\"ReadAction\",\"target\":[\"https:\\\/\\\/lebenleben.de\\\/mvz\\\/psychologie\\\/dipl-psych-martha-hanel\\\/\"]}]},{\"@type\":\"ImageObject\",\"inLanguage\":\"de\",\"@id\":\"https:\\\/\\\/lebenleben.de\\\/mvz\\\/psychologie\\\/dipl-psych-martha-hanel\\\/#primaryimage\",\"url\":\"https:\\\/\\\/lebenleben.de\\\/mvz\\\/wp-content\\\/uploads\\\/sites\\\/3\\\/2021\\\/03\\\/ll_web_martha_haenel.jpg\",\"contentUrl\":\"https:\\\/\\\/lebenleben.de\\\/mvz\\\/wp-content\\\/uploads\\\/sites\\\/3\\\/2021\\\/03\\\/ll_web_martha_haenel.jpg\",\"width\":500,\"height\":750},{\"@type\":\"BreadcrumbList\",\"@id\":\"https:\\\/\\\/lebenleben.de\\\/mvz\\\/psychologie\\\/dipl-psych-martha-hanel\\\/#breadcrumb\",\"itemListElement\":[{\"@type\":\"ListItem\",\"position\":1,\"name\":\"Startseite\",\"item\":\"https:\\\/\\\/lebenleben.de\\\/mvz\\\/\"},{\"@type\":\"ListItem\",\"position\":2,\"name\":\"Psychologischer Dienst\",\"item\":\"https:\\\/\\\/lebenleben.de\\\/mvz\\\/psychologie\\\/\"},{\"@type\":\"ListItem\",\"position\":3,\"name\":\"Dipl.-Psych. Dr. phil. Martha H\u00e4nel\"}]},{\"@type\":\"WebSite\",\"@id\":\"https:\\\/\\\/lebenleben.de\\\/mvz\\\/#website\",\"url\":\"https:\\\/\\\/lebenleben.de\\\/mvz\\\/\",\"name\":\"Leben leben MVZ\",\"description\":\"Medizinisches Versorgungszentrum am Hammersteinplatz\",\"publisher\":{\"@id\":\"https:\\\/\\\/lebenleben.de\\\/mvz\\\/#organization\"},\"potentialAction\":[{\"@type\":\"SearchAction\",\"target\":{\"@type\":\"EntryPoint\",\"urlTemplate\":\"https:\\\/\\\/lebenleben.de\\\/mvz\\\/?s={search_term_string}\"},\"query-input\":{\"@type\":\"PropertyValueSpecification\",\"valueRequired\":true,\"valueName\":\"search_term_string\"}}],\"inLanguage\":\"de\"},{\"@type\":\"Organization\",\"@id\":\"https:\\\/\\\/lebenleben.de\\\/mvz\\\/#organization\",\"name\":\"Leben leben MVZ\",\"url\":\"https:\\\/\\\/lebenleben.de\\\/mvz\\\/\",\"logo\":{\"@type\":\"ImageObject\",\"inLanguage\":\"de\",\"@id\":\"https:\\\/\\\/lebenleben.de\\\/mvz\\\/#\\\/schema\\\/logo\\\/image\\\/\",\"url\":\"https:\\\/\\\/lebenleben.de\\\/mvz\\\/wp-content\\\/uploads\\\/sites\\\/3\\\/2021\\\/01\\\/ll_favicon-cyan.png\",\"contentUrl\":\"https:\\\/\\\/lebenleben.de\\\/mvz\\\/wp-content\\\/uploads\\\/sites\\\/3\\\/2021\\\/01\\\/ll_favicon-cyan.png\",\"width\":501,\"height\":501,\"caption\":\"Leben leben MVZ\"},\"image\":{\"@id\":\"https:\\\/\\\/lebenleben.de\\\/mvz\\\/#\\\/schema\\\/logo\\\/image\\\/\"}}]}<\/script>\n<!-- \/ Yoast SEO plugin. -->","yoast_head_json":{"title":"Dipl.-Psych. Martha H\u00e4nel | Psychologin | Uelzen","description":"Dipl.-Psych. Martha H\u00e4nel ist als Psychologin im MVZ am Hammersteinplatz in Uelzen t\u00e4tig.","robots":{"index":"index","follow":"follow","max-snippet":"max-snippet:-1","max-image-preview":"max-image-preview:large","max-video-preview":"max-video-preview:-1"},"canonical":"https:\/\/lebenleben.de\/mvz\/psychologie\/dipl-psych-martha-hanel\/","og_locale":"de_DE","og_type":"article","og_title":"Dipl.-Psych. Martha H\u00e4nel | Psychologin | Uelzen","og_description":"Dipl.-Psych. Martha H\u00e4nel ist als Psychologin im MVZ am Hammersteinplatz in Uelzen t\u00e4tig.","og_url":"https:\/\/lebenleben.de\/mvz\/psychologie\/dipl-psych-martha-hanel\/","og_site_name":"Leben leben MVZ","article_modified_time":"2024-05-24T07:44:14+00:00","og_image":[{"url":"https:\/\/lebenleben.de\/mvz\/wp-content\/uploads\/sites\/3\/2021\/03\/ll_web_martha_haenel.jpg","type":"","width":"","height":""}],"twitter_card":"summary_large_image","twitter_misc":{"Gesch\u00e4tzte Lesezeit":"1\u00a0Minute"},"schema":{"@context":"https:\/\/schema.org","@graph":[{"@type":"WebPage","@id":"https:\/\/lebenleben.de\/mvz\/psychologie\/dipl-psych-martha-hanel\/","url":"https:\/\/lebenleben.de\/mvz\/psychologie\/dipl-psych-martha-hanel\/","name":"Dipl.-Psych. Martha H\u00e4nel | Psychologin | Uelzen","isPartOf":{"@id":"https:\/\/lebenleben.de\/mvz\/#website"},"primaryImageOfPage":{"@id":"https:\/\/lebenleben.de\/mvz\/psychologie\/dipl-psych-martha-hanel\/#primaryimage"},"image":{"@id":"https:\/\/lebenleben.de\/mvz\/psychologie\/dipl-psych-martha-hanel\/#primaryimage"},"thumbnailUrl":"https:\/\/lebenleben.de\/mvz\/wp-content\/uploads\/sites\/3\/2021\/03\/ll_web_martha_haenel.jpg","datePublished":"2021-01-22T09:19:31+00:00","dateModified":"2024-05-24T07:44:14+00:00","description":"Dipl.-Psych. Martha H\u00e4nel ist als Psychologin im MVZ am Hammersteinplatz in Uelzen t\u00e4tig.","breadcrumb":{"@id":"https:\/\/lebenleben.de\/mvz\/psychologie\/dipl-psych-martha-hanel\/#breadcrumb"},"inLanguage":"de","potentialAction":[{"@type":"ReadAction","target":["https:\/\/lebenleben.de\/mvz\/psychologie\/dipl-psych-martha-hanel\/"]}]},{"@type":"ImageObject","inLanguage":"de","@id":"https:\/\/lebenleben.de\/mvz\/psychologie\/dipl-psych-martha-hanel\/#primaryimage","url":"https:\/\/lebenleben.de\/mvz\/wp-content\/uploads\/sites\/3\/2021\/03\/ll_web_martha_haenel.jpg","contentUrl":"https:\/\/lebenleben.de\/mvz\/wp-content\/uploads\/sites\/3\/2021\/03\/ll_web_martha_haenel.jpg","width":500,"height":750},{"@type":"BreadcrumbList","@id":"https:\/\/lebenleben.de\/mvz\/psychologie\/dipl-psych-martha-hanel\/#breadcrumb","itemListElement":[{"@type":"ListItem","position":1,"name":"Startseite","item":"https:\/\/lebenleben.de\/mvz\/"},{"@type":"ListItem","position":2,"name":"Psychologischer Dienst","item":"https:\/\/lebenleben.de\/mvz\/psychologie\/"},{"@type":"ListItem","position":3,"name":"Dipl.-Psych. Dr. phil. Martha H\u00e4nel"}]},{"@type":"WebSite","@id":"https:\/\/lebenleben.de\/mvz\/#website","url":"https:\/\/lebenleben.de\/mvz\/","name":"Leben leben MVZ","description":"Medizinisches Versorgungszentrum am Hammersteinplatz","publisher":{"@id":"https:\/\/lebenleben.de\/mvz\/#organization"},"potentialAction":[{"@type":"SearchAction","target":{"@type":"EntryPoint","urlTemplate":"https:\/\/lebenleben.de\/mvz\/?s={search_term_string}"},"query-input":{"@type":"PropertyValueSpecification","valueRequired":true,"valueName":"search_term_string"}}],"inLanguage":"de"},{"@type":"Organization","@id":"https:\/\/lebenleben.de\/mvz\/#organization","name":"Leben leben MVZ","url":"https:\/\/lebenleben.de\/mvz\/","logo":{"@type":"ImageObject","inLanguage":"de","@id":"https:\/\/lebenleben.de\/mvz\/#\/schema\/logo\/image\/","url":"https:\/\/lebenleben.de\/mvz\/wp-content\/uploads\/sites\/3\/2021\/01\/ll_favicon-cyan.png","contentUrl":"https:\/\/lebenleben.de\/mvz\/wp-content\/uploads\/sites\/3\/2021\/01\/ll_favicon-cyan.png","width":501,"height":501,"caption":"Leben leben MVZ"},"image":{"@id":"https:\/\/lebenleben.de\/mvz\/#\/schema\/logo\/image\/"}}]}},"_links":{"self":[{"href":"https:\/\/lebenleben.de\/mvz\/wp-json\/wp\/v2\/pages\/145","targetHints":{"allow":["GET"]}}],"collection":[{"href":"https:\/\/lebenleben.de\/mvz\/wp-json\/wp\/v2\/pages"}],"about":[{"href":"https:\/\/lebenleben.de\/mvz\/wp-json\/wp\/v2\/types\/page"}],"author":[{"embeddable":true,"href":"https:\/\/lebenleben.de\/mvz\/wp-json\/wp\/v2\/users\/1"}],"replies":[{"embeddable":true,"href":"https:\/\/lebenleben.de\/mvz\/wp-json\/wp\/v2\/comments?post=145"}],"version-history":[{"count":6,"href":"https:\/\/lebenleben.de\/mvz\/wp-json\/wp\/v2\/pages\/145\/revisions"}],"predecessor-version":[{"id":780,"href":"https:\/\/lebenleben.de\/mvz\/wp-json\/wp\/v2\/pages\/145\/revisions\/780"}],"up":[{"embeddable":true,"href":"https:\/\/lebenleben.de\/mvz\/wp-json\/wp\/v2\/pages\/139"}],"wp:attachment":[{"href":"https:\/\/lebenleben.de\/mvz\/wp-json\/wp\/v2\/media?parent=145"}],"curies":[{"name":"wp","href":"https:\/\/api.w.org\/{rel}","templated":true}]}}