{"id":575,"date":"2021-06-17T16:40:12","date_gmt":"2021-06-17T14:40:12","guid":{"rendered":"https:\/\/lebenleben.de\/mvz\/?page_id=575"},"modified":"2024-05-24T09:37:09","modified_gmt":"2024-05-24T07:37:09","slug":"katharina-herms","status":"publish","type":"page","link":"https:\/\/lebenleben.de\/mvz\/psychiatrie-und-psychotherapie\/katharina-herms\/","title":{"rendered":"Katharina Herms"},"content":{"rendered":"\n<div class=\"wp-block-columns is-layout-flex wp-container-core-columns-is-layout-9d6595d7 wp-block-columns-is-layout-flex\">\n<div class=\"wp-block-column is-layout-flow wp-block-column-is-layout-flow\" style=\"flex-basis:66.66%\">\n<h1 class=\"wp-block-heading\">Katharina Herms<\/h1>\n\n\n\n<p><strong>Fach\u00e4rztin f\u00fcr Psychiatrie und Psychotherapie<\/strong><\/p>\n\n\n\n<h2 class=\"wp-block-heading\">Beruf<\/h2>\n\n\n\n<p>seit 01.04.2022 angestellte Fach\u00e4rztin f\u00fcr Psychiatrie und Psychotherapie im Medizinischen Versorgungszentrum von Leben leben <\/p>\n\n\n\n<div style=\"height:10px\" aria-hidden=\"true\" class=\"wp-block-spacer\"><\/div>\n\n\n\n<h2 class=\"wp-block-heading\">Praxisstandort<\/h2>\n\n\n\n<p>M\u00fchlentor 7, 29451 Dannenberg<\/p>\n<\/div>\n\n\n\n<div class=\"wp-block-column is-layout-flow wp-block-column-is-layout-flow\" style=\"flex-basis:33.33%\">\n<figure class=\"wp-block-image size-large ll-corner-large\"><img loading=\"lazy\" decoding=\"async\" width=\"683\" height=\"1024\" src=\"https:\/\/lebenleben.de\/mvz\/wp-content\/uploads\/sites\/3\/2021\/07\/Katharina-Herms-683x1024.jpg\" alt=\"Katharina Herms\" class=\"wp-image-656\" srcset=\"https:\/\/lebenleben.de\/mvz\/wp-content\/uploads\/sites\/3\/2021\/07\/Katharina-Herms-683x1024.jpg 683w, https:\/\/lebenleben.de\/mvz\/wp-content\/uploads\/sites\/3\/2021\/07\/Katharina-Herms-200x300.jpg 200w, https:\/\/lebenleben.de\/mvz\/wp-content\/uploads\/sites\/3\/2021\/07\/Katharina-Herms-768x1152.jpg 768w, https:\/\/lebenleben.de\/mvz\/wp-content\/uploads\/sites\/3\/2021\/07\/Katharina-Herms-1024x1536.jpg 1024w, https:\/\/lebenleben.de\/mvz\/wp-content\/uploads\/sites\/3\/2021\/07\/Katharina-Herms-1365x2048.jpg 1365w, https:\/\/lebenleben.de\/mvz\/wp-content\/uploads\/sites\/3\/2021\/07\/Katharina-Herms-scaled.jpg 1707w\" sizes=\"auto, (max-width: 683px) 100vw, 683px\" \/><figcaption class=\"wp-element-caption\">Katharina Herms<\/figcaption><\/figure>\n<\/div>\n<\/div>\n\n\n\n<div style=\"height:20px\" aria-hidden=\"true\" class=\"wp-block-spacer\"><\/div>\n","protected":false},"excerpt":{"rendered":"<p>Katharina Herms Fach\u00e4rztin f\u00fcr Psychiatrie und Psychotherapie Beruf seit 01.04.2022 angestellte Fach\u00e4rztin f\u00fcr Psychiatrie und Psychotherapie im Medizinischen Versorgungszentrum von Leben leben Praxisstandort M\u00fchlentor 7, 29451 Dannenberg<\/p>\n","protected":false},"author":1,"featured_media":0,"parent":117,"menu_order":40,"comment_status":"closed","ping_status":"closed","template":"page-templates\/page-fullscreen.php","meta":{"_acf_changed":false,"footnotes":""},"class_list":["post-575","page","type-page","status-publish","hentry"],"acf":[],"yoast_head":"<!-- This site is optimized with the Yoast SEO plugin v27.3 - https:\/\/yoast.com\/product\/yoast-seo-wordpress\/ -->\n<title>Katharina Herms - Leben leben MVZ<\/title>\n<meta name=\"robots\" content=\"index, follow, max-snippet:-1, max-image-preview:large, max-video-preview:-1\" \/>\n<link rel=\"canonical\" href=\"https:\/\/lebenleben.de\/mvz\/psychiatrie-und-psychotherapie\/katharina-herms\/\" \/>\n<meta property=\"og:locale\" content=\"de_DE\" \/>\n<meta property=\"og:type\" content=\"article\" \/>\n<meta property=\"og:title\" content=\"Katharina Herms - Leben leben MVZ\" \/>\n<meta property=\"og:description\" content=\"Katharina Herms Fach\u00e4rztin f\u00fcr Psychiatrie und Psychotherapie Beruf seit 01.04.2022 angestellte Fach\u00e4rztin f\u00fcr Psychiatrie und Psychotherapie im Medizinischen Versorgungszentrum von Leben leben Praxisstandort M\u00fchlentor 7, 29451 Dannenberg\" \/>\n<meta property=\"og:url\" content=\"https:\/\/lebenleben.de\/mvz\/psychiatrie-und-psychotherapie\/katharina-herms\/\" \/>\n<meta property=\"og:site_name\" content=\"Leben leben MVZ\" \/>\n<meta property=\"article:modified_time\" content=\"2024-05-24T07:37:09+00:00\" \/>\n<meta property=\"og:image\" content=\"https:\/\/lebenleben.de\/mvz\/wp-content\/uploads\/sites\/3\/2021\/07\/Katharina-Herms-683x1024.jpg\" \/>\n<meta name=\"twitter:card\" content=\"summary_large_image\" \/>\n<meta name=\"twitter:label1\" content=\"Gesch\u00e4tzte Lesezeit\" \/>\n\t<meta name=\"twitter:data1\" content=\"1\u00a0Minute\" \/>\n<script type=\"application\/ld+json\" class=\"yoast-schema-graph\">{\"@context\":\"https:\\\/\\\/schema.org\",\"@graph\":[{\"@type\":\"WebPage\",\"@id\":\"https:\\\/\\\/lebenleben.de\\\/mvz\\\/psychiatrie-und-psychotherapie\\\/katharina-herms\\\/\",\"url\":\"https:\\\/\\\/lebenleben.de\\\/mvz\\\/psychiatrie-und-psychotherapie\\\/katharina-herms\\\/\",\"name\":\"Katharina Herms - Leben leben MVZ\",\"isPartOf\":{\"@id\":\"https:\\\/\\\/lebenleben.de\\\/mvz\\\/#website\"},\"primaryImageOfPage\":{\"@id\":\"https:\\\/\\\/lebenleben.de\\\/mvz\\\/psychiatrie-und-psychotherapie\\\/katharina-herms\\\/#primaryimage\"},\"image\":{\"@id\":\"https:\\\/\\\/lebenleben.de\\\/mvz\\\/psychiatrie-und-psychotherapie\\\/katharina-herms\\\/#primaryimage\"},\"thumbnailUrl\":\"https:\\\/\\\/lebenleben.de\\\/mvz\\\/wp-content\\\/uploads\\\/sites\\\/3\\\/2021\\\/07\\\/Katharina-Herms-683x1024.jpg\",\"datePublished\":\"2021-06-17T14:40:12+00:00\",\"dateModified\":\"2024-05-24T07:37:09+00:00\",\"breadcrumb\":{\"@id\":\"https:\\\/\\\/lebenleben.de\\\/mvz\\\/psychiatrie-und-psychotherapie\\\/katharina-herms\\\/#breadcrumb\"},\"inLanguage\":\"de\",\"potentialAction\":[{\"@type\":\"ReadAction\",\"target\":[\"https:\\\/\\\/lebenleben.de\\\/mvz\\\/psychiatrie-und-psychotherapie\\\/katharina-herms\\\/\"]}]},{\"@type\":\"ImageObject\",\"inLanguage\":\"de\",\"@id\":\"https:\\\/\\\/lebenleben.de\\\/mvz\\\/psychiatrie-und-psychotherapie\\\/katharina-herms\\\/#primaryimage\",\"url\":\"https:\\\/\\\/lebenleben.de\\\/mvz\\\/wp-content\\\/uploads\\\/sites\\\/3\\\/2021\\\/07\\\/Katharina-Herms-scaled.jpg\",\"contentUrl\":\"https:\\\/\\\/lebenleben.de\\\/mvz\\\/wp-content\\\/uploads\\\/sites\\\/3\\\/2021\\\/07\\\/Katharina-Herms-scaled.jpg\",\"width\":1707,\"height\":2560},{\"@type\":\"BreadcrumbList\",\"@id\":\"https:\\\/\\\/lebenleben.de\\\/mvz\\\/psychiatrie-und-psychotherapie\\\/katharina-herms\\\/#breadcrumb\",\"itemListElement\":[{\"@type\":\"ListItem\",\"position\":1,\"name\":\"Startseite\",\"item\":\"https:\\\/\\\/lebenleben.de\\\/mvz\\\/\"},{\"@type\":\"ListItem\",\"position\":2,\"name\":\"Psychiatrie\",\"item\":\"https:\\\/\\\/lebenleben.de\\\/mvz\\\/psychiatrie-und-psychotherapie\\\/\"},{\"@type\":\"ListItem\",\"position\":3,\"name\":\"Katharina Herms\"}]},{\"@type\":\"WebSite\",\"@id\":\"https:\\\/\\\/lebenleben.de\\\/mvz\\\/#website\",\"url\":\"https:\\\/\\\/lebenleben.de\\\/mvz\\\/\",\"name\":\"Leben leben MVZ\",\"description\":\"Medizinisches Versorgungszentrum am Hammersteinplatz\",\"publisher\":{\"@id\":\"https:\\\/\\\/lebenleben.de\\\/mvz\\\/#organization\"},\"potentialAction\":[{\"@type\":\"SearchAction\",\"target\":{\"@type\":\"EntryPoint\",\"urlTemplate\":\"https:\\\/\\\/lebenleben.de\\\/mvz\\\/?s={search_term_string}\"},\"query-input\":{\"@type\":\"PropertyValueSpecification\",\"valueRequired\":true,\"valueName\":\"search_term_string\"}}],\"inLanguage\":\"de\"},{\"@type\":\"Organization\",\"@id\":\"https:\\\/\\\/lebenleben.de\\\/mvz\\\/#organization\",\"name\":\"Leben leben MVZ\",\"url\":\"https:\\\/\\\/lebenleben.de\\\/mvz\\\/\",\"logo\":{\"@type\":\"ImageObject\",\"inLanguage\":\"de\",\"@id\":\"https:\\\/\\\/lebenleben.de\\\/mvz\\\/#\\\/schema\\\/logo\\\/image\\\/\",\"url\":\"https:\\\/\\\/lebenleben.de\\\/mvz\\\/wp-content\\\/uploads\\\/sites\\\/3\\\/2021\\\/01\\\/ll_favicon-cyan.png\",\"contentUrl\":\"https:\\\/\\\/lebenleben.de\\\/mvz\\\/wp-content\\\/uploads\\\/sites\\\/3\\\/2021\\\/01\\\/ll_favicon-cyan.png\",\"width\":501,\"height\":501,\"caption\":\"Leben leben MVZ\"},\"image\":{\"@id\":\"https:\\\/\\\/lebenleben.de\\\/mvz\\\/#\\\/schema\\\/logo\\\/image\\\/\"}}]}<\/script>\n<!-- \/ Yoast SEO plugin. -->","yoast_head_json":{"title":"Katharina Herms - Leben leben MVZ","robots":{"index":"index","follow":"follow","max-snippet":"max-snippet:-1","max-image-preview":"max-image-preview:large","max-video-preview":"max-video-preview:-1"},"canonical":"https:\/\/lebenleben.de\/mvz\/psychiatrie-und-psychotherapie\/katharina-herms\/","og_locale":"de_DE","og_type":"article","og_title":"Katharina Herms - Leben leben MVZ","og_description":"Katharina Herms Fach\u00e4rztin f\u00fcr Psychiatrie und Psychotherapie Beruf seit 01.04.2022 angestellte Fach\u00e4rztin f\u00fcr Psychiatrie und Psychotherapie im Medizinischen Versorgungszentrum von Leben leben Praxisstandort M\u00fchlentor 7, 29451 Dannenberg","og_url":"https:\/\/lebenleben.de\/mvz\/psychiatrie-und-psychotherapie\/katharina-herms\/","og_site_name":"Leben leben MVZ","article_modified_time":"2024-05-24T07:37:09+00:00","og_image":[{"url":"https:\/\/lebenleben.de\/mvz\/wp-content\/uploads\/sites\/3\/2021\/07\/Katharina-Herms-683x1024.jpg","type":"","width":"","height":""}],"twitter_card":"summary_large_image","twitter_misc":{"Gesch\u00e4tzte Lesezeit":"1\u00a0Minute"},"schema":{"@context":"https:\/\/schema.org","@graph":[{"@type":"WebPage","@id":"https:\/\/lebenleben.de\/mvz\/psychiatrie-und-psychotherapie\/katharina-herms\/","url":"https:\/\/lebenleben.de\/mvz\/psychiatrie-und-psychotherapie\/katharina-herms\/","name":"Katharina Herms - Leben leben MVZ","isPartOf":{"@id":"https:\/\/lebenleben.de\/mvz\/#website"},"primaryImageOfPage":{"@id":"https:\/\/lebenleben.de\/mvz\/psychiatrie-und-psychotherapie\/katharina-herms\/#primaryimage"},"image":{"@id":"https:\/\/lebenleben.de\/mvz\/psychiatrie-und-psychotherapie\/katharina-herms\/#primaryimage"},"thumbnailUrl":"https:\/\/lebenleben.de\/mvz\/wp-content\/uploads\/sites\/3\/2021\/07\/Katharina-Herms-683x1024.jpg","datePublished":"2021-06-17T14:40:12+00:00","dateModified":"2024-05-24T07:37:09+00:00","breadcrumb":{"@id":"https:\/\/lebenleben.de\/mvz\/psychiatrie-und-psychotherapie\/katharina-herms\/#breadcrumb"},"inLanguage":"de","potentialAction":[{"@type":"ReadAction","target":["https:\/\/lebenleben.de\/mvz\/psychiatrie-und-psychotherapie\/katharina-herms\/"]}]},{"@type":"ImageObject","inLanguage":"de","@id":"https:\/\/lebenleben.de\/mvz\/psychiatrie-und-psychotherapie\/katharina-herms\/#primaryimage","url":"https:\/\/lebenleben.de\/mvz\/wp-content\/uploads\/sites\/3\/2021\/07\/Katharina-Herms-scaled.jpg","contentUrl":"https:\/\/lebenleben.de\/mvz\/wp-content\/uploads\/sites\/3\/2021\/07\/Katharina-Herms-scaled.jpg","width":1707,"height":2560},{"@type":"BreadcrumbList","@id":"https:\/\/lebenleben.de\/mvz\/psychiatrie-und-psychotherapie\/katharina-herms\/#breadcrumb","itemListElement":[{"@type":"ListItem","position":1,"name":"Startseite","item":"https:\/\/lebenleben.de\/mvz\/"},{"@type":"ListItem","position":2,"name":"Psychiatrie","item":"https:\/\/lebenleben.de\/mvz\/psychiatrie-und-psychotherapie\/"},{"@type":"ListItem","position":3,"name":"Katharina Herms"}]},{"@type":"WebSite","@id":"https:\/\/lebenleben.de\/mvz\/#website","url":"https:\/\/lebenleben.de\/mvz\/","name":"Leben leben MVZ","description":"Medizinisches Versorgungszentrum am Hammersteinplatz","publisher":{"@id":"https:\/\/lebenleben.de\/mvz\/#organization"},"potentialAction":[{"@type":"SearchAction","target":{"@type":"EntryPoint","urlTemplate":"https:\/\/lebenleben.de\/mvz\/?s={search_term_string}"},"query-input":{"@type":"PropertyValueSpecification","valueRequired":true,"valueName":"search_term_string"}}],"inLanguage":"de"},{"@type":"Organization","@id":"https:\/\/lebenleben.de\/mvz\/#organization","name":"Leben leben MVZ","url":"https:\/\/lebenleben.de\/mvz\/","logo":{"@type":"ImageObject","inLanguage":"de","@id":"https:\/\/lebenleben.de\/mvz\/#\/schema\/logo\/image\/","url":"https:\/\/lebenleben.de\/mvz\/wp-content\/uploads\/sites\/3\/2021\/01\/ll_favicon-cyan.png","contentUrl":"https:\/\/lebenleben.de\/mvz\/wp-content\/uploads\/sites\/3\/2021\/01\/ll_favicon-cyan.png","width":501,"height":501,"caption":"Leben leben MVZ"},"image":{"@id":"https:\/\/lebenleben.de\/mvz\/#\/schema\/logo\/image\/"}}]}},"_links":{"self":[{"href":"https:\/\/lebenleben.de\/mvz\/wp-json\/wp\/v2\/pages\/575","targetHints":{"allow":["GET"]}}],"collection":[{"href":"https:\/\/lebenleben.de\/mvz\/wp-json\/wp\/v2\/pages"}],"about":[{"href":"https:\/\/lebenleben.de\/mvz\/wp-json\/wp\/v2\/types\/page"}],"author":[{"embeddable":true,"href":"https:\/\/lebenleben.de\/mvz\/wp-json\/wp\/v2\/users\/1"}],"replies":[{"embeddable":true,"href":"https:\/\/lebenleben.de\/mvz\/wp-json\/wp\/v2\/comments?post=575"}],"version-history":[{"count":36,"href":"https:\/\/lebenleben.de\/mvz\/wp-json\/wp\/v2\/pages\/575\/revisions"}],"predecessor-version":[{"id":1545,"href":"https:\/\/lebenleben.de\/mvz\/wp-json\/wp\/v2\/pages\/575\/revisions\/1545"}],"up":[{"embeddable":true,"href":"https:\/\/lebenleben.de\/mvz\/wp-json\/wp\/v2\/pages\/117"}],"wp:attachment":[{"href":"https:\/\/lebenleben.de\/mvz\/wp-json\/wp\/v2\/media?parent=575"}],"curies":[{"name":"wp","href":"https:\/\/api.w.org\/{rel}","templated":true}]}}

<div class="wp-block-columns is-layout-flex wp-container-core-columns-is-layout-9d6595d7 wp-block-columns-is-layout-flex">
<div class="wp-block-column is-layout-flow wp-block-column-is-layout-flow" style="flex-basis:66.66%">
<h1 class="wp-block-heading">Katharina Herms</h1>



<p><strong>Fachärztin für Psychiatrie und Psychotherapie</strong></p>



<h2 class="wp-block-heading">Beruf</h2>



<p>seit 01.04.2022 angestellte Fachärztin für Psychiatrie und Psychotherapie im Medizinischen Versorgungszentrum von Leben leben </p>



<div style="height:10px" aria-hidden="true" class="wp-block-spacer"></div>



<h2 class="wp-block-heading">Praxisstandort</h2>



<p>Mühlentor 7, 29451 Dannenberg</p>
</div>



<div class="wp-block-column is-layout-flow wp-block-column-is-layout-flow" style="flex-basis:33.33%">
<figure class="wp-block-image size-large ll-corner-large"><img loading="lazy" decoding="async" width="683" height="1024" src="https://lebenleben.de/mvz/wp-content/uploads/sites/3/2021/07/Katharina-Herms-683x1024.jpg" alt="Katharina Herms" class="wp-image-656" srcset="https://lebenleben.de/mvz/wp-content/uploads/sites/3/2021/07/Katharina-Herms-683x1024.jpg 683w, https://lebenleben.de/mvz/wp-content/uploads/sites/3/2021/07/Katharina-Herms-200x300.jpg 200w, https://lebenleben.de/mvz/wp-content/uploads/sites/3/2021/07/Katharina-Herms-768x1152.jpg 768w, https://lebenleben.de/mvz/wp-content/uploads/sites/3/2021/07/Katharina-Herms-1024x1536.jpg 1024w, https://lebenleben.de/mvz/wp-content/uploads/sites/3/2021/07/Katharina-Herms-1365x2048.jpg 1365w, https://lebenleben.de/mvz/wp-content/uploads/sites/3/2021/07/Katharina-Herms-scaled.jpg 1707w" sizes="auto, (max-width: 683px) 100vw, 683px" /><figcaption class="wp-element-caption">Katharina Herms</figcaption></figure>
</div>
</div>



<div style="height:20px" aria-hidden="true" class="wp-block-spacer"></div>

<p>Katharina Herms Fachärztin für Psychiatrie und Psychotherapie Beruf seit 01.04.2022 angestellte Fachärztin für Psychiatrie und Psychotherapie im Medizinischen Versorgungszentrum von Leben leben Praxisstandort Mühlentor 7, 29451 Dannenberg</p>

<!-- This site is optimized with the Yoast SEO plugin v27.3 - https://yoast.com/product/yoast-seo-wordpress/ -->
<title>Katharina Herms - Leben leben MVZ</title>
<meta name="robots" content="index, follow, max-snippet:-1, max-image-preview:large, max-video-preview:-1" />
<link rel="canonical" href="https://lebenleben.de/mvz/psychiatrie-und-psychotherapie/katharina-herms/" />
<meta property="og:locale" content="de_DE" />
<meta property="og:type" content="article" />
<meta property="og:title" content="Katharina Herms - Leben leben MVZ" />
<meta property="og:description" content="Katharina Herms Fachärztin für Psychiatrie und Psychotherapie Beruf seit 01.04.2022 angestellte Fachärztin für Psychiatrie und Psychotherapie im Medizinischen Versorgungszentrum von Leben leben Praxisstandort Mühlentor 7, 29451 Dannenberg" />
<meta property="og:url" content="https://lebenleben.de/mvz/psychiatrie-und-psychotherapie/katharina-herms/" />
<meta property="og:site_name" content="Leben leben MVZ" />
<meta property="article:modified_time" content="2024-05-24T07:37:09+00:00" />
<meta property="og:image" content="https://lebenleben.de/mvz/wp-content/uploads/sites/3/2021/07/Katharina-Herms-683x1024.jpg" />
<meta name="twitter:card" content="summary_large_image" />
<meta name="twitter:label1" content="Geschätzte Lesezeit" />
	<meta name="twitter:data1" content="1 Minute" />
<script type="application/ld+json" class="yoast-schema-graph">{"@context":"https:\/\/schema.org","@graph":[{"@type":"WebPage","@id":"https:\/\/lebenleben.de\/mvz\/psychiatrie-und-psychotherapie\/katharina-herms\/","url":"https:\/\/lebenleben.de\/mvz\/psychiatrie-und-psychotherapie\/katharina-herms\/","name":"Katharina Herms - Leben leben MVZ","isPartOf":{"@id":"https:\/\/lebenleben.de\/mvz\/#website"},"primaryImageOfPage":{"@id":"https:\/\/lebenleben.de\/mvz\/psychiatrie-und-psychotherapie\/katharina-herms\/#primaryimage"},"image":{"@id":"https:\/\/lebenleben.de\/mvz\/psychiatrie-und-psychotherapie\/katharina-herms\/#primaryimage"},"thumbnailUrl":"https:\/\/lebenleben.de\/mvz\/wp-content\/uploads\/sites\/3\/2021\/07\/Katharina-Herms-683x1024.jpg","datePublished":"2021-06-17T14:40:12+00:00","dateModified":"2024-05-24T07:37:09+00:00","breadcrumb":{"@id":"https:\/\/lebenleben.de\/mvz\/psychiatrie-und-psychotherapie\/katharina-herms\/#breadcrumb"},"inLanguage":"de","potentialAction":[{"@type":"ReadAction","target":["https:\/\/lebenleben.de\/mvz\/psychiatrie-und-psychotherapie\/katharina-herms\/"]}]},{"@type":"ImageObject","inLanguage":"de","@id":"https:\/\/lebenleben.de\/mvz\/psychiatrie-und-psychotherapie\/katharina-herms\/#primaryimage","url":"https:\/\/lebenleben.de\/mvz\/wp-content\/uploads\/sites\/3\/2021\/07\/Katharina-Herms-scaled.jpg","contentUrl":"https:\/\/lebenleben.de\/mvz\/wp-content\/uploads\/sites\/3\/2021\/07\/Katharina-Herms-scaled.jpg","width":1707,"height":2560},{"@type":"BreadcrumbList","@id":"https:\/\/lebenleben.de\/mvz\/psychiatrie-und-psychotherapie\/katharina-herms\/#breadcrumb","itemListElement":[{"@type":"ListItem","position":1,"name":"Startseite","item":"https:\/\/lebenleben.de\/mvz\/"},{"@type":"ListItem","position":2,"name":"Psychiatrie","item":"https:\/\/lebenleben.de\/mvz\/psychiatrie-und-psychotherapie\/"},{"@type":"ListItem","position":3,"name":"Katharina Herms"}]},{"@type":"WebSite","@id":"https:\/\/lebenleben.de\/mvz\/#website","url":"https:\/\/lebenleben.de\/mvz\/","name":"Leben leben MVZ","description":"Medizinisches Versorgungszentrum am Hammersteinplatz","publisher":{"@id":"https:\/\/lebenleben.de\/mvz\/#organization"},"potentialAction":[{"@type":"SearchAction","target":{"@type":"EntryPoint","urlTemplate":"https:\/\/lebenleben.de\/mvz\/?s={search_term_string}"},"query-input":{"@type":"PropertyValueSpecification","valueRequired":true,"valueName":"search_term_string"}}],"inLanguage":"de"},{"@type":"Organization","@id":"https:\/\/lebenleben.de\/mvz\/#organization","name":"Leben leben MVZ","url":"https:\/\/lebenleben.de\/mvz\/","logo":{"@type":"ImageObject","inLanguage":"de","@id":"https:\/\/lebenleben.de\/mvz\/#\/schema\/logo\/image\/","url":"https:\/\/lebenleben.de\/mvz\/wp-content\/uploads\/sites\/3\/2021\/01\/ll_favicon-cyan.png","contentUrl":"https:\/\/lebenleben.de\/mvz\/wp-content\/uploads\/sites\/3\/2021\/01\/ll_favicon-cyan.png","width":501,"height":501,"caption":"Leben leben MVZ"},"image":{"@id":"https:\/\/lebenleben.de\/mvz\/#\/schema\/logo\/image\/"}}]}</script>
<!-- / Yoast SEO plugin. -->

Katharina Herms Fachärztin für Psychiatrie und Psychotherapie Beruf seit 01.04.2022 angestellte Fachärztin für Psychiatrie und Psychotherapie im Medizinischen Versorgungszentrum von Leben leben Praxisstandort Mühlentor 7, 29451 Dannenberg
