{"id":972,"date":"2022-03-07T16:29:03","date_gmt":"2022-03-07T15:29:03","guid":{"rendered":"https:\/\/lebenleben.de\/mvz\/?page_id=972"},"modified":"2024-05-24T09:45:22","modified_gmt":"2024-05-24T07:45:22","slug":"dipl-psych-katja-witthoeft","status":"publish","type":"page","link":"https:\/\/lebenleben.de\/mvz\/psychologie\/dipl-psych-katja-witthoeft\/","title":{"rendered":"Dipl.-Psych. Katja Witth\u00f6ft"},"content":{"rendered":"\n<div class=\"wp-block-columns is-layout-flex wp-container-core-columns-is-layout-9d6595d7 wp-block-columns-is-layout-flex\">\n<div class=\"wp-block-column is-layout-flow wp-block-column-is-layout-flow\" style=\"flex-basis:66%\">\n<h1 class=\"wp-block-heading\">Dipl.-Psych. Katja Witth\u00f6ft<\/h1>\n\n\n\n<p><strong>Psychologin<\/strong><\/p>\n\n\n\n<h2 class=\"wp-block-heading\">Beruf<\/h2>\n\n\n\n<p>seit 1\/2022 angestellte Diplom-Psychologin im MVZ am Hammersteinplatz, Psychologischer Dienst<\/p>\n\n\n\n<p>2007 &#8211; 2021 T\u00e4tigkeit als Diplom-Psychologin in der Rehabilitationsklinik im Herz- und Gef\u00e4\u00dfzentrum Bad Bevensen<\/p>\n\n\n\n<p>2005 \u2013 2006 Psychologischer Dienst der Orthop\u00e4die in der Diana-Klinik, Bad Bevensen<\/p>\n\n\n\n<p>2005 Betreuung behinderter Erwachsener im Haus Achtum, Uelzen<\/p>\n\n\n\n<h2 class=\"wp-block-heading\">Ausbildung<\/h2>\n\n\n\n<p>Studentische Mitarbeit im Zentrum f\u00fcr Rehabilitationspsychologie, Bremen (Ltg. Prof. Petermann)<\/p>\n\n\n\n<p>Studium der Psychologie an der Universit\u00e4t Bremen<\/p>\n\n\n\n<h2 class=\"wp-block-heading\">Fortbildung<\/h2>\n\n\n\n<p>Fortbildung Progressive Muskelentspannung nach Jacobsen<\/p>\n\n\n\n<p>Seminarleiterin f\u00fcr Stressbew\u00e4ltigung, Berlin<\/p>\n\n\n\n<p>Therapeutische Zusatzausbildung und Aufbaukurs in Systemischer Therapie und Beratung, Bremen<\/p>\n<\/div>\n\n\n\n<div class=\"wp-block-column is-layout-flow wp-block-column-is-layout-flow\" style=\"flex-basis:33%\">\n<figure class=\"wp-block-image size-large ll-corner-large\"><img loading=\"lazy\" decoding=\"async\" width=\"683\" height=\"1024\" src=\"https:\/\/lebenleben.de\/mvz\/wp-content\/uploads\/sites\/3\/2022\/09\/Katja-Wittho\u0308ft-683x1024.jpg\" alt=\"\" class=\"wp-image-1114\" srcset=\"https:\/\/lebenleben.de\/mvz\/wp-content\/uploads\/sites\/3\/2022\/09\/Katja-Wittho\u0308ft-683x1024.jpg 683w, https:\/\/lebenleben.de\/mvz\/wp-content\/uploads\/sites\/3\/2022\/09\/Katja-Wittho\u0308ft-200x300.jpg 200w, https:\/\/lebenleben.de\/mvz\/wp-content\/uploads\/sites\/3\/2022\/09\/Katja-Wittho\u0308ft-768x1152.jpg 768w, https:\/\/lebenleben.de\/mvz\/wp-content\/uploads\/sites\/3\/2022\/09\/Katja-Wittho\u0308ft-1024x1536.jpg 1024w, https:\/\/lebenleben.de\/mvz\/wp-content\/uploads\/sites\/3\/2022\/09\/Katja-Wittho\u0308ft-1365x2048.jpg 1365w, https:\/\/lebenleben.de\/mvz\/wp-content\/uploads\/sites\/3\/2022\/09\/Katja-Wittho\u0308ft-scaled.jpg 1707w\" sizes=\"auto, (max-width: 683px) 100vw, 683px\" \/><figcaption class=\"wp-element-caption\">Dipl.-Psych. Katja Witth\u00f6ft<\/figcaption><\/figure>\n<\/div>\n<\/div>\n","protected":false},"excerpt":{"rendered":"<p>Dipl.-Psych. Katja Witth\u00f6ft Psychologin Beruf seit 1\/2022 angestellte Diplom-Psychologin im MVZ am Hammersteinplatz, Psychologischer Dienst 2007 &#8211; 2021 T\u00e4tigkeit als Diplom-Psychologin in der Rehabilitationsklinik im Herz- und Gef\u00e4\u00dfzentrum Bad Bevensen 2005 \u2013 2006 Psychologischer Dienst der Orthop\u00e4die in der Diana-Klinik, Bad Bevensen 2005 Betreuung behinderter Erwachsener im Haus Achtum, Uelzen Ausbildung Studentische Mitarbeit im Zentrum [&hellip;]<\/p>\n","protected":false},"author":4,"featured_media":0,"parent":139,"menu_order":100,"comment_status":"closed","ping_status":"closed","template":"page-templates\/page-fullscreen.php","meta":{"_acf_changed":false,"footnotes":""},"class_list":["post-972","page","type-page","status-publish","hentry"],"acf":[],"yoast_head":"<!-- This site is optimized with the Yoast SEO plugin v27.3 - https:\/\/yoast.com\/product\/yoast-seo-wordpress\/ -->\n<title>Dipl.-Psych. Katja Witth\u00f6ft - Leben leben MVZ<\/title>\n<meta name=\"robots\" content=\"index, follow, max-snippet:-1, max-image-preview:large, max-video-preview:-1\" \/>\n<link rel=\"canonical\" href=\"https:\/\/lebenleben.de\/mvz\/psychologie\/dipl-psych-katja-witthoeft\/\" \/>\n<meta property=\"og:locale\" content=\"de_DE\" \/>\n<meta property=\"og:type\" content=\"article\" \/>\n<meta property=\"og:title\" content=\"Dipl.-Psych. Katja Witth\u00f6ft - Leben leben MVZ\" \/>\n<meta property=\"og:description\" content=\"Dipl.-Psych. Katja Witth\u00f6ft Psychologin Beruf seit 1\/2022 angestellte Diplom-Psychologin im MVZ am Hammersteinplatz, Psychologischer Dienst 2007 &#8211; 2021 T\u00e4tigkeit als Diplom-Psychologin in der Rehabilitationsklinik im Herz- und Gef\u00e4\u00dfzentrum Bad Bevensen 2005 \u2013 2006 Psychologischer Dienst der Orthop\u00e4die in der Diana-Klinik, Bad Bevensen 2005 Betreuung behinderter Erwachsener im Haus Achtum, Uelzen Ausbildung Studentische Mitarbeit im Zentrum [&hellip;]\" \/>\n<meta property=\"og:url\" content=\"https:\/\/lebenleben.de\/mvz\/psychologie\/dipl-psych-katja-witthoeft\/\" \/>\n<meta property=\"og:site_name\" content=\"Leben leben MVZ\" \/>\n<meta property=\"article:modified_time\" content=\"2024-05-24T07:45:22+00:00\" \/>\n<meta name=\"twitter:card\" content=\"summary_large_image\" \/>\n<meta name=\"twitter:label1\" content=\"Gesch\u00e4tzte Lesezeit\" \/>\n\t<meta name=\"twitter:data1\" content=\"1\u00a0Minute\" \/>\n<script type=\"application\/ld+json\" class=\"yoast-schema-graph\">{\"@context\":\"https:\\\/\\\/schema.org\",\"@graph\":[{\"@type\":\"WebPage\",\"@id\":\"https:\\\/\\\/lebenleben.de\\\/mvz\\\/psychologie\\\/dipl-psych-katja-witthoeft\\\/\",\"url\":\"https:\\\/\\\/lebenleben.de\\\/mvz\\\/psychologie\\\/dipl-psych-katja-witthoeft\\\/\",\"name\":\"Dipl.-Psych. Katja Witth\u00f6ft - Leben leben MVZ\",\"isPartOf\":{\"@id\":\"https:\\\/\\\/lebenleben.de\\\/mvz\\\/#website\"},\"datePublished\":\"2022-03-07T15:29:03+00:00\",\"dateModified\":\"2024-05-24T07:45:22+00:00\",\"breadcrumb\":{\"@id\":\"https:\\\/\\\/lebenleben.de\\\/mvz\\\/psychologie\\\/dipl-psych-katja-witthoeft\\\/#breadcrumb\"},\"inLanguage\":\"de\",\"potentialAction\":[{\"@type\":\"ReadAction\",\"target\":[\"https:\\\/\\\/lebenleben.de\\\/mvz\\\/psychologie\\\/dipl-psych-katja-witthoeft\\\/\"]}]},{\"@type\":\"BreadcrumbList\",\"@id\":\"https:\\\/\\\/lebenleben.de\\\/mvz\\\/psychologie\\\/dipl-psych-katja-witthoeft\\\/#breadcrumb\",\"itemListElement\":[{\"@type\":\"ListItem\",\"position\":1,\"name\":\"Startseite\",\"item\":\"https:\\\/\\\/lebenleben.de\\\/mvz\\\/\"},{\"@type\":\"ListItem\",\"position\":2,\"name\":\"Psychologischer Dienst\",\"item\":\"https:\\\/\\\/lebenleben.de\\\/mvz\\\/psychologie\\\/\"},{\"@type\":\"ListItem\",\"position\":3,\"name\":\"Dipl.-Psych. Katja Witth\u00f6ft\"}]},{\"@type\":\"WebSite\",\"@id\":\"https:\\\/\\\/lebenleben.de\\\/mvz\\\/#website\",\"url\":\"https:\\\/\\\/lebenleben.de\\\/mvz\\\/\",\"name\":\"Leben leben MVZ\",\"description\":\"Medizinisches Versorgungszentrum am Hammersteinplatz\",\"publisher\":{\"@id\":\"https:\\\/\\\/lebenleben.de\\\/mvz\\\/#organization\"},\"potentialAction\":[{\"@type\":\"SearchAction\",\"target\":{\"@type\":\"EntryPoint\",\"urlTemplate\":\"https:\\\/\\\/lebenleben.de\\\/mvz\\\/?s={search_term_string}\"},\"query-input\":{\"@type\":\"PropertyValueSpecification\",\"valueRequired\":true,\"valueName\":\"search_term_string\"}}],\"inLanguage\":\"de\"},{\"@type\":\"Organization\",\"@id\":\"https:\\\/\\\/lebenleben.de\\\/mvz\\\/#organization\",\"name\":\"Leben leben MVZ\",\"url\":\"https:\\\/\\\/lebenleben.de\\\/mvz\\\/\",\"logo\":{\"@type\":\"ImageObject\",\"inLanguage\":\"de\",\"@id\":\"https:\\\/\\\/lebenleben.de\\\/mvz\\\/#\\\/schema\\\/logo\\\/image\\\/\",\"url\":\"https:\\\/\\\/lebenleben.de\\\/mvz\\\/wp-content\\\/uploads\\\/sites\\\/3\\\/2021\\\/01\\\/ll_favicon-cyan.png\",\"contentUrl\":\"https:\\\/\\\/lebenleben.de\\\/mvz\\\/wp-content\\\/uploads\\\/sites\\\/3\\\/2021\\\/01\\\/ll_favicon-cyan.png\",\"width\":501,\"height\":501,\"caption\":\"Leben leben MVZ\"},\"image\":{\"@id\":\"https:\\\/\\\/lebenleben.de\\\/mvz\\\/#\\\/schema\\\/logo\\\/image\\\/\"}}]}<\/script>\n<!-- \/ Yoast SEO plugin. -->","yoast_head_json":{"title":"Dipl.-Psych. Katja Witth\u00f6ft - Leben leben MVZ","robots":{"index":"index","follow":"follow","max-snippet":"max-snippet:-1","max-image-preview":"max-image-preview:large","max-video-preview":"max-video-preview:-1"},"canonical":"https:\/\/lebenleben.de\/mvz\/psychologie\/dipl-psych-katja-witthoeft\/","og_locale":"de_DE","og_type":"article","og_title":"Dipl.-Psych. Katja Witth\u00f6ft - Leben leben MVZ","og_description":"Dipl.-Psych. Katja Witth\u00f6ft Psychologin Beruf seit 1\/2022 angestellte Diplom-Psychologin im MVZ am Hammersteinplatz, Psychologischer Dienst 2007 &#8211; 2021 T\u00e4tigkeit als Diplom-Psychologin in der Rehabilitationsklinik im Herz- und Gef\u00e4\u00dfzentrum Bad Bevensen 2005 \u2013 2006 Psychologischer Dienst der Orthop\u00e4die in der Diana-Klinik, Bad Bevensen 2005 Betreuung behinderter Erwachsener im Haus Achtum, Uelzen Ausbildung Studentische Mitarbeit im Zentrum [&hellip;]","og_url":"https:\/\/lebenleben.de\/mvz\/psychologie\/dipl-psych-katja-witthoeft\/","og_site_name":"Leben leben MVZ","article_modified_time":"2024-05-24T07:45:22+00:00","twitter_card":"summary_large_image","twitter_misc":{"Gesch\u00e4tzte Lesezeit":"1\u00a0Minute"},"schema":{"@context":"https:\/\/schema.org","@graph":[{"@type":"WebPage","@id":"https:\/\/lebenleben.de\/mvz\/psychologie\/dipl-psych-katja-witthoeft\/","url":"https:\/\/lebenleben.de\/mvz\/psychologie\/dipl-psych-katja-witthoeft\/","name":"Dipl.-Psych. Katja Witth\u00f6ft - Leben leben MVZ","isPartOf":{"@id":"https:\/\/lebenleben.de\/mvz\/#website"},"datePublished":"2022-03-07T15:29:03+00:00","dateModified":"2024-05-24T07:45:22+00:00","breadcrumb":{"@id":"https:\/\/lebenleben.de\/mvz\/psychologie\/dipl-psych-katja-witthoeft\/#breadcrumb"},"inLanguage":"de","potentialAction":[{"@type":"ReadAction","target":["https:\/\/lebenleben.de\/mvz\/psychologie\/dipl-psych-katja-witthoeft\/"]}]},{"@type":"BreadcrumbList","@id":"https:\/\/lebenleben.de\/mvz\/psychologie\/dipl-psych-katja-witthoeft\/#breadcrumb","itemListElement":[{"@type":"ListItem","position":1,"name":"Startseite","item":"https:\/\/lebenleben.de\/mvz\/"},{"@type":"ListItem","position":2,"name":"Psychologischer Dienst","item":"https:\/\/lebenleben.de\/mvz\/psychologie\/"},{"@type":"ListItem","position":3,"name":"Dipl.-Psych. Katja Witth\u00f6ft"}]},{"@type":"WebSite","@id":"https:\/\/lebenleben.de\/mvz\/#website","url":"https:\/\/lebenleben.de\/mvz\/","name":"Leben leben MVZ","description":"Medizinisches Versorgungszentrum am Hammersteinplatz","publisher":{"@id":"https:\/\/lebenleben.de\/mvz\/#organization"},"potentialAction":[{"@type":"SearchAction","target":{"@type":"EntryPoint","urlTemplate":"https:\/\/lebenleben.de\/mvz\/?s={search_term_string}"},"query-input":{"@type":"PropertyValueSpecification","valueRequired":true,"valueName":"search_term_string"}}],"inLanguage":"de"},{"@type":"Organization","@id":"https:\/\/lebenleben.de\/mvz\/#organization","name":"Leben leben MVZ","url":"https:\/\/lebenleben.de\/mvz\/","logo":{"@type":"ImageObject","inLanguage":"de","@id":"https:\/\/lebenleben.de\/mvz\/#\/schema\/logo\/image\/","url":"https:\/\/lebenleben.de\/mvz\/wp-content\/uploads\/sites\/3\/2021\/01\/ll_favicon-cyan.png","contentUrl":"https:\/\/lebenleben.de\/mvz\/wp-content\/uploads\/sites\/3\/2021\/01\/ll_favicon-cyan.png","width":501,"height":501,"caption":"Leben leben MVZ"},"image":{"@id":"https:\/\/lebenleben.de\/mvz\/#\/schema\/logo\/image\/"}}]}},"_links":{"self":[{"href":"https:\/\/lebenleben.de\/mvz\/wp-json\/wp\/v2\/pages\/972","targetHints":{"allow":["GET"]}}],"collection":[{"href":"https:\/\/lebenleben.de\/mvz\/wp-json\/wp\/v2\/pages"}],"about":[{"href":"https:\/\/lebenleben.de\/mvz\/wp-json\/wp\/v2\/types\/page"}],"author":[{"embeddable":true,"href":"https:\/\/lebenleben.de\/mvz\/wp-json\/wp\/v2\/users\/4"}],"replies":[{"embeddable":true,"href":"https:\/\/lebenleben.de\/mvz\/wp-json\/wp\/v2\/comments?post=972"}],"version-history":[{"count":7,"href":"https:\/\/lebenleben.de\/mvz\/wp-json\/wp\/v2\/pages\/972\/revisions"}],"predecessor-version":[{"id":1615,"href":"https:\/\/lebenleben.de\/mvz\/wp-json\/wp\/v2\/pages\/972\/revisions\/1615"}],"up":[{"embeddable":true,"href":"https:\/\/lebenleben.de\/mvz\/wp-json\/wp\/v2\/pages\/139"}],"wp:attachment":[{"href":"https:\/\/lebenleben.de\/mvz\/wp-json\/wp\/v2\/media?parent=972"}],"curies":[{"name":"wp","href":"https:\/\/api.w.org\/{rel}","templated":true}]}}

Dipl.-Psych. Katja Witthöft

<div class="wp-block-columns is-layout-flex wp-container-core-columns-is-layout-9d6595d7 wp-block-columns-is-layout-flex">
<div class="wp-block-column is-layout-flow wp-block-column-is-layout-flow" style="flex-basis:66%">
<h1 class="wp-block-heading">Dipl.-Psych. Katja Witthöft</h1>



<p><strong>Psychologin</strong></p>



<h2 class="wp-block-heading">Beruf</h2>



<p>seit 1/2022 angestellte Diplom-Psychologin im MVZ am Hammersteinplatz, Psychologischer Dienst</p>



<p>2007 &#8211; 2021 Tätigkeit als Diplom-Psychologin in der Rehabilitationsklinik im Herz- und Gefäßzentrum Bad Bevensen</p>



<p>2005 – 2006 Psychologischer Dienst der Orthopädie in der Diana-Klinik, Bad Bevensen</p>



<p>2005 Betreuung behinderter Erwachsener im Haus Achtum, Uelzen</p>



<h2 class="wp-block-heading">Ausbildung</h2>



<p>Studentische Mitarbeit im Zentrum für Rehabilitationspsychologie, Bremen (Ltg. Prof. Petermann)</p>



<p>Studium der Psychologie an der Universität Bremen</p>



<h2 class="wp-block-heading">Fortbildung</h2>



<p>Fortbildung Progressive Muskelentspannung nach Jacobsen</p>



<p>Seminarleiterin für Stressbewältigung, Berlin</p>



<p>Therapeutische Zusatzausbildung und Aufbaukurs in Systemischer Therapie und Beratung, Bremen</p>
</div>



<div class="wp-block-column is-layout-flow wp-block-column-is-layout-flow" style="flex-basis:33%">
<figure class="wp-block-image size-large ll-corner-large"><img loading="lazy" decoding="async" width="683" height="1024" src="https://lebenleben.de/mvz/wp-content/uploads/sites/3/2022/09/Katja-Witthöft-683x1024.jpg" alt="" class="wp-image-1114" srcset="https://lebenleben.de/mvz/wp-content/uploads/sites/3/2022/09/Katja-Witthöft-683x1024.jpg 683w, https://lebenleben.de/mvz/wp-content/uploads/sites/3/2022/09/Katja-Witthöft-200x300.jpg 200w, https://lebenleben.de/mvz/wp-content/uploads/sites/3/2022/09/Katja-Witthöft-768x1152.jpg 768w, https://lebenleben.de/mvz/wp-content/uploads/sites/3/2022/09/Katja-Witthöft-1024x1536.jpg 1024w, https://lebenleben.de/mvz/wp-content/uploads/sites/3/2022/09/Katja-Witthöft-1365x2048.jpg 1365w, https://lebenleben.de/mvz/wp-content/uploads/sites/3/2022/09/Katja-Witthöft-scaled.jpg 1707w" sizes="auto, (max-width: 683px) 100vw, 683px" /><figcaption class="wp-element-caption">Dipl.-Psych. Katja Witthöft</figcaption></figure>
</div>
</div>

<p>Dipl.-Psych. Katja Witthöft Psychologin Beruf seit 1/2022 angestellte Diplom-Psychologin im MVZ am Hammersteinplatz, Psychologischer Dienst 2007 &#8211; 2021 Tätigkeit als Diplom-Psychologin in der Rehabilitationsklinik im Herz- und Gefäßzentrum Bad Bevensen 2005 – 2006 Psychologischer Dienst der Orthopädie in der Diana-Klinik, Bad Bevensen 2005 Betreuung behinderter Erwachsener im Haus Achtum, Uelzen Ausbildung Studentische Mitarbeit im Zentrum [&hellip;]</p>

<!-- This site is optimized with the Yoast SEO plugin v27.3 - https://yoast.com/product/yoast-seo-wordpress/ -->
<title>Dipl.-Psych. Katja Witthöft - Leben leben MVZ</title>
<meta name="robots" content="index, follow, max-snippet:-1, max-image-preview:large, max-video-preview:-1" />
<link rel="canonical" href="https://lebenleben.de/mvz/psychologie/dipl-psych-katja-witthoeft/" />
<meta property="og:locale" content="de_DE" />
<meta property="og:type" content="article" />
<meta property="og:title" content="Dipl.-Psych. Katja Witthöft - Leben leben MVZ" />
<meta property="og:description" content="Dipl.-Psych. Katja Witthöft Psychologin Beruf seit 1/2022 angestellte Diplom-Psychologin im MVZ am Hammersteinplatz, Psychologischer Dienst 2007 &#8211; 2021 Tätigkeit als Diplom-Psychologin in der Rehabilitationsklinik im Herz- und Gefäßzentrum Bad Bevensen 2005 – 2006 Psychologischer Dienst der Orthopädie in der Diana-Klinik, Bad Bevensen 2005 Betreuung behinderter Erwachsener im Haus Achtum, Uelzen Ausbildung Studentische Mitarbeit im Zentrum [&hellip;]" />
<meta property="og:url" content="https://lebenleben.de/mvz/psychologie/dipl-psych-katja-witthoeft/" />
<meta property="og:site_name" content="Leben leben MVZ" />
<meta property="article:modified_time" content="2024-05-24T07:45:22+00:00" />
<meta name="twitter:card" content="summary_large_image" />
<meta name="twitter:label1" content="Geschätzte Lesezeit" />
	<meta name="twitter:data1" content="1 Minute" />
<script type="application/ld+json" class="yoast-schema-graph">{"@context":"https:\/\/schema.org","@graph":[{"@type":"WebPage","@id":"https:\/\/lebenleben.de\/mvz\/psychologie\/dipl-psych-katja-witthoeft\/","url":"https:\/\/lebenleben.de\/mvz\/psychologie\/dipl-psych-katja-witthoeft\/","name":"Dipl.-Psych. Katja Witthöft - Leben leben MVZ","isPartOf":{"@id":"https:\/\/lebenleben.de\/mvz\/#website"},"datePublished":"2022-03-07T15:29:03+00:00","dateModified":"2024-05-24T07:45:22+00:00","breadcrumb":{"@id":"https:\/\/lebenleben.de\/mvz\/psychologie\/dipl-psych-katja-witthoeft\/#breadcrumb"},"inLanguage":"de","potentialAction":[{"@type":"ReadAction","target":["https:\/\/lebenleben.de\/mvz\/psychologie\/dipl-psych-katja-witthoeft\/"]}]},{"@type":"BreadcrumbList","@id":"https:\/\/lebenleben.de\/mvz\/psychologie\/dipl-psych-katja-witthoeft\/#breadcrumb","itemListElement":[{"@type":"ListItem","position":1,"name":"Startseite","item":"https:\/\/lebenleben.de\/mvz\/"},{"@type":"ListItem","position":2,"name":"Psychologischer Dienst","item":"https:\/\/lebenleben.de\/mvz\/psychologie\/"},{"@type":"ListItem","position":3,"name":"Dipl.-Psych. Katja Witthöft"}]},{"@type":"WebSite","@id":"https:\/\/lebenleben.de\/mvz\/#website","url":"https:\/\/lebenleben.de\/mvz\/","name":"Leben leben MVZ","description":"Medizinisches Versorgungszentrum am Hammersteinplatz","publisher":{"@id":"https:\/\/lebenleben.de\/mvz\/#organization"},"potentialAction":[{"@type":"SearchAction","target":{"@type":"EntryPoint","urlTemplate":"https:\/\/lebenleben.de\/mvz\/?s={search_term_string}"},"query-input":{"@type":"PropertyValueSpecification","valueRequired":true,"valueName":"search_term_string"}}],"inLanguage":"de"},{"@type":"Organization","@id":"https:\/\/lebenleben.de\/mvz\/#organization","name":"Leben leben MVZ","url":"https:\/\/lebenleben.de\/mvz\/","logo":{"@type":"ImageObject","inLanguage":"de","@id":"https:\/\/lebenleben.de\/mvz\/#\/schema\/logo\/image\/","url":"https:\/\/lebenleben.de\/mvz\/wp-content\/uploads\/sites\/3\/2021\/01\/ll_favicon-cyan.png","contentUrl":"https:\/\/lebenleben.de\/mvz\/wp-content\/uploads\/sites\/3\/2021\/01\/ll_favicon-cyan.png","width":501,"height":501,"caption":"Leben leben MVZ"},"image":{"@id":"https:\/\/lebenleben.de\/mvz\/#\/schema\/logo\/image\/"}}]}</script>
<!-- / Yoast SEO plugin. -->

Dipl.-Psych. Katja Witthöft - Leben leben MVZ

Dipl.-Psych. Katja Witthöft Psychologin Beruf seit 1/2022 angestellte Diplom-Psychologin im MVZ am Hammersteinplatz, Psychologischer Dienst 2007 &#8211; 2021 Tätigkeit als Diplom-Psychologin in der Rehabilitationsklinik im Herz- und Gefäßzentrum Bad Bevensen 2005 – 2006 Psychologischer Dienst der Orthopädie in der Diana-Klinik, Bad Bevensen 2005 Betreuung behinderter Erwachsener im Haus Achtum, Uelzen Ausbildung Studentische Mitarbeit im Zentrum [&hellip;]
