{"id":7,"date":"2021-01-22T11:13:09","date_gmt":"2021-01-22T10:13:09","guid":{"rendered":"https:\/\/lebenleben.de\/mzeb\/?page_id=7"},"modified":"2026-02-17T13:48:53","modified_gmt":"2026-02-17T12:48:53","slug":"startseite","status":"publish","type":"page","link":"https:\/\/lebenleben.de\/mzeb\/","title":{"rendered":"Startseite"},"content":{"rendered":"\n<div id=\"llimageslider-block_6036e71f4afebd0fee9941d861dba9ad\" class=\"block-llimageslider llimageslider alignwide\">\n\n    \n\t\t<div class=\"llimageslider-slider\" data-slick='{\"autoplaySpeed\": 5000}'>\n\t\t\t\t\t\t\t<div class=\"single-slide-wrapper slide-1\">\n\t\t\t\t\t<img loading=\"lazy\" decoding=\"async\" width=\"1400\" height=\"560\" src=\"https:\/\/lebenleben.de\/mzeb\/wp-content\/uploads\/sites\/5\/2026\/02\/Startseite.jpg\" class=\"single-slide-image slider-desktop-image\" alt=\"\" srcset=\"https:\/\/lebenleben.de\/mzeb\/wp-content\/uploads\/sites\/5\/2026\/02\/Startseite.jpg 1400w, https:\/\/lebenleben.de\/mzeb\/wp-content\/uploads\/sites\/5\/2026\/02\/Startseite-300x120.jpg 300w, https:\/\/lebenleben.de\/mzeb\/wp-content\/uploads\/sites\/5\/2026\/02\/Startseite-1024x410.jpg 1024w, https:\/\/lebenleben.de\/mzeb\/wp-content\/uploads\/sites\/5\/2026\/02\/Startseite-768x307.jpg 768w\" sizes=\"auto, (max-width: 1400px) 100vw, 1400px\" \/>          <img loading=\"lazy\" decoding=\"async\" width=\"1000\" height=\"400\" src=\"https:\/\/lebenleben.de\/mzeb\/wp-content\/uploads\/sites\/5\/2026\/02\/Startseite-1024x410.jpg\" class=\"single-slide-image slider-mobile-image\" alt=\"\" srcset=\"https:\/\/lebenleben.de\/mzeb\/wp-content\/uploads\/sites\/5\/2026\/02\/Startseite-1024x410.jpg 1024w, https:\/\/lebenleben.de\/mzeb\/wp-content\/uploads\/sites\/5\/2026\/02\/Startseite-300x120.jpg 300w, https:\/\/lebenleben.de\/mzeb\/wp-content\/uploads\/sites\/5\/2026\/02\/Startseite-768x307.jpg 768w, https:\/\/lebenleben.de\/mzeb\/wp-content\/uploads\/sites\/5\/2026\/02\/Startseite.jpg 1400w\" sizes=\"auto, (max-width: 1000px) 100vw, 1000px\" \/>\n                    <div class=\"single-slide-text\">\n          <h2>MZEB <\/h2><h3>Diagnose und Behandlung unter einem Dach<\/h3>                  <\/div>\n        \n\t\t\t\t<\/div>\n\t\t\t\t\t<\/div>\n\t  <script>\n    jQuery(document).ready(function() {\n        jQuery('.llimageslider-slider').slick({\n          dots: true,\n          infinite: true,\n          speed: 1000,\n          autoplay: true,\n          adaptiveHeight: true,\n          slidesToShow: 1,\n          fade: true,\n          focusOnSelect: true\n        });\n    });\n    <\/script>\n<\/div>\n\n\n\n<div class=\"wp-block-columns is-layout-flex wp-container-core-columns-is-layout-9d6595d7 wp-block-columns-is-layout-flex\">\n<div class=\"wp-block-column is-layout-flow wp-block-column-is-layout-flow\" style=\"flex-basis:75%\">\n<h1 class=\"wp-block-heading\">Diagnose und Behandlung unter einem Dach<\/h1>\n\n\n\n<p>In unserem Medizinischen Zentrum f\u00fcr Erwachsene mit Behinderung in Uelzen, kurz MZEB genannt, bieten wir erwachsenen Menschen mit einem komplexen Krankheitsbild auf Grundlage einer vorliegenden geistigen Behinderung eine erg\u00e4nzende speziell auf Ihre Bed\u00fcrfnisse ausgerichtete Behandlungsstrategie. Um einen optimalen Behandlungserfolg erzielen zu k\u00f6nnen, arbeiten alle \u00c4rzte und Therapeuten im Team zusammen. Alle bisherigen Behandlungen und Untersuchungen des Patienten werden zusammengef\u00fchrt und ausgewertet, so dass ein ganzheitlicher Behandlungsplan erarbeitet werden kann. <br><br>Im Sinne eines maximalen Therapieerfolges arbeiten wir zudem eng mit dem <a href=\"http:\/\/www.lebenleben.de\/therapiezentrum\" target=\"_blank\" rel=\"noreferrer noopener\">Therapiezentrum<\/a> unseres Unternehmensverbundes zusammen. Speziell geschulte Therapeuten bieten im Rahmen einer ergotherapeutischen Behandlung die M\u00f6glichkeit <a href=\"https:\/\/lebenleben.de\/therapiezentrum\/ergotherapie\/\" target=\"_blank\" rel=\"noreferrer noopener\">tiergest\u00fctzter Therapiema\u00dfnahmen<\/a> in Einzel- und\/oder Gruppentherapie. Mit unserem mobilen Team kommen wir auch zu Ihnen in die Einrichtung!<\/p>\n<\/div>\n\n\n\n<div class=\"wp-block-column is-layout-flow wp-block-column-is-layout-flow\" style=\"flex-basis:25%\">\n<div class=\"wp-block-group widget\"><div class=\"wp-block-group__inner-container is-layout-flow wp-block-group-is-layout-flow\">\n<h3 class=\"wp-block-heading\">Kontakt<\/h3>\n\n\n\n<p><svg class=\"ll-icon icon-telephone\"  enable-background=\"new 0 0 64 64\" height=\"64px\" version=\"1.1\" viewBox=\"0 0 64 64\" width=\"64px\" xml:space=\"preserve\" xmlns=\"http:\/\/www.w3.org\/2000\/svg\" xmlns:xlink=\"http:\/\/www.w3.org\/1999\/xlink\"><g id=\"_x31_-Call\"\/><g id=\"_x32_-24_Hours_Call\"\/><g id=\"_x33_-Sending_Call\"\/><g id=\"_x34_-Incoming_Call\"\/><g id=\"_x35_-Talk_On_Phone\"\/><g id=\"_x36_-Block_Call\"\/><g id=\"_x37_-Hold_Call\"\/><g id=\"_x38_-Mute_Call\"\/><g id=\"_x39_-Phone_Book\"\/><g id=\"_x31_0-Add_Contact\"\/><g id=\"_x31_1-Delete_Contact\"\/><g id=\"_x31_2-Mail\"\/><g id=\"_x31_3-Message_Read\"\/><g id=\"_x31_4-Email\"\/><g id=\"_x31_5-Send_Mail\"\/><g id=\"_x31_6-Important_Mail\"\/><g id=\"_x31_7-Mail_Chain\"\/><g id=\"_x31_8-Messaging\"\/><g id=\"_x31_9-Sending\"\/><g id=\"_x32_0-Chat\"\/><g id=\"_x32_1-Mail_Attachment\"\/><g id=\"_x32_2-Mobile_Link\"\/><g id=\"_x32_3-Smartphone\"\/><g id=\"_x32_4-Social_Media\"\/><g id=\"_x32_5-Support\"\/><g id=\"_x32_6-Links\"\/><g id=\"_x32_7-Phone\"><path d=\"M52.1478348,42.6777344l-6.4785156-4.5263672c-0.847168-0.5908203-1.8374023-0.9023438-2.8642578-0.9023438   c-1.6328125,0-3.1655273,0.8007813-4.0991211,2.140625l-1.5039063,2.1552734   c-2.5205078-1.6904297-5.3330097-4.0507813-8.0141621-6.7314453c-2.6806641-2.6806641-5.0405273-5.4931641-6.7304688-8.0136719   l2.1542969-1.5039063c1.0981445-0.7646484,1.831543-1.9101563,2.0644531-3.2246094   c0.2324219-1.3134766-0.0605469-2.640625-0.8261719-3.7392578l-4.5253906-6.4785156   C20.3783016,10.5,18.8514462,9.6914063,17.2396297,9.6914063c-0.5585938,0-1.1064453,0.0986328-1.6279297,0.2910156   c-0.5922852,0.21875-1.144043,0.4873047-1.6850586,0.8271484l-0.8945313,0.6298828   c-0.2236328,0.1738281-0.4316406,0.3642578-0.6308594,0.5634766c-1.0913086,1.0908203-1.8657227,2.4716797-2.3027344,4.1044922   c-1.8647461,6.9902344,2.7548828,17.5605469,11.4951172,26.3007813   c7.3398438,7.3398438,16.1577168,11.8994141,23.0117207,11.9003906h0.0004883c1.1738281,0,2.2802734-0.1367188,3.2890625-0.40625   c1.6328125-0.4365234,3.0136719-1.2109375,4.1054688-2.3027344c0.1982422-0.1982422,0.3876953-0.40625,0.5908203-0.6689453   l0.6303711-0.8994141c0.3081055-0.4921875,0.5761719-1.0439453,0.7978516-1.640625   C54.7816238,46.3300781,54.0120926,43.9804688,52.1478348,42.6777344z\"\/><\/g><g id=\"_x32_8-Phone-2\"\/><g id=\"_x32_9-Map\"\/><g id=\"_x33_0-Location\"\/><g id=\"_x33_1-Write\"\/><g id=\"_x33_2-World\"\/><g id=\"_x33_3-Home\"\/><g id=\"_x33_4-Calendar\"\/><g id=\"_x33_5-Website\"\/><g id=\"_x33_6-Info\"\/><g id=\"_x33_7-Bull_Horn\"\/><g id=\"_x33_8-Profile\"\/><g id=\"_x33_9-Quote__x26__Answer\"\/><g id=\"_x34_0-Notification\"\/><g id=\"_x34_1-Share\"\/><g id=\"_x34_2-Time\"\/><\/svg> <a href=\"tel:+495819716660\">0<\/a><a href=\"tel:+49581948874150\">581 948874-150<\/a><br><br><svg class=\"ll-icon icon-mail-alt\" enable-background=\"new 0 0 24 24\" height=\"24px\" id=\"Layer_1\" version=\"1.1\" viewBox=\"0 0 24 24\" width=\"24px\" xml:space=\"preserve\" xmlns=\"http:\/\/www.w3.org\/2000\/svg\" xmlns:xlink=\"http:\/\/www.w3.org\/1999\/xlink\"><path clip-rule=\"evenodd\" d=\"M11.984,13C10.031,13-0.031,4.891-0.031,4.891V4c0-1.104,0.896-2,2.002-2h20.026  C23.104,2,24,2.896,24,4l-0.016,1C23.984,5,14.031,13,11.984,13z M11.984,15.75c2.141,0,12-7.75,12-7.75L24,20  c0,1.104-0.896,2-2.003,2H1.971c-1.105,0-2.002-0.896-2.002-2l0.016-12C-0.016,8,10.031,15.75,11.984,15.75z\" fill-rule=\"evenodd\"\/><\/svg> <a href=\"mailto:mzeb@lebenleben.de\">mzeb@lebenleben.de<\/a><\/p>\n<\/div><\/div>\n<\/div>\n<\/div>\n\n\n\n\n\n\n<div style=\"height:15px\" aria-hidden=\"true\" class=\"wp-block-spacer\"><\/div>\n\n\n\n<h2 class=\"wp-block-heading\">Zugangsvoraussetzungen<\/h2>\n\n\n\n<div style=\"height:15px\" aria-hidden=\"true\" class=\"wp-block-spacer\"><\/div>\n\n\n\n<ul class=\"wp-block-list\">\n<li>Grad der Behinderung (GdB) von 70 und mehr<\/li>\n\n\n\n<li>Vollj\u00e4hrigkeit<\/li>\n\n\n\n<li>geistige und psychische St\u00f6rung<\/li>\n\n\n\n<li>genetisch bedingte Syndrome<\/li>\n<\/ul>\n\n\n\n<div style=\"height:35px\" aria-hidden=\"true\" class=\"wp-block-spacer\"><\/div>\n\n\n\n<h2 class=\"wp-block-heading\">Unsere Sprechzeiten<\/h2>\n\n\n\n<div class=\"wp-block-columns is-layout-flex wp-container-core-columns-is-layout-9d6595d7 wp-block-columns-is-layout-flex\">\n<div class=\"wp-block-column is-layout-flow wp-block-column-is-layout-flow\">\n<p><strong>Internistische Sprechstunde<\/strong><\/p>\n\n\n\n<div id=\"llopeninghours-block_5d6c5be87d510b959cf7711ba34c6a44\" class=\"block-llopeninghours llopeninghours\">\n\n<table class=\"hours-table\">      <tr>\n      <td><span>Donnerstag<\/span><\/td>\n\n            <td>10.00-15.00<\/td>\n      \n      \n      \n      <\/tr>\n    <\/table>\n<\/div>\n\n\n\n<div style=\"height:5px\" aria-hidden=\"true\" class=\"wp-block-spacer\"><\/div>\n\n\n\n<p><strong>Psychiatrische Sprechstunde<\/strong><\/p>\n\n\n\n<div id=\"llopeninghours-block_b7d2c5eda91e9248279beb4a95391bac\" class=\"block-llopeninghours llopeninghours\">\n\n<table class=\"hours-table\">      <tr>\n      <td><span>Donnerstag<\/span><\/td>\n\n            <td>8.00-9.00<\/td>\n      \n      \n      \n      <\/tr>\n    <\/table>\n<\/div>\n\n\n\n<div style=\"height:5px\" aria-hidden=\"true\" class=\"wp-block-spacer\"><\/div>\n\n\n\n<p><strong>Neurologische Sprechstunde<\/strong><\/p>\n\n\n\n<div id=\"llopeninghours-block_c953c7bd3c100edd3530c3c86fe5c3d0\" class=\"block-llopeninghours llopeninghours\">\n\n<table class=\"hours-table\">      <tr>\n      <td><span>Montag<\/span><\/td>\n\n            <td>9.00-13.00<\/td>\n      \n      \n      \n      <\/tr>\n    <\/table>\n<\/div>\n<\/div>\n\n\n\n<div class=\"wp-block-column is-layout-flow wp-block-column-is-layout-flow\">\n<p><strong>Ergotherapeutische Sprechstunde<\/strong><\/p>\n\n\n\n<div id=\"llopeninghours-block_67d5191df5149d600167dea38311abda\" class=\"block-llopeninghours llopeninghours\">\n\n<table class=\"hours-table\">      <tr>\n      <td><span>Donnerstag<\/span><\/td>\n\n            <td>15.00-17.00<\/td>\n      \n      \n      \n      <\/tr>\n    <\/table>\n<\/div>\n\n\n\n<div style=\"height:5px\" aria-hidden=\"true\" class=\"wp-block-spacer\"><\/div>\n\n\n\n<p><strong>Psychologische Sprechstunde<\/strong><\/p>\n\n\n\n<div id=\"llopeninghours-block_de621aab1eaeb3c9280e4477629b5d7b\" class=\"block-llopeninghours llopeninghours\">\n\n<table class=\"hours-table\">      <tr>\n      <td><span>Montag<\/span><\/td>\n\n            <td>9.00-14.00<\/td>\n      \n      \n      \n      <\/tr>\n          <tr>\n      <td><span>Dienstag<\/span><\/td>\n\n            <td>8.00-13.00<\/td>\n      \n      \n      \n      <\/tr>\n          <tr>\n      <td><span>Mittwoch<\/span><\/td>\n\n            <td>8.00-13.00<\/td>\n      \n      \n      \n      <\/tr>\n    <\/table>\n<\/div>\n<\/div>\n<\/div>\n\n\n\n<p>Weitere Informationen zu unserer Erreichbarkeit sowie unserer zentralen Terminvergabe erhalten Sie unter <a href=\"https:\/\/lebenleben.de\/mzeb\/kontakt\/\">Kontakt<\/a>.<\/p>\n\n\n\n<div style=\"height:50px\" aria-hidden=\"true\" class=\"wp-block-spacer\"><\/div>\n","protected":false},"excerpt":{"rendered":"<p>Diagnose und Behandlung unter einem Dach In unserem Medizinischen Zentrum f\u00fcr Erwachsene mit Behinderung in Uelzen, kurz MZEB genannt, bieten wir erwachsenen Menschen mit einem komplexen Krankheitsbild auf Grundlage einer vorliegenden geistigen Behinderung eine erg\u00e4nzende speziell auf Ihre Bed\u00fcrfnisse ausgerichtete Behandlungsstrategie. Um einen optimalen Behandlungserfolg erzielen zu k\u00f6nnen, arbeiten alle \u00c4rzte und Therapeuten im Team [&hellip;]<\/p>\n","protected":false},"author":1,"featured_media":0,"parent":0,"menu_order":0,"comment_status":"closed","ping_status":"closed","template":"page-templates\/page-fullscreen.php","meta":{"_acf_changed":false,"footnotes":""},"class_list":["post-7","page","type-page","status-publish","hentry"],"acf":[],"yoast_head":"<!-- This site is optimized with the Yoast SEO plugin v27.3 - https:\/\/yoast.com\/product\/yoast-seo-wordpress\/ -->\n<title>MZEB Uelzen | Behandlungszentrum bei Mehrfachbehinderung<\/title>\n<meta name=\"description\" content=\"Im MZEB Uelzen werden Erwachsene mit einer geistigen oder schweren Mehrfachbehinderung \u00e4rztlich und therapeutisch rundum betreut.\" \/>\n<meta name=\"robots\" content=\"index, follow, max-snippet:-1, max-image-preview:large, max-video-preview:-1\" \/>\n<link rel=\"canonical\" href=\"https:\/\/lebenleben.de\/mzeb\/\" \/>\n<meta property=\"og:locale\" content=\"de_DE\" \/>\n<meta property=\"og:type\" content=\"article\" \/>\n<meta property=\"og:title\" content=\"MZEB Uelzen | Behandlungszentrum bei Mehrfachbehinderung\" \/>\n<meta property=\"og:description\" content=\"Im MZEB Uelzen werden Erwachsene mit einer geistigen oder schweren Mehrfachbehinderung \u00e4rztlich und therapeutisch rundum betreut.\" \/>\n<meta property=\"og:url\" content=\"https:\/\/lebenleben.de\/mzeb\/\" \/>\n<meta property=\"og:site_name\" content=\"Leben leben MZEB\" \/>\n<meta property=\"article:modified_time\" content=\"2026-02-17T12:48:53+00:00\" \/>\n<meta name=\"twitter:card\" content=\"summary_large_image\" \/>\n<meta name=\"twitter:label1\" content=\"Gesch\u00e4tzte Lesezeit\" \/>\n\t<meta name=\"twitter:data1\" content=\"2\u00a0Minuten\" \/>\n<script type=\"application\/ld+json\" class=\"yoast-schema-graph\">{\"@context\":\"https:\\\/\\\/schema.org\",\"@graph\":[{\"@type\":\"WebPage\",\"@id\":\"https:\\\/\\\/lebenleben.de\\\/mzeb\\\/\",\"url\":\"https:\\\/\\\/lebenleben.de\\\/mzeb\\\/\",\"name\":\"MZEB Uelzen | Behandlungszentrum bei Mehrfachbehinderung\",\"isPartOf\":{\"@id\":\"https:\\\/\\\/lebenleben.de\\\/mzeb\\\/#website\"},\"datePublished\":\"2021-01-22T10:13:09+00:00\",\"dateModified\":\"2026-02-17T12:48:53+00:00\",\"description\":\"Im MZEB Uelzen werden Erwachsene mit einer geistigen oder schweren Mehrfachbehinderung \u00e4rztlich und therapeutisch rundum betreut.\",\"breadcrumb\":{\"@id\":\"https:\\\/\\\/lebenleben.de\\\/mzeb\\\/#breadcrumb\"},\"inLanguage\":\"de\",\"potentialAction\":[{\"@type\":\"ReadAction\",\"target\":[\"https:\\\/\\\/lebenleben.de\\\/mzeb\\\/\"]}]},{\"@type\":\"BreadcrumbList\",\"@id\":\"https:\\\/\\\/lebenleben.de\\\/mzeb\\\/#breadcrumb\",\"itemListElement\":[{\"@type\":\"ListItem\",\"position\":1,\"name\":\"Startseite\",\"item\":\"https:\\\/\\\/lebenleben.de\\\/mzeb\\\/\"},{\"@type\":\"ListItem\",\"position\":2,\"name\":\"Startseite\"}]},{\"@type\":\"WebSite\",\"@id\":\"https:\\\/\\\/lebenleben.de\\\/mzeb\\\/#website\",\"url\":\"https:\\\/\\\/lebenleben.de\\\/mzeb\\\/\",\"name\":\"Leben leben MZEB\",\"description\":\"Medizinisches Behandlungszentrum f\u00fcr Erwachsene mit geistiger oder schwerer Mehrfachbehinderung\",\"publisher\":{\"@id\":\"https:\\\/\\\/lebenleben.de\\\/mzeb\\\/#organization\"},\"potentialAction\":[{\"@type\":\"SearchAction\",\"target\":{\"@type\":\"EntryPoint\",\"urlTemplate\":\"https:\\\/\\\/lebenleben.de\\\/mzeb\\\/?s={search_term_string}\"},\"query-input\":{\"@type\":\"PropertyValueSpecification\",\"valueRequired\":true,\"valueName\":\"search_term_string\"}}],\"inLanguage\":\"de\"},{\"@type\":\"Organization\",\"@id\":\"https:\\\/\\\/lebenleben.de\\\/mzeb\\\/#organization\",\"name\":\"Leben leben MZEB\",\"url\":\"https:\\\/\\\/lebenleben.de\\\/mzeb\\\/\",\"logo\":{\"@type\":\"ImageObject\",\"inLanguage\":\"de\",\"@id\":\"https:\\\/\\\/lebenleben.de\\\/mzeb\\\/#\\\/schema\\\/logo\\\/image\\\/\",\"url\":\"https:\\\/\\\/lebenleben.de\\\/mzeb\\\/wp-content\\\/uploads\\\/sites\\\/5\\\/2021\\\/01\\\/ll_favicon-cyan.png\",\"contentUrl\":\"https:\\\/\\\/lebenleben.de\\\/mzeb\\\/wp-content\\\/uploads\\\/sites\\\/5\\\/2021\\\/01\\\/ll_favicon-cyan.png\",\"width\":501,\"height\":501,\"caption\":\"Leben leben MZEB\"},\"image\":{\"@id\":\"https:\\\/\\\/lebenleben.de\\\/mzeb\\\/#\\\/schema\\\/logo\\\/image\\\/\"}}]}<\/script>\n<!-- \/ Yoast SEO plugin. -->","yoast_head_json":{"title":"MZEB Uelzen | Behandlungszentrum bei Mehrfachbehinderung","description":"Im MZEB Uelzen werden Erwachsene mit einer geistigen oder schweren Mehrfachbehinderung \u00e4rztlich und therapeutisch rundum betreut.","robots":{"index":"index","follow":"follow","max-snippet":"max-snippet:-1","max-image-preview":"max-image-preview:large","max-video-preview":"max-video-preview:-1"},"canonical":"https:\/\/lebenleben.de\/mzeb\/","og_locale":"de_DE","og_type":"article","og_title":"MZEB Uelzen | Behandlungszentrum bei Mehrfachbehinderung","og_description":"Im MZEB Uelzen werden Erwachsene mit einer geistigen oder schweren Mehrfachbehinderung \u00e4rztlich und therapeutisch rundum betreut.","og_url":"https:\/\/lebenleben.de\/mzeb\/","og_site_name":"Leben leben MZEB","article_modified_time":"2026-02-17T12:48:53+00:00","twitter_card":"summary_large_image","twitter_misc":{"Gesch\u00e4tzte Lesezeit":"2\u00a0Minuten"},"schema":{"@context":"https:\/\/schema.org","@graph":[{"@type":"WebPage","@id":"https:\/\/lebenleben.de\/mzeb\/","url":"https:\/\/lebenleben.de\/mzeb\/","name":"MZEB Uelzen | Behandlungszentrum bei Mehrfachbehinderung","isPartOf":{"@id":"https:\/\/lebenleben.de\/mzeb\/#website"},"datePublished":"2021-01-22T10:13:09+00:00","dateModified":"2026-02-17T12:48:53+00:00","description":"Im MZEB Uelzen werden Erwachsene mit einer geistigen oder schweren Mehrfachbehinderung \u00e4rztlich und therapeutisch rundum betreut.","breadcrumb":{"@id":"https:\/\/lebenleben.de\/mzeb\/#breadcrumb"},"inLanguage":"de","potentialAction":[{"@type":"ReadAction","target":["https:\/\/lebenleben.de\/mzeb\/"]}]},{"@type":"BreadcrumbList","@id":"https:\/\/lebenleben.de\/mzeb\/#breadcrumb","itemListElement":[{"@type":"ListItem","position":1,"name":"Startseite","item":"https:\/\/lebenleben.de\/mzeb\/"},{"@type":"ListItem","position":2,"name":"Startseite"}]},{"@type":"WebSite","@id":"https:\/\/lebenleben.de\/mzeb\/#website","url":"https:\/\/lebenleben.de\/mzeb\/","name":"Leben leben MZEB","description":"Medizinisches Behandlungszentrum f\u00fcr Erwachsene mit geistiger oder schwerer Mehrfachbehinderung","publisher":{"@id":"https:\/\/lebenleben.de\/mzeb\/#organization"},"potentialAction":[{"@type":"SearchAction","target":{"@type":"EntryPoint","urlTemplate":"https:\/\/lebenleben.de\/mzeb\/?s={search_term_string}"},"query-input":{"@type":"PropertyValueSpecification","valueRequired":true,"valueName":"search_term_string"}}],"inLanguage":"de"},{"@type":"Organization","@id":"https:\/\/lebenleben.de\/mzeb\/#organization","name":"Leben leben MZEB","url":"https:\/\/lebenleben.de\/mzeb\/","logo":{"@type":"ImageObject","inLanguage":"de","@id":"https:\/\/lebenleben.de\/mzeb\/#\/schema\/logo\/image\/","url":"https:\/\/lebenleben.de\/mzeb\/wp-content\/uploads\/sites\/5\/2021\/01\/ll_favicon-cyan.png","contentUrl":"https:\/\/lebenleben.de\/mzeb\/wp-content\/uploads\/sites\/5\/2021\/01\/ll_favicon-cyan.png","width":501,"height":501,"caption":"Leben leben MZEB"},"image":{"@id":"https:\/\/lebenleben.de\/mzeb\/#\/schema\/logo\/image\/"}}]}},"_links":{"self":[{"href":"https:\/\/lebenleben.de\/mzeb\/wp-json\/wp\/v2\/pages\/7","targetHints":{"allow":["GET"]}}],"collection":[{"href":"https:\/\/lebenleben.de\/mzeb\/wp-json\/wp\/v2\/pages"}],"about":[{"href":"https:\/\/lebenleben.de\/mzeb\/wp-json\/wp\/v2\/types\/page"}],"author":[{"embeddable":true,"href":"https:\/\/lebenleben.de\/mzeb\/wp-json\/wp\/v2\/users\/1"}],"replies":[{"embeddable":true,"href":"https:\/\/lebenleben.de\/mzeb\/wp-json\/wp\/v2\/comments?post=7"}],"version-history":[{"count":96,"href":"https:\/\/lebenleben.de\/mzeb\/wp-json\/wp\/v2\/pages\/7\/revisions"}],"predecessor-version":[{"id":515,"href":"https:\/\/lebenleben.de\/mzeb\/wp-json\/wp\/v2\/pages\/7\/revisions\/515"}],"wp:attachment":[{"href":"https:\/\/lebenleben.de\/mzeb\/wp-json\/wp\/v2\/media?parent=7"}],"curies":[{"name":"wp","href":"https:\/\/api.w.org\/{rel}","templated":true}]}}