{"id":10,"date":"2021-01-22T16:15:25","date_gmt":"2021-01-22T15:15:25","guid":{"rendered":"https:\/\/lebenleben.de\/schulbegleitung\/?page_id=10"},"modified":"2024-05-29T08:57:56","modified_gmt":"2024-05-29T06:57:56","slug":"basis-unserer-arbeit","status":"publish","type":"page","link":"https:\/\/lebenleben.de\/schulbegleitung\/basis-unserer-arbeit\/","title":{"rendered":"Basis unserer Arbeit"},"content":{"rendered":"\n<div id=\"llimageslider-block_72d6a0d4fb04f273c79ff018e60d9596\" class=\"block-llimageslider llimageslider alignwide\">\n\n    \n\t\t<div class=\"llimageslider-slider\" data-slick='{\"autoplaySpeed\": 5000}'>\n\t\t\t\t\t\t\t<div class=\"single-slide-wrapper slide-1\">\n\t\t\t\t\t<img loading=\"lazy\" decoding=\"async\" width=\"1400\" height=\"440\" src=\"https:\/\/lebenleben.de\/schulbegleitung\/wp-content\/uploads\/sites\/12\/2024\/05\/ll_header_slider_image_1400x560_0001_action-2277292-1400x440-1.jpg\" class=\"single-slide-image slider-desktop-image\" alt=\"\" srcset=\"https:\/\/lebenleben.de\/schulbegleitung\/wp-content\/uploads\/sites\/12\/2024\/05\/ll_header_slider_image_1400x560_0001_action-2277292-1400x440-1.jpg 1400w, https:\/\/lebenleben.de\/schulbegleitung\/wp-content\/uploads\/sites\/12\/2024\/05\/ll_header_slider_image_1400x560_0001_action-2277292-1400x440-1-300x94.jpg 300w, https:\/\/lebenleben.de\/schulbegleitung\/wp-content\/uploads\/sites\/12\/2024\/05\/ll_header_slider_image_1400x560_0001_action-2277292-1400x440-1-1024x322.jpg 1024w, https:\/\/lebenleben.de\/schulbegleitung\/wp-content\/uploads\/sites\/12\/2024\/05\/ll_header_slider_image_1400x560_0001_action-2277292-1400x440-1-768x241.jpg 768w\" sizes=\"auto, (max-width: 1400px) 100vw, 1400px\" \/>          <img loading=\"lazy\" decoding=\"async\" width=\"1000\" height=\"314\" src=\"https:\/\/lebenleben.de\/schulbegleitung\/wp-content\/uploads\/sites\/12\/2024\/05\/ll_header_slider_image_1400x560_0001_action-2277292-1400x440-1-1024x322.jpg\" class=\"single-slide-image slider-mobile-image\" alt=\"\" srcset=\"https:\/\/lebenleben.de\/schulbegleitung\/wp-content\/uploads\/sites\/12\/2024\/05\/ll_header_slider_image_1400x560_0001_action-2277292-1400x440-1-1024x322.jpg 1024w, https:\/\/lebenleben.de\/schulbegleitung\/wp-content\/uploads\/sites\/12\/2024\/05\/ll_header_slider_image_1400x560_0001_action-2277292-1400x440-1-300x94.jpg 300w, https:\/\/lebenleben.de\/schulbegleitung\/wp-content\/uploads\/sites\/12\/2024\/05\/ll_header_slider_image_1400x560_0001_action-2277292-1400x440-1-768x241.jpg 768w, https:\/\/lebenleben.de\/schulbegleitung\/wp-content\/uploads\/sites\/12\/2024\/05\/ll_header_slider_image_1400x560_0001_action-2277292-1400x440-1.jpg 1400w\" sizes=\"auto, (max-width: 1000px) 100vw, 1000px\" \/>\n                    <div class=\"single-slide-text\">\n          <h2>Schulbegleitung in Uelzen und Gifhorn<\/h2><h3>Das sind unsere Schwerpunkte<\/h3>                  <\/div>\n        \n\t\t\t\t<\/div>\n\t\t\t\t\t<\/div>\n\t  <script>\n    jQuery(document).ready(function() {\n        jQuery('.llimageslider-slider').slick({\n          dots: true,\n          infinite: true,\n          speed: 1000,\n          autoplay: true,\n          adaptiveHeight: true,\n          slidesToShow: 1,\n          fade: true,\n          focusOnSelect: true\n        });\n    });\n    <\/script>\n<\/div>\n\n\n\n<p>Die Schulbegleitung ist eine vielschichtige T\u00e4tigkeit, die u. a. Empathie, Flexibilit\u00e4t und p\u00e4dagogisches Know-how erfordert. Dar\u00fcber hinaus verf\u00fcgen unsere Expert:innen \u00fcber besondere Kenntnisse in der Psycho- und Traumap\u00e4dagogik sowie \u00fcber das Autismus-Spektrum und legen Wert auf eine vertrauensvolle Elternarbeit.<\/p>\n\n\n\n<div style=\"height:25px\" aria-hidden=\"true\" class=\"wp-block-spacer\"><\/div>\n\n\n\n<h2 class=\"wp-block-heading\">Psychop\u00e4dagogik<\/h2>\n\n\n\n<p>Eine unserer p\u00e4dagogischen \u00dcberzeugungen ist, dass die Entwicklung von Kindern ma\u00dfgeblich durch vielf\u00e4ltige Risiko- und Schutzfaktoren beeinflusst wird. Um Entwicklungsprozesse positiv lenken zu k\u00f6nnen, unterst\u00fctzen wir Kinder in der Entwicklung eines positiven Selbstbilds und einer gesunden Psyche. Unsere Schulbegleiter:innen zeigen den Kindern ihre St\u00e4rken auf und f\u00f6rdern das Vertrauen in diese.<\/p>\n\n\n\n<p>Zur erfolgreichen Umsetzung des Inklusionsgedankens vermitteln wir unseren Schulbegleiter:innen Grundkenntnisse \u00fcber systemische und psychosoziale Aspekte der p\u00e4dagogischen Arbeit. Damit unsere Fachkr\u00e4fte diese&nbsp;\u2013 zun\u00e4chst theoretischen&nbsp;\u2013 Kenntnisse im p\u00e4dagogischen Handeln anwenden k\u00f6nnen, ist eine regelm\u00e4\u00dfige Reflexion der eigenen Haltung und Handlungsweise notwendig. Im Rahmen von Intervisionsgruppen und durch eine unterst\u00fctzende Beratung begleiten wir unsere Schulbegleiter:innen kontinuierlich bei ihrer sehr anspruchsvollen T\u00e4tigkeit.<\/p>\n\n\n\n<div style=\"height:25px\" aria-hidden=\"true\" class=\"wp-block-spacer\"><\/div>\n\n\n\n<h2 class=\"wp-block-heading\">Traumap\u00e4dagogik<\/h2>\n\n\n\n<p>Menschen verhalten sich immer aus ihren Bed\u00fcrfnissen heraus! Auf der Basis dieser p\u00e4dagogischen Grundannahme begegnen unsere Fachkr\u00e4fte den von ihnen begleiteten Kinder und Jugendlichen mit Empathie und Wertsch\u00e4tzung. Junge Menschen mit einer traumatischen Lebenserfahrung ben\u00f6tigen zudem spezielle Unterst\u00fctzung, Sicherheit und stabilisierende Lebensbedingungen. Die Schulbegleitung kann dazu beitragen, die Wucht der inneren Belastung abzumildern.<\/p>\n\n\n\n<p>Eine Voraussetzung, um heilsame Prozesse ansto\u00dfen und begleiten zu k\u00f6nnen, ist der traumasensible Blick. Nicht das Verhalten steht im Vordergrund, sondern die dadurch zum Ausdruck gebrachten Bed\u00fcrfnisse der Person. Der Fokus der Traumap\u00e4dagogik liegt auf den stabilisierenden und ressourcenorientierten Ans\u00e4tzen des Handelns und Denkens. Ziel unsere Schulbegleiter:innen ist es, die Menschen in ihrer Selbstwirksamkeit und Selbstkompetenz durch die Begleitung von positiven Entwicklungen und Verbesserung von Lebensumst\u00e4nden zu st\u00e4rken. Im Vordergrund stehen:<\/p>\n\n\n\n<div style=\"height:15px\" aria-hidden=\"true\" class=\"wp-block-spacer\"><\/div>\n\n\n\n<ul class=\"wp-block-list\">\n<li>Schutz = Sicherheit<\/li>\n\n\n\n<li>Stabilisierung&nbsp;= sichere Bindung<\/li>\n\n\n\n<li>St\u00e4rkung&nbsp;= Selbstbem\u00e4chtigung<\/li>\n<\/ul>\n\n\n\n<p>Bindungsorientierte P\u00e4dagogik bildet die Basis f\u00fcr eine stabilisierende Entwicklung von stressgesch\u00e4digten Menschen nach traumatischen Lebenserfahrungen. Sie schafft eine vertrauensvolle Grundlage f\u00fcr die Zusammenarbeit zwischen dem Menschen mit Unterst\u00fctzungsbedarf und der Fachkraft.<\/p>\n\n\n\n<div style=\"height:25px\" aria-hidden=\"true\" class=\"wp-block-spacer\"><\/div>\n\n\n\n<h2 class=\"wp-block-heading\">Fundierte Kenntnis des Autismus-Spektrums<\/h2>\n\n\n\n<p>Unsere Expert:innen von Spektral \u2013 unserer &#8222;Autismusambulanz&#8220; &#8211; bieten Beratung und Begleitung an und kommen auf Anfrage auch in Schulen, um vor Ort Lehrkr\u00e4fte und Schulbegleiter:innen optimal beraten zu k\u00f6nnen.<\/p>\n\n\n\n<div style=\"height:25px\" aria-hidden=\"true\" class=\"wp-block-spacer\"><\/div>\n\n\n\n<h2 class=\"wp-block-heading\">Elternarbeit<\/h2>\n\n\n\n<p>Das Erstgespr\u00e4ch mit den Eltern oder Erziehungsberechtigten ist Voraussetzung f\u00fcr die Aufnahme einer schulbegleitenden Ma\u00dfnahme. Die Eltern und der\/die Sch\u00fcler:in lernen dabei den\/die Schulbegleiter kennen, und alle entscheiden gemeinsam, ob eine Zusammenarbeit vorstellbar ist. Erst dann nehmen wir Kontakt mit der Schule auf.<\/p>\n\n\n\n<p>Um Kinder und Jugendliche in ihrer Entwicklung wirkungsvoll begleiten und unterst\u00fctzen zu k\u00f6nnen, ist die Zusammenarbeit mit Eltern ein wichtiger Bestandteil. Eine gute und vertrauensvolle Beziehung zwischen Eltern und Schulbegleiter:in bringt wichtige Vorteile f\u00fcr eine zielf\u00fchrende Begleitung. Ein respektvolles, stabiles Beziehungsdreieck unterst\u00fctzt das Selbstbewusstsein der Sch\u00fcler:innen und verleihen ihnen St\u00e4rke. Der gegenseitige Respekt erh\u00f6ht zudem die Motivation der begleiteten Sch\u00fcler:innen, sich in den schulischen Alltag zu integrieren, und st\u00e4rkt die Selbstachtung.<\/p>\n\n\n\n<p>Eine optimale Voraussetzung f\u00fcr eine erfolgreiche Schulbegleitung ist, wenn Eltern als Expert:innen f\u00fcr ihr Kind und Fachkr\u00e4fte als Expert:innen f\u00fcr die allgemeine kindliche Entwicklung verstanden werden und gemeinsam eine ressourcenorientierte Sichtweise auf das Kind oder den\/die Jugendliche:n entwickeln. Dar\u00fcber hinaus begegnen unsere Fachkr\u00e4fte den Eltern mit einer wertsch\u00e4tzenden Grundhaltung und ber\u00fccksichtigen deren Erziehungs- und Wertvorstellungen. Die Gestaltung der Kommunikation ist dabei ein wichtiger Schl\u00fcssel, um zu einem respektvollen Umgang zu gelangen.<\/p>\n\n\n\n<div style=\"height:50px\" aria-hidden=\"true\" class=\"wp-block-spacer\"><\/div>\n","protected":false},"excerpt":{"rendered":"<p>Die Schulbegleitung ist eine vielschichtige T\u00e4tigkeit, die u. a. Empathie, Flexibilit\u00e4t und p\u00e4dagogisches Know-how erfordert. Dar\u00fcber hinaus verf\u00fcgen unsere Expert:innen \u00fcber besondere Kenntnisse in der Psycho- und Traumap\u00e4dagogik sowie \u00fcber das Autismus-Spektrum und legen Wert auf eine vertrauensvolle Elternarbeit. Psychop\u00e4dagogik Eine unserer p\u00e4dagogischen \u00dcberzeugungen ist, dass die Entwicklung von Kindern ma\u00dfgeblich durch vielf\u00e4ltige Risiko- und [&hellip;]<\/p>\n","protected":false},"author":1,"featured_media":98,"parent":0,"menu_order":20,"comment_status":"closed","ping_status":"closed","template":"page-templates\/page-fullscreen.php","meta":{"_acf_changed":false,"footnotes":""},"class_list":["post-10","page","type-page","status-publish","has-post-thumbnail","hentry"],"acf":[],"yoast_head":"<!-- This site is optimized with the Yoast SEO plugin v27.3 - https:\/\/yoast.com\/product\/yoast-seo-wordpress\/ -->\n<title>Schulbegleitung in Uelzen und Gifhorn | Unsere Arbeit<\/title>\n<meta name=\"description\" content=\"Unsere Schulbegleitung basiert auf Erkenntnissen der Psycho- und Traumap\u00e4dagogik und fundierter Kenntnis des Autismus-Spektrums.\" \/>\n<meta name=\"robots\" content=\"index, follow, max-snippet:-1, max-image-preview:large, max-video-preview:-1\" \/>\n<link rel=\"canonical\" href=\"https:\/\/lebenleben.de\/schulbegleitung\/basis-unserer-arbeit\/\" \/>\n<meta property=\"og:locale\" content=\"de_DE\" \/>\n<meta property=\"og:type\" content=\"article\" \/>\n<meta property=\"og:title\" content=\"Schulbegleitung in Uelzen und Gifhorn | Unsere Arbeit\" \/>\n<meta property=\"og:description\" content=\"Unsere Schulbegleitung basiert auf Erkenntnissen der Psycho- und Traumap\u00e4dagogik und fundierter Kenntnis des Autismus-Spektrums.\" \/>\n<meta property=\"og:url\" content=\"https:\/\/lebenleben.de\/schulbegleitung\/basis-unserer-arbeit\/\" \/>\n<meta property=\"og:site_name\" content=\"Leben leben Schulbegleitung\" \/>\n<meta property=\"article:modified_time\" content=\"2024-05-29T06:57:56+00:00\" \/>\n<meta property=\"og:image\" content=\"https:\/\/lebenleben.de\/schulbegleitung\/wp-content\/uploads\/sites\/12\/2021\/04\/ll_header_slider_image_1400x560_0001_action-2277292.jpg\" \/>\n\t<meta property=\"og:image:width\" content=\"1400\" \/>\n\t<meta property=\"og:image:height\" content=\"560\" \/>\n\t<meta property=\"og:image:type\" content=\"image\/jpeg\" \/>\n<meta name=\"twitter:card\" content=\"summary_large_image\" \/>\n<meta name=\"twitter:label1\" content=\"Gesch\u00e4tzte Lesezeit\" \/>\n\t<meta name=\"twitter:data1\" content=\"4\u00a0Minuten\" \/>\n<script type=\"application\/ld+json\" class=\"yoast-schema-graph\">{\"@context\":\"https:\\\/\\\/schema.org\",\"@graph\":[{\"@type\":\"WebPage\",\"@id\":\"https:\\\/\\\/lebenleben.de\\\/schulbegleitung\\\/basis-unserer-arbeit\\\/\",\"url\":\"https:\\\/\\\/lebenleben.de\\\/schulbegleitung\\\/basis-unserer-arbeit\\\/\",\"name\":\"Schulbegleitung in Uelzen und Gifhorn | Unsere Arbeit\",\"isPartOf\":{\"@id\":\"https:\\\/\\\/lebenleben.de\\\/schulbegleitung\\\/#website\"},\"primaryImageOfPage\":{\"@id\":\"https:\\\/\\\/lebenleben.de\\\/schulbegleitung\\\/basis-unserer-arbeit\\\/#primaryimage\"},\"image\":{\"@id\":\"https:\\\/\\\/lebenleben.de\\\/schulbegleitung\\\/basis-unserer-arbeit\\\/#primaryimage\"},\"thumbnailUrl\":\"https:\\\/\\\/lebenleben.de\\\/schulbegleitung\\\/wp-content\\\/uploads\\\/sites\\\/12\\\/2021\\\/04\\\/ll_header_slider_image_1400x560_0001_action-2277292.jpg\",\"datePublished\":\"2021-01-22T15:15:25+00:00\",\"dateModified\":\"2024-05-29T06:57:56+00:00\",\"description\":\"Unsere Schulbegleitung basiert auf Erkenntnissen der Psycho- und Traumap\u00e4dagogik und fundierter Kenntnis des Autismus-Spektrums.\",\"breadcrumb\":{\"@id\":\"https:\\\/\\\/lebenleben.de\\\/schulbegleitung\\\/basis-unserer-arbeit\\\/#breadcrumb\"},\"inLanguage\":\"de\",\"potentialAction\":[{\"@type\":\"ReadAction\",\"target\":[\"https:\\\/\\\/lebenleben.de\\\/schulbegleitung\\\/basis-unserer-arbeit\\\/\"]}]},{\"@type\":\"ImageObject\",\"inLanguage\":\"de\",\"@id\":\"https:\\\/\\\/lebenleben.de\\\/schulbegleitung\\\/basis-unserer-arbeit\\\/#primaryimage\",\"url\":\"https:\\\/\\\/lebenleben.de\\\/schulbegleitung\\\/wp-content\\\/uploads\\\/sites\\\/12\\\/2021\\\/04\\\/ll_header_slider_image_1400x560_0001_action-2277292.jpg\",\"contentUrl\":\"https:\\\/\\\/lebenleben.de\\\/schulbegleitung\\\/wp-content\\\/uploads\\\/sites\\\/12\\\/2021\\\/04\\\/ll_header_slider_image_1400x560_0001_action-2277292.jpg\",\"width\":1400,\"height\":560},{\"@type\":\"BreadcrumbList\",\"@id\":\"https:\\\/\\\/lebenleben.de\\\/schulbegleitung\\\/basis-unserer-arbeit\\\/#breadcrumb\",\"itemListElement\":[{\"@type\":\"ListItem\",\"position\":1,\"name\":\"Startseite\",\"item\":\"https:\\\/\\\/lebenleben.de\\\/schulbegleitung\\\/\"},{\"@type\":\"ListItem\",\"position\":2,\"name\":\"Basis unserer Arbeit\"}]},{\"@type\":\"WebSite\",\"@id\":\"https:\\\/\\\/lebenleben.de\\\/schulbegleitung\\\/#website\",\"url\":\"https:\\\/\\\/lebenleben.de\\\/schulbegleitung\\\/\",\"name\":\"Leben leben Schulbegleitung\",\"description\":\"Eine weitere Leben Leben Netzwerk Website\",\"publisher\":{\"@id\":\"https:\\\/\\\/lebenleben.de\\\/schulbegleitung\\\/#organization\"},\"potentialAction\":[{\"@type\":\"SearchAction\",\"target\":{\"@type\":\"EntryPoint\",\"urlTemplate\":\"https:\\\/\\\/lebenleben.de\\\/schulbegleitung\\\/?s={search_term_string}\"},\"query-input\":{\"@type\":\"PropertyValueSpecification\",\"valueRequired\":true,\"valueName\":\"search_term_string\"}}],\"inLanguage\":\"de\"},{\"@type\":\"Organization\",\"@id\":\"https:\\\/\\\/lebenleben.de\\\/schulbegleitung\\\/#organization\",\"name\":\"Leben leben Schulbegleitung\",\"url\":\"https:\\\/\\\/lebenleben.de\\\/schulbegleitung\\\/\",\"logo\":{\"@type\":\"ImageObject\",\"inLanguage\":\"de\",\"@id\":\"https:\\\/\\\/lebenleben.de\\\/schulbegleitung\\\/#\\\/schema\\\/logo\\\/image\\\/\",\"url\":\"https:\\\/\\\/lebenleben.de\\\/schulbegleitung\\\/wp-content\\\/uploads\\\/sites\\\/12\\\/2021\\\/01\\\/ll_favicon-green.png\",\"contentUrl\":\"https:\\\/\\\/lebenleben.de\\\/schulbegleitung\\\/wp-content\\\/uploads\\\/sites\\\/12\\\/2021\\\/01\\\/ll_favicon-green.png\",\"width\":501,\"height\":501,\"caption\":\"Leben leben Schulbegleitung\"},\"image\":{\"@id\":\"https:\\\/\\\/lebenleben.de\\\/schulbegleitung\\\/#\\\/schema\\\/logo\\\/image\\\/\"}}]}<\/script>\n<!-- \/ Yoast SEO plugin. -->","yoast_head_json":{"title":"Schulbegleitung in Uelzen und Gifhorn | Unsere Arbeit","description":"Unsere Schulbegleitung basiert auf Erkenntnissen der Psycho- und Traumap\u00e4dagogik und fundierter Kenntnis des Autismus-Spektrums.","robots":{"index":"index","follow":"follow","max-snippet":"max-snippet:-1","max-image-preview":"max-image-preview:large","max-video-preview":"max-video-preview:-1"},"canonical":"https:\/\/lebenleben.de\/schulbegleitung\/basis-unserer-arbeit\/","og_locale":"de_DE","og_type":"article","og_title":"Schulbegleitung in Uelzen und Gifhorn | Unsere Arbeit","og_description":"Unsere Schulbegleitung basiert auf Erkenntnissen der Psycho- und Traumap\u00e4dagogik und fundierter Kenntnis des Autismus-Spektrums.","og_url":"https:\/\/lebenleben.de\/schulbegleitung\/basis-unserer-arbeit\/","og_site_name":"Leben leben Schulbegleitung","article_modified_time":"2024-05-29T06:57:56+00:00","og_image":[{"width":1400,"height":560,"url":"https:\/\/lebenleben.de\/schulbegleitung\/wp-content\/uploads\/sites\/12\/2021\/04\/ll_header_slider_image_1400x560_0001_action-2277292.jpg","type":"image\/jpeg"}],"twitter_card":"summary_large_image","twitter_misc":{"Gesch\u00e4tzte Lesezeit":"4\u00a0Minuten"},"schema":{"@context":"https:\/\/schema.org","@graph":[{"@type":"WebPage","@id":"https:\/\/lebenleben.de\/schulbegleitung\/basis-unserer-arbeit\/","url":"https:\/\/lebenleben.de\/schulbegleitung\/basis-unserer-arbeit\/","name":"Schulbegleitung in Uelzen und Gifhorn | Unsere Arbeit","isPartOf":{"@id":"https:\/\/lebenleben.de\/schulbegleitung\/#website"},"primaryImageOfPage":{"@id":"https:\/\/lebenleben.de\/schulbegleitung\/basis-unserer-arbeit\/#primaryimage"},"image":{"@id":"https:\/\/lebenleben.de\/schulbegleitung\/basis-unserer-arbeit\/#primaryimage"},"thumbnailUrl":"https:\/\/lebenleben.de\/schulbegleitung\/wp-content\/uploads\/sites\/12\/2021\/04\/ll_header_slider_image_1400x560_0001_action-2277292.jpg","datePublished":"2021-01-22T15:15:25+00:00","dateModified":"2024-05-29T06:57:56+00:00","description":"Unsere Schulbegleitung basiert auf Erkenntnissen der Psycho- und Traumap\u00e4dagogik und fundierter Kenntnis des Autismus-Spektrums.","breadcrumb":{"@id":"https:\/\/lebenleben.de\/schulbegleitung\/basis-unserer-arbeit\/#breadcrumb"},"inLanguage":"de","potentialAction":[{"@type":"ReadAction","target":["https:\/\/lebenleben.de\/schulbegleitung\/basis-unserer-arbeit\/"]}]},{"@type":"ImageObject","inLanguage":"de","@id":"https:\/\/lebenleben.de\/schulbegleitung\/basis-unserer-arbeit\/#primaryimage","url":"https:\/\/lebenleben.de\/schulbegleitung\/wp-content\/uploads\/sites\/12\/2021\/04\/ll_header_slider_image_1400x560_0001_action-2277292.jpg","contentUrl":"https:\/\/lebenleben.de\/schulbegleitung\/wp-content\/uploads\/sites\/12\/2021\/04\/ll_header_slider_image_1400x560_0001_action-2277292.jpg","width":1400,"height":560},{"@type":"BreadcrumbList","@id":"https:\/\/lebenleben.de\/schulbegleitung\/basis-unserer-arbeit\/#breadcrumb","itemListElement":[{"@type":"ListItem","position":1,"name":"Startseite","item":"https:\/\/lebenleben.de\/schulbegleitung\/"},{"@type":"ListItem","position":2,"name":"Basis unserer Arbeit"}]},{"@type":"WebSite","@id":"https:\/\/lebenleben.de\/schulbegleitung\/#website","url":"https:\/\/lebenleben.de\/schulbegleitung\/","name":"Leben leben Schulbegleitung","description":"Eine weitere Leben Leben Netzwerk Website","publisher":{"@id":"https:\/\/lebenleben.de\/schulbegleitung\/#organization"},"potentialAction":[{"@type":"SearchAction","target":{"@type":"EntryPoint","urlTemplate":"https:\/\/lebenleben.de\/schulbegleitung\/?s={search_term_string}"},"query-input":{"@type":"PropertyValueSpecification","valueRequired":true,"valueName":"search_term_string"}}],"inLanguage":"de"},{"@type":"Organization","@id":"https:\/\/lebenleben.de\/schulbegleitung\/#organization","name":"Leben leben Schulbegleitung","url":"https:\/\/lebenleben.de\/schulbegleitung\/","logo":{"@type":"ImageObject","inLanguage":"de","@id":"https:\/\/lebenleben.de\/schulbegleitung\/#\/schema\/logo\/image\/","url":"https:\/\/lebenleben.de\/schulbegleitung\/wp-content\/uploads\/sites\/12\/2021\/01\/ll_favicon-green.png","contentUrl":"https:\/\/lebenleben.de\/schulbegleitung\/wp-content\/uploads\/sites\/12\/2021\/01\/ll_favicon-green.png","width":501,"height":501,"caption":"Leben leben Schulbegleitung"},"image":{"@id":"https:\/\/lebenleben.de\/schulbegleitung\/#\/schema\/logo\/image\/"}}]}},"_links":{"self":[{"href":"https:\/\/lebenleben.de\/schulbegleitung\/wp-json\/wp\/v2\/pages\/10","targetHints":{"allow":["GET"]}}],"collection":[{"href":"https:\/\/lebenleben.de\/schulbegleitung\/wp-json\/wp\/v2\/pages"}],"about":[{"href":"https:\/\/lebenleben.de\/schulbegleitung\/wp-json\/wp\/v2\/types\/page"}],"author":[{"embeddable":true,"href":"https:\/\/lebenleben.de\/schulbegleitung\/wp-json\/wp\/v2\/users\/1"}],"replies":[{"embeddable":true,"href":"https:\/\/lebenleben.de\/schulbegleitung\/wp-json\/wp\/v2\/comments?post=10"}],"version-history":[{"count":10,"href":"https:\/\/lebenleben.de\/schulbegleitung\/wp-json\/wp\/v2\/pages\/10\/revisions"}],"predecessor-version":[{"id":240,"href":"https:\/\/lebenleben.de\/schulbegleitung\/wp-json\/wp\/v2\/pages\/10\/revisions\/240"}],"wp:featuredmedia":[{"embeddable":true,"href":"https:\/\/lebenleben.de\/schulbegleitung\/wp-json\/wp\/v2\/media\/98"}],"wp:attachment":[{"href":"https:\/\/lebenleben.de\/schulbegleitung\/wp-json\/wp\/v2\/media?parent=10"}],"curies":[{"name":"wp","href":"https:\/\/api.w.org\/{rel}","templated":true}]}}