{"id":15,"date":"2022-05-04T11:41:02","date_gmt":"2022-05-04T09:41:02","guid":{"rendered":"https:\/\/lebenleben.de\/spektral\/?page_id=15"},"modified":"2024-05-30T12:17:05","modified_gmt":"2024-05-30T10:17:05","slug":"unsere-methoden","status":"publish","type":"page","link":"https:\/\/lebenleben.de\/spektral\/uelzen\/unsere-methoden\/","title":{"rendered":"Unsere Methoden"},"content":{"rendered":"\n<div id=\"llimageslider-block_74da576b8821a72321e74e55cd2badde\" class=\"block-llimageslider llimageslider alignwide\">\n\n    \n\t\t<div class=\"llimageslider-slider\" data-slick='{\"autoplaySpeed\": 5000}'>\n\t\t\t\t\t\t\t<div class=\"single-slide-wrapper slide-1\">\n\t\t\t\t\t<img loading=\"lazy\" decoding=\"async\" width=\"1400\" height=\"440\" src=\"https:\/\/lebenleben.de\/spektral\/wp-content\/uploads\/sites\/17\/2024\/05\/DSC_6125_resized-1400x440-1.jpg\" class=\"single-slide-image slider-desktop-image\" alt=\"\" srcset=\"https:\/\/lebenleben.de\/spektral\/wp-content\/uploads\/sites\/17\/2024\/05\/DSC_6125_resized-1400x440-1.jpg 1400w, https:\/\/lebenleben.de\/spektral\/wp-content\/uploads\/sites\/17\/2024\/05\/DSC_6125_resized-1400x440-1-300x94.jpg 300w, https:\/\/lebenleben.de\/spektral\/wp-content\/uploads\/sites\/17\/2024\/05\/DSC_6125_resized-1400x440-1-1024x322.jpg 1024w, https:\/\/lebenleben.de\/spektral\/wp-content\/uploads\/sites\/17\/2024\/05\/DSC_6125_resized-1400x440-1-768x241.jpg 768w\" sizes=\"auto, (max-width: 1400px) 100vw, 1400px\" \/>          <img loading=\"lazy\" decoding=\"async\" width=\"1000\" height=\"314\" src=\"https:\/\/lebenleben.de\/spektral\/wp-content\/uploads\/sites\/17\/2024\/05\/DSC_6125_resized-1400x440-1-1024x322.jpg\" class=\"single-slide-image slider-mobile-image\" alt=\"\" srcset=\"https:\/\/lebenleben.de\/spektral\/wp-content\/uploads\/sites\/17\/2024\/05\/DSC_6125_resized-1400x440-1-1024x322.jpg 1024w, https:\/\/lebenleben.de\/spektral\/wp-content\/uploads\/sites\/17\/2024\/05\/DSC_6125_resized-1400x440-1-300x94.jpg 300w, https:\/\/lebenleben.de\/spektral\/wp-content\/uploads\/sites\/17\/2024\/05\/DSC_6125_resized-1400x440-1-768x241.jpg 768w, https:\/\/lebenleben.de\/spektral\/wp-content\/uploads\/sites\/17\/2024\/05\/DSC_6125_resized-1400x440-1.jpg 1400w\" sizes=\"auto, (max-width: 1000px) 100vw, 1000px\" \/>\n                    <div class=\"single-slide-text\">\n          <h2>Unsere Methoden<\/h2>                  <\/div>\n        \n\t\t\t\t<\/div>\n\t\t\t\t\t<\/div>\n\t  <script>\n    jQuery(document).ready(function() {\n        jQuery('.llimageslider-slider').slick({\n          dots: true,\n          infinite: true,\n          speed: 1000,\n          autoplay: true,\n          adaptiveHeight: true,\n          slidesToShow: 1,\n          fade: true,\n          focusOnSelect: true\n        });\n    });\n    <\/script>\n<\/div>\n\n\n\n<p>Unsere Mitarbeiter verf\u00fcgen \u00fcber langj\u00e4hrige Erfahrungen und bilden sich laufend fort.<\/p>\n\n\n\n<p>F\u00fcr unsere t\u00e4gliche p\u00e4dagogisch, therapeutische Arbeit nutzen wir einen multimodalen Ansatz mit folgenden anerkannten Methoden:<\/p>\n\n\n\n<div style=\"height:15px\" aria-hidden=\"true\" class=\"wp-block-spacer\"><\/div>\n\n\n\n<ul class=\"wp-block-list\">\n<li>Auseinandersetzen mit der Diagnose anhand von Arbeitsmaterialien<\/li>\n\n\n\n<li>Ein\u00fcbung alternativer Kommunikationssysteme, wie z.B. PECCS oder Metacom<\/li>\n\n\n\n<li>Eltern- und Angeh\u00f6rigencoaching<\/li>\n\n\n\n<li>F\u00f6rderung der sozialen Interaktion<\/li>\n\n\n\n<li>Gespr\u00e4chstherapeutische Methoden und Techniken<\/li>\n\n\n\n<li>Methoden und F\u00f6rderans\u00e4tze zur Verbesserung der Theory of Mind<\/li>\n\n\n\n<li>Psychoedukation<\/li>\n\n\n\n<li>Soziale Kompetenzgruppen<\/li>\n\n\n\n<li>Sozialtraining&nbsp;<\/li>\n\n\n\n<li>Spieltherapie<\/li>\n\n\n\n<li>Sprachanbahnung<\/li>\n\n\n\n<li>TEACCH\u00ae<\/li>\n\n\n\n<li>Tiergest\u00fctzte Therapie\/P\u00e4dagogik<\/li>\n\n\n\n<li>Training lebenspraktischer F\u00e4higkeiten<\/li>\n\n\n\n<li>Verhaltenstherapeutische Lernprogramme<\/li>\n\n\n\n<li>Videogest\u00fctzte Therapiemethoden<\/li>\n\n\n\n<li>Wahrnehmungsf\u00f6rderung<\/li>\n<\/ul>\n\n\n\n<div style=\"height:50px\" aria-hidden=\"true\" class=\"wp-block-spacer\"><\/div>\n","protected":false},"excerpt":{"rendered":"<p>Unsere Mitarbeiter:innen verf\u00fcgen \u00fcber langj\u00e4hrige Erfahrungen und bilden sich laufend fort. F\u00fcr unsere t\u00e4gliche Arbeit nutzen wir die verschiedensten Methoden.<\/p>\n","protected":false},"author":1,"featured_media":454,"parent":9,"menu_order":12,"comment_status":"closed","ping_status":"closed","template":"page-templates\/page-fullscreen.php","meta":{"_acf_changed":false,"footnotes":""},"class_list":["post-15","page","type-page","status-publish","has-post-thumbnail","hentry"],"acf":[],"yoast_head":"<!-- This site is optimized with the Yoast SEO plugin v27.3 - https:\/\/yoast.com\/product\/yoast-seo-wordpress\/ -->\n<title>Unsere Methoden - Spektral<\/title>\n<meta name=\"robots\" content=\"index, follow, max-snippet:-1, max-image-preview:large, max-video-preview:-1\" \/>\n<link rel=\"canonical\" href=\"https:\/\/lebenleben.de\/spektral\/uelzen\/unsere-methoden\/\" \/>\n<meta property=\"og:locale\" content=\"de_DE\" \/>\n<meta property=\"og:type\" content=\"article\" \/>\n<meta property=\"og:title\" content=\"Unsere Methoden - Spektral\" \/>\n<meta property=\"og:description\" content=\"Unsere Mitarbeiter:innen verf\u00fcgen \u00fcber langj\u00e4hrige Erfahrungen und bilden sich laufend fort. F\u00fcr unsere t\u00e4gliche Arbeit nutzen wir die verschiedensten Methoden.\" \/>\n<meta property=\"og:url\" content=\"https:\/\/lebenleben.de\/spektral\/uelzen\/unsere-methoden\/\" \/>\n<meta property=\"og:site_name\" content=\"Spektral\" \/>\n<meta property=\"article:modified_time\" content=\"2024-05-30T10:17:05+00:00\" \/>\n<meta property=\"og:image\" content=\"https:\/\/lebenleben.de\/spektral\/wp-content\/uploads\/sites\/17\/2022\/06\/DSC_6125_resized.jpg\" \/>\n\t<meta property=\"og:image:width\" content=\"2000\" \/>\n\t<meta property=\"og:image:height\" content=\"1331\" \/>\n\t<meta property=\"og:image:type\" content=\"image\/jpeg\" \/>\n<meta name=\"twitter:card\" content=\"summary_large_image\" \/>\n<meta name=\"twitter:label1\" content=\"Gesch\u00e4tzte Lesezeit\" \/>\n\t<meta name=\"twitter:data1\" content=\"1\u00a0Minute\" \/>\n<script type=\"application\/ld+json\" class=\"yoast-schema-graph\">{\"@context\":\"https:\\\/\\\/schema.org\",\"@graph\":[{\"@type\":\"WebPage\",\"@id\":\"https:\\\/\\\/lebenleben.de\\\/spektral\\\/uelzen\\\/unsere-methoden\\\/\",\"url\":\"https:\\\/\\\/lebenleben.de\\\/spektral\\\/uelzen\\\/unsere-methoden\\\/\",\"name\":\"Unsere Methoden - Spektral\",\"isPartOf\":{\"@id\":\"https:\\\/\\\/lebenleben.de\\\/spektral\\\/#website\"},\"primaryImageOfPage\":{\"@id\":\"https:\\\/\\\/lebenleben.de\\\/spektral\\\/uelzen\\\/unsere-methoden\\\/#primaryimage\"},\"image\":{\"@id\":\"https:\\\/\\\/lebenleben.de\\\/spektral\\\/uelzen\\\/unsere-methoden\\\/#primaryimage\"},\"thumbnailUrl\":\"https:\\\/\\\/lebenleben.de\\\/spektral\\\/wp-content\\\/uploads\\\/sites\\\/17\\\/2022\\\/06\\\/DSC_6125_resized.jpg\",\"datePublished\":\"2022-05-04T09:41:02+00:00\",\"dateModified\":\"2024-05-30T10:17:05+00:00\",\"breadcrumb\":{\"@id\":\"https:\\\/\\\/lebenleben.de\\\/spektral\\\/uelzen\\\/unsere-methoden\\\/#breadcrumb\"},\"inLanguage\":\"de\",\"potentialAction\":[{\"@type\":\"ReadAction\",\"target\":[\"https:\\\/\\\/lebenleben.de\\\/spektral\\\/uelzen\\\/unsere-methoden\\\/\"]}]},{\"@type\":\"ImageObject\",\"inLanguage\":\"de\",\"@id\":\"https:\\\/\\\/lebenleben.de\\\/spektral\\\/uelzen\\\/unsere-methoden\\\/#primaryimage\",\"url\":\"https:\\\/\\\/lebenleben.de\\\/spektral\\\/wp-content\\\/uploads\\\/sites\\\/17\\\/2022\\\/06\\\/DSC_6125_resized.jpg\",\"contentUrl\":\"https:\\\/\\\/lebenleben.de\\\/spektral\\\/wp-content\\\/uploads\\\/sites\\\/17\\\/2022\\\/06\\\/DSC_6125_resized.jpg\",\"width\":2000,\"height\":1331},{\"@type\":\"BreadcrumbList\",\"@id\":\"https:\\\/\\\/lebenleben.de\\\/spektral\\\/uelzen\\\/unsere-methoden\\\/#breadcrumb\",\"itemListElement\":[{\"@type\":\"ListItem\",\"position\":1,\"name\":\"Startseite\",\"item\":\"https:\\\/\\\/lebenleben.de\\\/spektral\\\/\"},{\"@type\":\"ListItem\",\"position\":2,\"name\":\"Uelzen\",\"item\":\"https:\\\/\\\/lebenleben.de\\\/spektral\\\/uelzen\\\/\"},{\"@type\":\"ListItem\",\"position\":3,\"name\":\"Unsere Methoden\"}]},{\"@type\":\"WebSite\",\"@id\":\"https:\\\/\\\/lebenleben.de\\\/spektral\\\/#website\",\"url\":\"https:\\\/\\\/lebenleben.de\\\/spektral\\\/\",\"name\":\"Spektral\",\"description\":\"Autismusambulanz in Uelzen und Gifhorn von Leben leben\",\"publisher\":{\"@id\":\"https:\\\/\\\/lebenleben.de\\\/spektral\\\/#organization\"},\"potentialAction\":[{\"@type\":\"SearchAction\",\"target\":{\"@type\":\"EntryPoint\",\"urlTemplate\":\"https:\\\/\\\/lebenleben.de\\\/spektral\\\/?s={search_term_string}\"},\"query-input\":{\"@type\":\"PropertyValueSpecification\",\"valueRequired\":true,\"valueName\":\"search_term_string\"}}],\"inLanguage\":\"de\"},{\"@type\":\"Organization\",\"@id\":\"https:\\\/\\\/lebenleben.de\\\/spektral\\\/#organization\",\"name\":\"Leben leben Spektral\",\"url\":\"https:\\\/\\\/lebenleben.de\\\/spektral\\\/\",\"logo\":{\"@type\":\"ImageObject\",\"inLanguage\":\"de\",\"@id\":\"https:\\\/\\\/lebenleben.de\\\/spektral\\\/#\\\/schema\\\/logo\\\/image\\\/\",\"url\":\"https:\\\/\\\/lebenleben.de\\\/spektral\\\/wp-content\\\/uploads\\\/sites\\\/17\\\/2022\\\/05\\\/ll_favicon-green.png\",\"contentUrl\":\"https:\\\/\\\/lebenleben.de\\\/spektral\\\/wp-content\\\/uploads\\\/sites\\\/17\\\/2022\\\/05\\\/ll_favicon-green.png\",\"width\":501,\"height\":501,\"caption\":\"Leben leben Spektral\"},\"image\":{\"@id\":\"https:\\\/\\\/lebenleben.de\\\/spektral\\\/#\\\/schema\\\/logo\\\/image\\\/\"}}]}<\/script>\n<!-- \/ Yoast SEO plugin. -->","yoast_head_json":{"title":"Unsere Methoden - Spektral","robots":{"index":"index","follow":"follow","max-snippet":"max-snippet:-1","max-image-preview":"max-image-preview:large","max-video-preview":"max-video-preview:-1"},"canonical":"https:\/\/lebenleben.de\/spektral\/uelzen\/unsere-methoden\/","og_locale":"de_DE","og_type":"article","og_title":"Unsere Methoden - Spektral","og_description":"Unsere Mitarbeiter:innen verf\u00fcgen \u00fcber langj\u00e4hrige Erfahrungen und bilden sich laufend fort. F\u00fcr unsere t\u00e4gliche Arbeit nutzen wir die verschiedensten Methoden.","og_url":"https:\/\/lebenleben.de\/spektral\/uelzen\/unsere-methoden\/","og_site_name":"Spektral","article_modified_time":"2024-05-30T10:17:05+00:00","og_image":[{"width":2000,"height":1331,"url":"https:\/\/lebenleben.de\/spektral\/wp-content\/uploads\/sites\/17\/2022\/06\/DSC_6125_resized.jpg","type":"image\/jpeg"}],"twitter_card":"summary_large_image","twitter_misc":{"Gesch\u00e4tzte Lesezeit":"1\u00a0Minute"},"schema":{"@context":"https:\/\/schema.org","@graph":[{"@type":"WebPage","@id":"https:\/\/lebenleben.de\/spektral\/uelzen\/unsere-methoden\/","url":"https:\/\/lebenleben.de\/spektral\/uelzen\/unsere-methoden\/","name":"Unsere Methoden - Spektral","isPartOf":{"@id":"https:\/\/lebenleben.de\/spektral\/#website"},"primaryImageOfPage":{"@id":"https:\/\/lebenleben.de\/spektral\/uelzen\/unsere-methoden\/#primaryimage"},"image":{"@id":"https:\/\/lebenleben.de\/spektral\/uelzen\/unsere-methoden\/#primaryimage"},"thumbnailUrl":"https:\/\/lebenleben.de\/spektral\/wp-content\/uploads\/sites\/17\/2022\/06\/DSC_6125_resized.jpg","datePublished":"2022-05-04T09:41:02+00:00","dateModified":"2024-05-30T10:17:05+00:00","breadcrumb":{"@id":"https:\/\/lebenleben.de\/spektral\/uelzen\/unsere-methoden\/#breadcrumb"},"inLanguage":"de","potentialAction":[{"@type":"ReadAction","target":["https:\/\/lebenleben.de\/spektral\/uelzen\/unsere-methoden\/"]}]},{"@type":"ImageObject","inLanguage":"de","@id":"https:\/\/lebenleben.de\/spektral\/uelzen\/unsere-methoden\/#primaryimage","url":"https:\/\/lebenleben.de\/spektral\/wp-content\/uploads\/sites\/17\/2022\/06\/DSC_6125_resized.jpg","contentUrl":"https:\/\/lebenleben.de\/spektral\/wp-content\/uploads\/sites\/17\/2022\/06\/DSC_6125_resized.jpg","width":2000,"height":1331},{"@type":"BreadcrumbList","@id":"https:\/\/lebenleben.de\/spektral\/uelzen\/unsere-methoden\/#breadcrumb","itemListElement":[{"@type":"ListItem","position":1,"name":"Startseite","item":"https:\/\/lebenleben.de\/spektral\/"},{"@type":"ListItem","position":2,"name":"Uelzen","item":"https:\/\/lebenleben.de\/spektral\/uelzen\/"},{"@type":"ListItem","position":3,"name":"Unsere Methoden"}]},{"@type":"WebSite","@id":"https:\/\/lebenleben.de\/spektral\/#website","url":"https:\/\/lebenleben.de\/spektral\/","name":"Spektral","description":"Autismusambulanz in Uelzen und Gifhorn von Leben leben","publisher":{"@id":"https:\/\/lebenleben.de\/spektral\/#organization"},"potentialAction":[{"@type":"SearchAction","target":{"@type":"EntryPoint","urlTemplate":"https:\/\/lebenleben.de\/spektral\/?s={search_term_string}"},"query-input":{"@type":"PropertyValueSpecification","valueRequired":true,"valueName":"search_term_string"}}],"inLanguage":"de"},{"@type":"Organization","@id":"https:\/\/lebenleben.de\/spektral\/#organization","name":"Leben leben Spektral","url":"https:\/\/lebenleben.de\/spektral\/","logo":{"@type":"ImageObject","inLanguage":"de","@id":"https:\/\/lebenleben.de\/spektral\/#\/schema\/logo\/image\/","url":"https:\/\/lebenleben.de\/spektral\/wp-content\/uploads\/sites\/17\/2022\/05\/ll_favicon-green.png","contentUrl":"https:\/\/lebenleben.de\/spektral\/wp-content\/uploads\/sites\/17\/2022\/05\/ll_favicon-green.png","width":501,"height":501,"caption":"Leben leben Spektral"},"image":{"@id":"https:\/\/lebenleben.de\/spektral\/#\/schema\/logo\/image\/"}}]}},"_links":{"self":[{"href":"https:\/\/lebenleben.de\/spektral\/wp-json\/wp\/v2\/pages\/15","targetHints":{"allow":["GET"]}}],"collection":[{"href":"https:\/\/lebenleben.de\/spektral\/wp-json\/wp\/v2\/pages"}],"about":[{"href":"https:\/\/lebenleben.de\/spektral\/wp-json\/wp\/v2\/types\/page"}],"author":[{"embeddable":true,"href":"https:\/\/lebenleben.de\/spektral\/wp-json\/wp\/v2\/users\/1"}],"replies":[{"embeddable":true,"href":"https:\/\/lebenleben.de\/spektral\/wp-json\/wp\/v2\/comments?post=15"}],"version-history":[{"count":9,"href":"https:\/\/lebenleben.de\/spektral\/wp-json\/wp\/v2\/pages\/15\/revisions"}],"predecessor-version":[{"id":802,"href":"https:\/\/lebenleben.de\/spektral\/wp-json\/wp\/v2\/pages\/15\/revisions\/802"}],"up":[{"embeddable":true,"href":"https:\/\/lebenleben.de\/spektral\/wp-json\/wp\/v2\/pages\/9"}],"wp:featuredmedia":[{"embeddable":true,"href":"https:\/\/lebenleben.de\/spektral\/wp-json\/wp\/v2\/media\/454"}],"wp:attachment":[{"href":"https:\/\/lebenleben.de\/spektral\/wp-json\/wp\/v2\/media?parent=15"}],"curies":[{"name":"wp","href":"https:\/\/api.w.org\/{rel}","templated":true}]}}