{"id":83,"date":"2021-03-18T16:22:19","date_gmt":"2021-03-18T15:22:19","guid":{"rendered":"https:\/\/lebenleben.de\/arbeit-produktion\/?page_id=83"},"modified":"2025-07-02T09:54:45","modified_gmt":"2025-07-02T07:54:45","slug":"fahrzeugpflege","status":"publish","type":"page","link":"https:\/\/lebenleben.de\/werkstatt\/fahrzeugpflege\/","title":{"rendered":"Fahrzeugpflege"},"content":{"rendered":"\n<div id=\"llimageslider-block_56d2396538821b7fe86796109b92cd39\" class=\"block-llimageslider llimageslider alignwide\">\n\n    \n\t\t<div class=\"llimageslider-slider\" data-slick='{\"autoplaySpeed\": 5000}'>\n\t\t\t\t\t\t\t<div class=\"single-slide-wrapper slide-1\">\n\t\t\t\t\t<img loading=\"lazy\" decoding=\"async\" width=\"1400\" height=\"440\" src=\"https:\/\/lebenleben.de\/werkstatt\/wp-content\/uploads\/sites\/14\/2024\/05\/Waschanlage-in-Aktion-1400x440-1.jpg\" class=\"single-slide-image slider-desktop-image\" alt=\"\" srcset=\"https:\/\/lebenleben.de\/werkstatt\/wp-content\/uploads\/sites\/14\/2024\/05\/Waschanlage-in-Aktion-1400x440-1.jpg 1400w, https:\/\/lebenleben.de\/werkstatt\/wp-content\/uploads\/sites\/14\/2024\/05\/Waschanlage-in-Aktion-1400x440-1-300x94.jpg 300w, https:\/\/lebenleben.de\/werkstatt\/wp-content\/uploads\/sites\/14\/2024\/05\/Waschanlage-in-Aktion-1400x440-1-1024x322.jpg 1024w, https:\/\/lebenleben.de\/werkstatt\/wp-content\/uploads\/sites\/14\/2024\/05\/Waschanlage-in-Aktion-1400x440-1-768x241.jpg 768w\" sizes=\"auto, (max-width: 1400px) 100vw, 1400px\" \/>          <img loading=\"lazy\" decoding=\"async\" width=\"1000\" height=\"314\" src=\"https:\/\/lebenleben.de\/werkstatt\/wp-content\/uploads\/sites\/14\/2024\/05\/Waschanlage-in-Aktion-1400x440-1-1024x322.jpg\" class=\"single-slide-image slider-mobile-image\" alt=\"\" srcset=\"https:\/\/lebenleben.de\/werkstatt\/wp-content\/uploads\/sites\/14\/2024\/05\/Waschanlage-in-Aktion-1400x440-1-1024x322.jpg 1024w, https:\/\/lebenleben.de\/werkstatt\/wp-content\/uploads\/sites\/14\/2024\/05\/Waschanlage-in-Aktion-1400x440-1-300x94.jpg 300w, https:\/\/lebenleben.de\/werkstatt\/wp-content\/uploads\/sites\/14\/2024\/05\/Waschanlage-in-Aktion-1400x440-1-768x241.jpg 768w, https:\/\/lebenleben.de\/werkstatt\/wp-content\/uploads\/sites\/14\/2024\/05\/Waschanlage-in-Aktion-1400x440-1.jpg 1400w\" sizes=\"auto, (max-width: 1000px) 100vw, 1000px\" \/>\n                    <div class=\"single-slide-text\">\n          <h2>Fahrzeugpflege<\/h2><h3>hand in hand<\/h3>                  <\/div>\n        \n\t\t\t\t<\/div>\n\t\t\t\t\t<\/div>\n\t  <script>\n    jQuery(document).ready(function() {\n        jQuery('.llimageslider-slider').slick({\n          dots: true,\n          infinite: true,\n          speed: 1000,\n          autoplay: true,\n          adaptiveHeight: true,\n          slidesToShow: 1,\n          fade: true,\n          focusOnSelect: true\n        });\n    });\n    <\/script>\n<\/div>\n\n\n\n\n\n\n<h2 class=\"wp-block-heading has-text-align-center\">Professionelle Fahrzeugpflege ganz nach Ihren W\u00fcnschen<\/h2>\n\n\n\n<p class=\"has-text-align-center\">Sie haben keine Zeit und nicht den passenden Ort, um sich selbst um die Pflege Ihres Fahrzeugs zu k\u00fcmmern? Macht nichts, das \u00fcbernehmen wir gern f\u00fcr Sie. Vom Kleinwagen \u00fcber den Oldtimer bis zum Sportwagen. Und wenn Ihr Wohnwagen oder Wohnmobil einen neuen Au\u00dfenglanz ben\u00f6tigt &#8211; auch daf\u00fcr k\u00f6nnen wir sorgen.<\/p>\n\n\n\n<p class=\"has-text-align-center\">Unser Fahrzeugpflegeteam \u201ehand in hand\u201c aus 17 engagierten Mitarbeitenden mit Einschr\u00e4nkungen und zwei Betreuenden bringt Ihr Fahrzeug wieder auf Hochglanz und bietet Ihnen die vielf\u00e4ltige Servicepalette von der Innen- oder Au\u00dfenreinigung bis zur Fahrzeugrundumreinigung.<\/p>\n\n\n\n<div style=\"height:50px\" aria-hidden=\"true\" class=\"wp-block-spacer\"><\/div>\n\n\n\n<div class=\"wp-block-group alignfull bg-grey\"><div class=\"wp-block-group__inner-container is-layout-constrained wp-block-group-is-layout-constrained\">\n<h2 class=\"wp-block-heading has-text-align-center\">Unsere Leistungen<\/h2>\n\n\n\n<p class=\"has-text-align-center\">Pro Fahrzeug werden im Schnitt zwei Tage eingeplant, um nach der n\u00e4chtlichen Trocknung, beispielsweise der Sitze, eine einwandfreie Qualit\u00e4t garantieren zu k\u00f6nnen.<\/p>\n\n\n\n<div style=\"height:15px\" aria-hidden=\"true\" class=\"wp-block-spacer\"><\/div>\n\n\n    <script>\n    jQuery(document).ready(function() {\n        jQuery('.uid-1').slick({\n            dots: true,\n            infinite: true,\n            arrows: true,\n            speed: 1000,\n            autoplay: false,\n            slidesToShow: 3,\n            slidesToScroll: 1,\n            fade: false,\n            responsive: [\n                {\n                    breakpoint: 1024,\n                    settings: {\n                        slidesToShow: 2,\n                        slidesToScroll: 1\n                    }\n                },\n                {\n                    breakpoint: 800,\n                    settings: {\n                        slidesToShow: 1,\n                        slidesToScroll: 1\n                    }\n                }\n            ]\n        });\n    });\n    <\/script>\n\n<div id=\"listteaser-block_546b133c7ea2fa949c7661bc2de31441\" class=\"block-listteaser-wrapper columns-3 uid-1 testimonial block-listteaser--style-default\">\n                        <div class=\"listteaser-single single-teaser block-subpage-wrapper__single\">\n                                <div class=\"textwrapper\">\n                    <h3 class='block-listteaser__headline text-align-center'>PKW<\/h3>                    \n                    <p><table>\n<tbody>\n<tr>\n<td style=\"text-align: left;width: 65%;background-color: #f8f8f8\"><span style=\"color: #000000\">Au\u00dfenw\u00e4sche per Hand<\/span><\/td>\n<td style=\"text-align: right;width: 35%;background-color: #f8f8f8\"><span style=\"color: #000000\">25,00 &#8211; 35,00 \u20ac<\/span><\/td>\n<\/tr>\n<tr>\n<td style=\"text-align: left;width: 65%;background-color: #e1e1e1\"><span style=\"color: #000000\">Innenreinigung per Hand<\/span><br \/>\n<span style=\"font-size: small;color: #000000\">(Aussaugen, Reinigung von Scheiben sowie Cockpit- und T\u00fcrverkleidungen)*<\/span><\/td>\n<td style=\"text-align: right;width: 35%;background-color: #e1e1e1\"><span style=\"color: #000000\">130,00 \u20ac<\/span><\/td>\n<\/tr>\n<tr>\n<td style=\"text-align: left;width: 65%;background-color: #f8f8f8\"><span style=\"color: #000000\">Polieren<\/span><br \/>\n<span style=\"font-size: small;color: #000000\">(inklusive W\u00e4sche per Hand)<\/span><\/td>\n<td style=\"text-align: right;width: 35%;background-color: #f8f8f8\"><span style=\"color: #000000\">195,00 \u20ac<\/span><\/td>\n<\/tr>\n<tr>\n<td style=\"text-align: left;width: 65%;background-color: #e1e1e1\"><span style=\"color: #000000\">Versiegelung<\/span><br \/>\n<span style=\"font-size: small;color: #000000\">(inklusive W\u00e4sche per Hand)<\/span><\/td>\n<td style=\"text-align: right;width: 35%;background-color: #e1e1e1\"><span style=\"color: #000000\">98,50 \u20ac<\/span><\/td>\n<\/tr>\n<tr>\n<td style=\"text-align: left;width: 65%;background-color: #f8f8f8\"><span style=\"color: #000000\">Polster- oder Lederpflege<\/span><br \/>\n<span style=\"font-size: small;color: #000000\">(Einzelsitz)<\/span><\/td>\n<td style=\"text-align: right;width: 35%;background-color: #f8f8f8\"><span style=\"color: #000000\">25,00 \u20ac<\/span><\/td>\n<\/tr>\n<tr>\n<td style=\"text-align: left;width: 65%;background-color: #e1e1e1\"><span style=\"color: #000000\">Polster- oder Lederpflege<\/span><br \/>\n<span style=\"font-size: small;color: #000000\">(Sitzbank)<\/span><\/td>\n<td style=\"text-align: right;width: 35%;background-color: #e1e1e1\"><span style=\"color: #000000\">55,00 \u20ac<\/span><\/td>\n<\/tr>\n<tr>\n<td style=\"text-align: left;width: 65%;background-color: #f8f8f8\"><span style=\"color: #000000\">Ozonbehandlung<\/span><\/td>\n<td style=\"text-align: right;width: 35%;background-color: #f8f8f8\"><span style=\"color: #000000\">70,00\u00a0\u20ac<\/span><\/td>\n<\/tr>\n<tr>\n<td style=\"text-align: left;width: 65%;background-color: #e1e1e1\"><span style=\"color: #000000\">Cabrioverdeckreinigung<\/span><br \/>\n<span style=\"font-size: small;color: #000000\">(inklusive W\u00e4sche per Hand)<\/span><\/td>\n<td style=\"text-align: right;width: 35%;background-color: #e1e1e1\"><span style=\"color: #000000\">98,50 \u20ac<\/span><\/td>\n<\/tr>\n<\/tbody>\n<\/table>\n<p style=\"text-align: center\"><span style=\"font-size: small\">zzgl. Aufschlag (ab 50,00 \u20ac) bei starken Verschmutzungen oder Mehraufwand durch Tierhaarentfernung<\/span><\/p>\n<\/p>\n                                    <\/div>\n            <\/div>\n                    <div class=\"listteaser-single single-teaser block-subpage-wrapper__single\">\n                                <div class=\"textwrapper\">\n                    <h3 class='block-listteaser__headline text-align-center'>Leistungspakete (PKW)<\/h3>                    \n                    <p><p style=\"text-align: center\"><strong>Paket 1<\/strong><\/p>\n<table>\n<tbody>\n<tr>\n<td style=\"text-align: left;width: 65%;background-color: #e1e1e1\"><span style=\"color: #000000\">Handw\u00e4sche, Innenreinigung, Politur<\/span><\/td>\n<td style=\"text-align: right;width: 35%;background-color: #e1e1e1\"><span style=\"color: #000000\">ab 325,00 \u20ac<\/span><\/td>\n<\/tr>\n<\/tbody>\n<\/table>\n<p>&nbsp;<\/p>\n<p style=\"text-align: center\"><strong>Paket 2<\/strong><\/p>\n<table>\n<tbody>\n<tr>\n<td style=\"text-align: left;width: 65%;background-color: #e1e1e1\"><span style=\"color: #000000\">Handw\u00e4sche, Innenreinigung, Polster- \/ Lederpflege <\/span><br \/>\n<span style=\"font-size: small;color: #000000\">(inklusive zwei Einzelsitze und einer Sitzbank)<\/span><\/td>\n<td style=\"text-align: right;width: 35%;background-color: #e1e1e1\"><span style=\"color: #000000\">ab 260,00 \u20ac<\/span><\/td>\n<\/tr>\n<\/tbody>\n<\/table>\n<p>&nbsp;<\/p>\n<p style=\"text-align: center\"><strong>Paket 3<\/strong><\/p>\n<table>\n<tbody>\n<tr>\n<td style=\"text-align: left;width: 65%;background-color: #e1e1e1\"><span style=\"color: #000000\">Handw\u00e4sche, Innenreinigung, Polster- \/ Lederpflege, Politur<\/span><\/td>\n<td style=\"text-align: right;width: 35%;background-color: #e1e1e1\"><span style=\"color: #000000\">ab 430,00 \u20ac<\/span><\/td>\n<\/tr>\n<\/tbody>\n<\/table>\n<\/p>\n                                    <\/div>\n            <\/div>\n                    <div class=\"listteaser-single single-teaser block-subpage-wrapper__single\">\n                                <div class=\"textwrapper\">\n                    <h3 class='block-listteaser__headline text-align-center'>Wohnmobile oder Wohnwagen<\/h3>                    \n                    <p><table>\n<tbody>\n<tr>\n<td style=\"text-align: left;width: 65%;background-color: #f8f8f8\"><span style=\"color: #000000\">Au\u00dfenw\u00e4sche per Hand<\/span><\/td>\n<td style=\"text-align: right;width: 35%;background-color: #f8f8f8\"><span style=\"color: #000000\">80,00 &#8211; 120,00 \u20ac<\/span><\/td>\n<\/tr>\n<tr>\n<td style=\"text-align: left;width: 65%;background-color: #e1e1e1\"><span style=\"color: #000000\">Au\u00dfenw\u00e4sche per Hand inklusive Versiegelung<\/span><\/td>\n<td style=\"text-align: right;width: 35%;background-color: #e1e1e1\"><span style=\"color: #000000\">140,00 &#8211; 180,00 \u20ac<\/span><\/td>\n<\/tr>\n<\/tbody>\n<\/table>\n<p>&nbsp;<\/p>\n<h3 style=\"text-align: center\">Transporter und Kleinbusse<\/h3>\n<p>&nbsp;<\/p>\n<p style=\"text-align: center\">auf Anfrage<\/p>\n<\/p>\n                                    <\/div>\n            <\/div>\n            <\/div>\n<\/div><\/div>\n\n\n\n<div style=\"height:50px\" aria-hidden=\"true\" class=\"wp-block-spacer\"><\/div>\n\n\n\n<h2 class=\"wp-block-heading has-text-align-center\">Kontakt<\/h2>\n\n\n\n<p class=\"has-text-align-center\">Wir bitten stets um Voranmeldung \u2013 was nicht hei\u00dfen soll, dass wir nicht auch kurzfristig Termine frei haben sollten. <br>Wenn Sie uns nicht gleich erreichen k\u00f6nnen, hinterlassen Sie bitte eine Nachricht mit Ihren Kontaktdaten. Wir melden uns schnellstm\u00f6glich bei Ihnen zur\u00fcck.<\/p>\n\n\n\n<div style=\"height:35px\" aria-hidden=\"true\" class=\"wp-block-spacer\"><\/div>\n\n\n\n<div class=\"wp-block-columns is-layout-flex wp-container-core-columns-is-layout-9d6595d7 wp-block-columns-is-layout-flex\">\n<div class=\"wp-block-column is-layout-flow wp-block-column-is-layout-flow\" style=\"flex-basis:35%\">\n<div style=\"height:7px\" aria-hidden=\"true\" class=\"wp-block-spacer\"><\/div>\n\n\n\n<h3 class=\"wp-block-heading\">Fahrzeugpflege hand in hand<\/h3>\n\n\n\n<p>Hansestra\u00dfe 17<br>29525 Uelzen<\/p>\n\n\n\n<h4 class=\"wp-block-heading\">Heiko Paddags<\/h4>\n\n\n\n<p><strong>Telefon<\/strong>: 0581 97352260<br><strong>E-Mail<\/strong>: fahrzeugpflege@lebenleben.de<\/p>\n<\/div>\n\n\n\n<div class=\"wp-block-column is-layout-flow wp-block-column-is-layout-flow\" style=\"flex-basis:65%\">\n <div class=\"brlbs-cmpnt-container brlbs-cmpnt-content-blocker brlbs-cmpnt-with-individual-styles\" data-borlabs-cookie-content-blocker-id=\"google-maps\" data-borlabs-cookie-content=\"PGlmcmFtZSBzcmM9Imh0dHBzOi8vd3d3Lmdvb2dsZS5jb20vbWFwcy9lbWJlZD9wYj0hMW0xOCExbTEyITFtMyExZDI0MDEuNTYwMTE2Mzg3MzQyITJkMTAuNTM3MTQ4Mzc2OTUwMjU4ITNkNTIuOTkyMzEyNDAxMTUzODchMm0zITFmMCEyZjAhM2YwITNtMiExaTEwMjQhMmk3NjghNGYxMy4xITNtMyExbTIhMXMweDQ3YWUyYjBkZDBmOWQ0MzMlM0EweDcxNmJmYTE2ZjQ5OGNiMGUhMnNGYWhyemV1Z3BmbGVnZSUyMGhhbmQlMjBpbiUyMGhhbmQlMjAlMkYlMjBMZWJlbiUyMGxlYmVuJTIwQXJiZWl0JTIwJTI2JTIwUHJvZHVrdGlvbiUyMGdHbWJIITVlMCEzbTIhMXNkZSEyc2RlITR2MTczNDUxNTkxMTAzOSE1bTIhMXNkZSEyc2RlIiB3aWR0aD0iMTAwJSIgaGVpZ2h0PSIyMzAiIHN0eWxlPSJib3JkZXI6MDsiID48L2lmcmFtZT4=\"><div class=\"brlbs-cmpnt-cb-preset-b brlbs-cmpnt-cb-google-maps\"> <div class=\"brlbs-cmpnt-cb-thumbnail\" style=\"background-image: url('https:\/\/lebenleben.de\/werkstatt\/wp-content\/uploads\/borlabs-cookie\/14\/brlbs-cb-google-maps-main.png')\"><\/div> <div class=\"brlbs-cmpnt-cb-main\"> <div class=\"brlbs-cmpnt-cb-content\"> <p class=\"brlbs-cmpnt-cb-description\">Sie sehen gerade einen Platzhalterinhalt von <strong>Google Maps<\/strong>. Um auf den eigentlichen Inhalt zuzugreifen, klicken Sie auf die Schaltfl\u00e4che unten. Bitte beachten Sie, dass dabei Daten an Drittanbieter weitergegeben werden.<\/p> <a class=\"brlbs-cmpnt-cb-provider-toggle\" href=\"#\" data-borlabs-cookie-show-provider-information role=\"button\">Mehr Informationen<\/a> <\/div> <div class=\"brlbs-cmpnt-cb-buttons\"> <a class=\"brlbs-cmpnt-cb-btn\" href=\"#\" data-borlabs-cookie-unblock role=\"button\">Inhalt entsperren<\/a> <a class=\"brlbs-cmpnt-cb-btn\" href=\"#\" data-borlabs-cookie-accept-service role=\"button\" style=\"display: inherit\">Erforderlichen Service akzeptieren und Inhalte entsperren<\/a> <\/div> <\/div> <\/div><\/div>\n<\/div>\n<\/div>\n\n\n\n<div style=\"height:50px\" aria-hidden=\"true\" class=\"wp-block-spacer\"><\/div>\n","protected":false},"excerpt":{"rendered":"<p>Ob Kleinwagen oder Familienkutsche, Sportcoup\u00e9 oder Wohnmobil \u2013 wir bringen Ihr Fahrzeug auf Hochglanz!<\/p>\n","protected":false},"author":1,"featured_media":615,"parent":0,"menu_order":40,"comment_status":"closed","ping_status":"closed","template":"page-templates\/page-fullscreen.php","meta":{"_acf_changed":false,"footnotes":""},"class_list":["post-83","page","type-page","status-publish","has-post-thumbnail","hentry"],"acf":[],"yoast_head":"<!-- This site is optimized with the Yoast SEO plugin v27.3 - https:\/\/yoast.com\/product\/yoast-seo-wordpress\/ -->\n<title>Fahrzeugpflege und -aufbereitung | Privatkund:innen | Uelzen<\/title>\n<meta name=\"description\" content=\"Ob Kleinwagen oder Wohnmobil, das Team der Leben leben Werkstatt (WfbM) in Uelzen bringt auch Ihr Auto wieder auf Hochglanz.\" \/>\n<meta name=\"robots\" content=\"index, follow, max-snippet:-1, max-image-preview:large, max-video-preview:-1\" \/>\n<link rel=\"canonical\" href=\"https:\/\/lebenleben.de\/werkstatt\/fahrzeugpflege\/\" \/>\n<meta property=\"og:locale\" content=\"de_DE\" \/>\n<meta property=\"og:type\" content=\"article\" \/>\n<meta property=\"og:title\" content=\"Fahrzeugpflege und -aufbereitung | Privatkund:innen | Uelzen\" \/>\n<meta property=\"og:description\" content=\"Ob Kleinwagen oder Wohnmobil, das Team der Leben leben Werkstatt (WfbM) in Uelzen bringt auch Ihr Auto wieder auf Hochglanz.\" \/>\n<meta property=\"og:url\" content=\"https:\/\/lebenleben.de\/werkstatt\/fahrzeugpflege\/\" \/>\n<meta property=\"og:site_name\" content=\"Leben leben Werkstatt\" \/>\n<meta property=\"article:modified_time\" content=\"2025-07-02T07:54:45+00:00\" \/>\n<meta property=\"og:image\" content=\"https:\/\/lebenleben.de\/werkstatt\/wp-content\/uploads\/sites\/14\/2021\/07\/Waschanlage-in-Aktion.jpg\" \/>\n\t<meta property=\"og:image:width\" content=\"1500\" \/>\n\t<meta property=\"og:image:height\" content=\"1000\" \/>\n\t<meta property=\"og:image:type\" content=\"image\/jpeg\" \/>\n<meta name=\"twitter:card\" content=\"summary_large_image\" \/>\n<meta name=\"twitter:label1\" content=\"Gesch\u00e4tzte Lesezeit\" \/>\n\t<meta name=\"twitter:data1\" content=\"3\u00a0Minuten\" \/>\n<script type=\"application\/ld+json\" class=\"yoast-schema-graph\">{\"@context\":\"https:\\\/\\\/schema.org\",\"@graph\":[{\"@type\":\"WebPage\",\"@id\":\"https:\\\/\\\/lebenleben.de\\\/werkstatt\\\/fahrzeugpflege\\\/\",\"url\":\"https:\\\/\\\/lebenleben.de\\\/werkstatt\\\/fahrzeugpflege\\\/\",\"name\":\"Fahrzeugpflege und -aufbereitung | Privatkund:innen | Uelzen\",\"isPartOf\":{\"@id\":\"https:\\\/\\\/lebenleben.de\\\/werkstatt\\\/#website\"},\"primaryImageOfPage\":{\"@id\":\"https:\\\/\\\/lebenleben.de\\\/werkstatt\\\/fahrzeugpflege\\\/#primaryimage\"},\"image\":{\"@id\":\"https:\\\/\\\/lebenleben.de\\\/werkstatt\\\/fahrzeugpflege\\\/#primaryimage\"},\"thumbnailUrl\":\"https:\\\/\\\/lebenleben.de\\\/werkstatt\\\/wp-content\\\/uploads\\\/sites\\\/14\\\/2021\\\/07\\\/Waschanlage-in-Aktion.jpg\",\"datePublished\":\"2021-03-18T15:22:19+00:00\",\"dateModified\":\"2025-07-02T07:54:45+00:00\",\"description\":\"Ob Kleinwagen oder Wohnmobil, das Team der Leben leben Werkstatt (WfbM) in Uelzen bringt auch Ihr Auto wieder auf Hochglanz.\",\"breadcrumb\":{\"@id\":\"https:\\\/\\\/lebenleben.de\\\/werkstatt\\\/fahrzeugpflege\\\/#breadcrumb\"},\"inLanguage\":\"de\",\"potentialAction\":[{\"@type\":\"ReadAction\",\"target\":[\"https:\\\/\\\/lebenleben.de\\\/werkstatt\\\/fahrzeugpflege\\\/\"]}]},{\"@type\":\"ImageObject\",\"inLanguage\":\"de\",\"@id\":\"https:\\\/\\\/lebenleben.de\\\/werkstatt\\\/fahrzeugpflege\\\/#primaryimage\",\"url\":\"https:\\\/\\\/lebenleben.de\\\/werkstatt\\\/wp-content\\\/uploads\\\/sites\\\/14\\\/2021\\\/07\\\/Waschanlage-in-Aktion.jpg\",\"contentUrl\":\"https:\\\/\\\/lebenleben.de\\\/werkstatt\\\/wp-content\\\/uploads\\\/sites\\\/14\\\/2021\\\/07\\\/Waschanlage-in-Aktion.jpg\",\"width\":1500,\"height\":1000},{\"@type\":\"BreadcrumbList\",\"@id\":\"https:\\\/\\\/lebenleben.de\\\/werkstatt\\\/fahrzeugpflege\\\/#breadcrumb\",\"itemListElement\":[{\"@type\":\"ListItem\",\"position\":1,\"name\":\"Startseite\",\"item\":\"https:\\\/\\\/lebenleben.de\\\/werkstatt\\\/\"},{\"@type\":\"ListItem\",\"position\":2,\"name\":\"Fahrzeugpflege\"}]},{\"@type\":\"WebSite\",\"@id\":\"https:\\\/\\\/lebenleben.de\\\/werkstatt\\\/#website\",\"url\":\"https:\\\/\\\/lebenleben.de\\\/werkstatt\\\/\",\"name\":\"Leben leben Werkstatt\",\"description\":\"Eine weitere Leben Leben Netzwerk Website\",\"publisher\":{\"@id\":\"https:\\\/\\\/lebenleben.de\\\/werkstatt\\\/#organization\"},\"potentialAction\":[{\"@type\":\"SearchAction\",\"target\":{\"@type\":\"EntryPoint\",\"urlTemplate\":\"https:\\\/\\\/lebenleben.de\\\/werkstatt\\\/?s={search_term_string}\"},\"query-input\":{\"@type\":\"PropertyValueSpecification\",\"valueRequired\":true,\"valueName\":\"search_term_string\"}}],\"inLanguage\":\"de\"},{\"@type\":\"Organization\",\"@id\":\"https:\\\/\\\/lebenleben.de\\\/werkstatt\\\/#organization\",\"name\":\"Leben leben Arbeit & Produktion\",\"url\":\"https:\\\/\\\/lebenleben.de\\\/werkstatt\\\/\",\"logo\":{\"@type\":\"ImageObject\",\"inLanguage\":\"de\",\"@id\":\"https:\\\/\\\/lebenleben.de\\\/werkstatt\\\/#\\\/schema\\\/logo\\\/image\\\/\",\"url\":\"https:\\\/\\\/lebenleben.de\\\/arbeit-produktion\\\/wp-content\\\/uploads\\\/sites\\\/14\\\/2021\\\/01\\\/ll_favicon-blue.png\",\"contentUrl\":\"https:\\\/\\\/lebenleben.de\\\/arbeit-produktion\\\/wp-content\\\/uploads\\\/sites\\\/14\\\/2021\\\/01\\\/ll_favicon-blue.png\",\"width\":501,\"height\":501,\"caption\":\"Leben leben Arbeit & Produktion\"},\"image\":{\"@id\":\"https:\\\/\\\/lebenleben.de\\\/werkstatt\\\/#\\\/schema\\\/logo\\\/image\\\/\"}}]}<\/script>\n<!-- \/ Yoast SEO plugin. -->","yoast_head_json":{"title":"Fahrzeugpflege und -aufbereitung | Privatkund:innen | Uelzen","description":"Ob Kleinwagen oder Wohnmobil, das Team der Leben leben Werkstatt (WfbM) in Uelzen bringt auch Ihr Auto wieder auf Hochglanz.","robots":{"index":"index","follow":"follow","max-snippet":"max-snippet:-1","max-image-preview":"max-image-preview:large","max-video-preview":"max-video-preview:-1"},"canonical":"https:\/\/lebenleben.de\/werkstatt\/fahrzeugpflege\/","og_locale":"de_DE","og_type":"article","og_title":"Fahrzeugpflege und -aufbereitung | Privatkund:innen | Uelzen","og_description":"Ob Kleinwagen oder Wohnmobil, das Team der Leben leben Werkstatt (WfbM) in Uelzen bringt auch Ihr Auto wieder auf Hochglanz.","og_url":"https:\/\/lebenleben.de\/werkstatt\/fahrzeugpflege\/","og_site_name":"Leben leben Werkstatt","article_modified_time":"2025-07-02T07:54:45+00:00","og_image":[{"width":1500,"height":1000,"url":"https:\/\/lebenleben.de\/werkstatt\/wp-content\/uploads\/sites\/14\/2021\/07\/Waschanlage-in-Aktion.jpg","type":"image\/jpeg"}],"twitter_card":"summary_large_image","twitter_misc":{"Gesch\u00e4tzte Lesezeit":"3\u00a0Minuten"},"schema":{"@context":"https:\/\/schema.org","@graph":[{"@type":"WebPage","@id":"https:\/\/lebenleben.de\/werkstatt\/fahrzeugpflege\/","url":"https:\/\/lebenleben.de\/werkstatt\/fahrzeugpflege\/","name":"Fahrzeugpflege und -aufbereitung | Privatkund:innen | Uelzen","isPartOf":{"@id":"https:\/\/lebenleben.de\/werkstatt\/#website"},"primaryImageOfPage":{"@id":"https:\/\/lebenleben.de\/werkstatt\/fahrzeugpflege\/#primaryimage"},"image":{"@id":"https:\/\/lebenleben.de\/werkstatt\/fahrzeugpflege\/#primaryimage"},"thumbnailUrl":"https:\/\/lebenleben.de\/werkstatt\/wp-content\/uploads\/sites\/14\/2021\/07\/Waschanlage-in-Aktion.jpg","datePublished":"2021-03-18T15:22:19+00:00","dateModified":"2025-07-02T07:54:45+00:00","description":"Ob Kleinwagen oder Wohnmobil, das Team der Leben leben Werkstatt (WfbM) in Uelzen bringt auch Ihr Auto wieder auf Hochglanz.","breadcrumb":{"@id":"https:\/\/lebenleben.de\/werkstatt\/fahrzeugpflege\/#breadcrumb"},"inLanguage":"de","potentialAction":[{"@type":"ReadAction","target":["https:\/\/lebenleben.de\/werkstatt\/fahrzeugpflege\/"]}]},{"@type":"ImageObject","inLanguage":"de","@id":"https:\/\/lebenleben.de\/werkstatt\/fahrzeugpflege\/#primaryimage","url":"https:\/\/lebenleben.de\/werkstatt\/wp-content\/uploads\/sites\/14\/2021\/07\/Waschanlage-in-Aktion.jpg","contentUrl":"https:\/\/lebenleben.de\/werkstatt\/wp-content\/uploads\/sites\/14\/2021\/07\/Waschanlage-in-Aktion.jpg","width":1500,"height":1000},{"@type":"BreadcrumbList","@id":"https:\/\/lebenleben.de\/werkstatt\/fahrzeugpflege\/#breadcrumb","itemListElement":[{"@type":"ListItem","position":1,"name":"Startseite","item":"https:\/\/lebenleben.de\/werkstatt\/"},{"@type":"ListItem","position":2,"name":"Fahrzeugpflege"}]},{"@type":"WebSite","@id":"https:\/\/lebenleben.de\/werkstatt\/#website","url":"https:\/\/lebenleben.de\/werkstatt\/","name":"Leben leben Werkstatt","description":"Eine weitere Leben Leben Netzwerk Website","publisher":{"@id":"https:\/\/lebenleben.de\/werkstatt\/#organization"},"potentialAction":[{"@type":"SearchAction","target":{"@type":"EntryPoint","urlTemplate":"https:\/\/lebenleben.de\/werkstatt\/?s={search_term_string}"},"query-input":{"@type":"PropertyValueSpecification","valueRequired":true,"valueName":"search_term_string"}}],"inLanguage":"de"},{"@type":"Organization","@id":"https:\/\/lebenleben.de\/werkstatt\/#organization","name":"Leben leben Arbeit & Produktion","url":"https:\/\/lebenleben.de\/werkstatt\/","logo":{"@type":"ImageObject","inLanguage":"de","@id":"https:\/\/lebenleben.de\/werkstatt\/#\/schema\/logo\/image\/","url":"https:\/\/lebenleben.de\/arbeit-produktion\/wp-content\/uploads\/sites\/14\/2021\/01\/ll_favicon-blue.png","contentUrl":"https:\/\/lebenleben.de\/arbeit-produktion\/wp-content\/uploads\/sites\/14\/2021\/01\/ll_favicon-blue.png","width":501,"height":501,"caption":"Leben leben Arbeit & Produktion"},"image":{"@id":"https:\/\/lebenleben.de\/werkstatt\/#\/schema\/logo\/image\/"}}]}},"_links":{"self":[{"href":"https:\/\/lebenleben.de\/werkstatt\/wp-json\/wp\/v2\/pages\/83","targetHints":{"allow":["GET"]}}],"collection":[{"href":"https:\/\/lebenleben.de\/werkstatt\/wp-json\/wp\/v2\/pages"}],"about":[{"href":"https:\/\/lebenleben.de\/werkstatt\/wp-json\/wp\/v2\/types\/page"}],"author":[{"embeddable":true,"href":"https:\/\/lebenleben.de\/werkstatt\/wp-json\/wp\/v2\/users\/1"}],"replies":[{"embeddable":true,"href":"https:\/\/lebenleben.de\/werkstatt\/wp-json\/wp\/v2\/comments?post=83"}],"version-history":[{"count":122,"href":"https:\/\/lebenleben.de\/werkstatt\/wp-json\/wp\/v2\/pages\/83\/revisions"}],"predecessor-version":[{"id":2455,"href":"https:\/\/lebenleben.de\/werkstatt\/wp-json\/wp\/v2\/pages\/83\/revisions\/2455"}],"wp:featuredmedia":[{"embeddable":true,"href":"https:\/\/lebenleben.de\/werkstatt\/wp-json\/wp\/v2\/media\/615"}],"wp:attachment":[{"href":"https:\/\/lebenleben.de\/werkstatt\/wp-json\/wp\/v2\/media?parent=83"}],"curies":[{"name":"wp","href":"https:\/\/api.w.org\/{rel}","templated":true}]}}