{"id":10,"date":"2021-01-22T11:55:15","date_gmt":"2021-01-22T10:55:15","guid":{"rendered":"https:\/\/lebenleben.de\/wohnen\/?page_id=10"},"modified":"2024-05-27T11:49:40","modified_gmt":"2024-05-27T09:49:40","slug":"wohngemeinschaft","status":"publish","type":"page","link":"https:\/\/lebenleben.de\/wohnen\/wohngemeinschaft\/","title":{"rendered":"Wohngemeinschaft"},"content":{"rendered":"\n<div id=\"llimageslider-block_78da24031794727eefd8b8f90b2683e2\" class=\"block-llimageslider llimageslider alignwide\">\n\n    \n\t\t<div class=\"llimageslider-slider\" data-slick='{\"autoplaySpeed\": 5000}'>\n\t\t\t\t\t\t\t<div class=\"single-slide-wrapper slide-1\">\n\t\t\t\t\t<img loading=\"lazy\" decoding=\"async\" width=\"1400\" height=\"440\" src=\"https:\/\/lebenleben.de\/wohnen\/wp-content\/uploads\/sites\/7\/2024\/05\/ll_header_slider_image_1400x560_0003_LebenLeben_100214_2951-1400x440-1.jpg\" class=\"single-slide-image slider-desktop-image\" alt=\"\" srcset=\"https:\/\/lebenleben.de\/wohnen\/wp-content\/uploads\/sites\/7\/2024\/05\/ll_header_slider_image_1400x560_0003_LebenLeben_100214_2951-1400x440-1.jpg 1400w, https:\/\/lebenleben.de\/wohnen\/wp-content\/uploads\/sites\/7\/2024\/05\/ll_header_slider_image_1400x560_0003_LebenLeben_100214_2951-1400x440-1-300x94.jpg 300w, https:\/\/lebenleben.de\/wohnen\/wp-content\/uploads\/sites\/7\/2024\/05\/ll_header_slider_image_1400x560_0003_LebenLeben_100214_2951-1400x440-1-1024x322.jpg 1024w, https:\/\/lebenleben.de\/wohnen\/wp-content\/uploads\/sites\/7\/2024\/05\/ll_header_slider_image_1400x560_0003_LebenLeben_100214_2951-1400x440-1-768x241.jpg 768w\" sizes=\"auto, (max-width: 1400px) 100vw, 1400px\" \/>          <img loading=\"lazy\" decoding=\"async\" width=\"1000\" height=\"314\" src=\"https:\/\/lebenleben.de\/wohnen\/wp-content\/uploads\/sites\/7\/2024\/05\/ll_header_slider_image_1400x560_0003_LebenLeben_100214_2951-1400x440-1-1024x322.jpg\" class=\"single-slide-image slider-mobile-image\" alt=\"\" srcset=\"https:\/\/lebenleben.de\/wohnen\/wp-content\/uploads\/sites\/7\/2024\/05\/ll_header_slider_image_1400x560_0003_LebenLeben_100214_2951-1400x440-1-1024x322.jpg 1024w, https:\/\/lebenleben.de\/wohnen\/wp-content\/uploads\/sites\/7\/2024\/05\/ll_header_slider_image_1400x560_0003_LebenLeben_100214_2951-1400x440-1-300x94.jpg 300w, https:\/\/lebenleben.de\/wohnen\/wp-content\/uploads\/sites\/7\/2024\/05\/ll_header_slider_image_1400x560_0003_LebenLeben_100214_2951-1400x440-1-768x241.jpg 768w, https:\/\/lebenleben.de\/wohnen\/wp-content\/uploads\/sites\/7\/2024\/05\/ll_header_slider_image_1400x560_0003_LebenLeben_100214_2951-1400x440-1.jpg 1400w\" sizes=\"auto, (max-width: 1000px) 100vw, 1000px\" \/>\n                    <div class=\"single-slide-text\">\n          <h2>Wohngemeinschaften in Uelzen und Dannenberg<\/h2><h3>WG-Erfahrung sammeln<\/h3>                  <\/div>\n        \n\t\t\t\t<\/div>\n\t\t\t\t\t<\/div>\n\t  <script>\n    jQuery(document).ready(function() {\n        jQuery('.llimageslider-slider').slick({\n          dots: true,\n          infinite: true,\n          speed: 1000,\n          autoplay: true,\n          adaptiveHeight: true,\n          slidesToShow: 1,\n          fade: true,\n          focusOnSelect: true\n        });\n    });\n    <\/script>\n<\/div>\n\n\n\n<p>Als Mieter:in eines Zimmers in einer unserer Wohngemeinschaften gehen Sie tags\u00fcber in der Regel einer Besch\u00e4ftigung in der Werkstatt f\u00fcr behinderte Menschen nach und Sie sind in vielen Abl\u00e4ufen des t\u00e4glichen Lebens ge\u00fcbt und bew\u00e4ltigen diese selbstst\u00e4ndig. Mit ihren Mitbewohner:innen teilen Sie sich die Gemeinschaftsr\u00e4ume wie K\u00fcche, Essbereich, Wohnzimmer und die sanit\u00e4ren Anlagen. Wechselseitig \u00fcbernehmen Sie \u2013 wie in jeder Wohngemeinschaft \u00fcblich \u2013 auch Aufgaben f\u00fcr die Gemeinschaft, zum Beispiel Reinigungsdienste. In Ihrem WG-Alltag steht Ihnen unser Fachpersonal einige Stunden am Tag beratend und assistierend zur Seite.<\/p>\n\n\n\n<div style=\"height:35px\" aria-hidden=\"true\" class=\"wp-block-spacer\"><\/div>\n\n\n\n<h2 class=\"wp-block-heading\">Wohngemeinschaft M\u00fchlentor<\/h2>\n\n\n\n<p><strong>Mitten drin, statt nur dabei<\/strong><\/p>\n\n\n\n<p>Das erwartet Sie:<\/p>\n\n\n\n<div style=\"height:10px\" aria-hidden=\"true\" class=\"wp-block-spacer\"><\/div>\n\n\n\n<ul class=\"wp-block-list\">\n<li>Ein ausschlie\u00dflich selbst angemietetes Einzelzimmer mit SAT-Anschluss in einer attraktiven, gro\u00dfz\u00fcgigen Wohnung in einem modernen&nbsp;Geb\u00e4udekomplex mitten im Zentrum, teilweise mit Balkon<\/li>\n\n\n\n<li>Gemeinschaftlich nutzbare R\u00e4ume wie Wohnzimmer sowie K\u00fcche mit Essbereich<\/li>\n\n\n\n<li>Unmittelbarer N\u00e4he zum Stadtzentrum mit Fu\u00dfg\u00e4ngerzone und vielf\u00e4ltigen Einkaufs- und Freizeitm\u00f6glichkeiten<\/li>\n\n\n\n<li>Vielf\u00e4ltige Kontakte zu ans\u00e4ssigen Vereinen und Organisationen und zur netten Bev\u00f6lkerung<\/li>\n<\/ul>\n\n\n\n<div style=\"height:50px\" aria-hidden=\"true\" class=\"wp-block-spacer\"><\/div>\n","protected":false},"excerpt":{"rendered":"<p>Als Mieter:in eines Zimmers in einer unserer Wohngemeinschaften gehen Sie tags\u00fcber in der Regel einer Besch\u00e4ftigung in der Werkstatt f\u00fcr behinderte Menschen nach und Sie sind in vielen Abl\u00e4ufen des t\u00e4glichen Lebens ge\u00fcbt und bew\u00e4ltigen diese selbstst\u00e4ndig. Mit ihren Mitbewohner:innen teilen Sie sich die Gemeinschaftsr\u00e4ume wie K\u00fcche, Essbereich, Wohnzimmer und die sanit\u00e4ren Anlagen. Wechselseitig \u00fcbernehmen [&hellip;]<\/p>\n","protected":false},"author":1,"featured_media":99,"parent":0,"menu_order":30,"comment_status":"closed","ping_status":"closed","template":"page-templates\/page-fullscreen.php","meta":{"_acf_changed":false,"footnotes":""},"class_list":["post-10","page","type-page","status-publish","has-post-thumbnail","hentry"],"acf":[],"yoast_head":"<!-- This site is optimized with the Yoast SEO plugin v27.3 - https:\/\/yoast.com\/product\/yoast-seo-wordpress\/ -->\n<title>Wohngemeinschaften f\u00fcr Menschen mit Behinderung | Uelzen<\/title>\n<meta name=\"description\" content=\"Wir bieten weitgehend selbstst\u00e4ndigen Menschen mit geistiger Behinderung ein Zuhause in unseren Wohngemeinschaften in Uelzen und Dannenberg.\" \/>\n<meta name=\"robots\" content=\"index, follow, max-snippet:-1, max-image-preview:large, max-video-preview:-1\" \/>\n<link rel=\"canonical\" href=\"https:\/\/lebenleben.de\/wohnen\/wohngemeinschaft\/\" \/>\n<meta property=\"og:locale\" content=\"de_DE\" \/>\n<meta property=\"og:type\" content=\"article\" \/>\n<meta property=\"og:title\" content=\"Wohngemeinschaften f\u00fcr Menschen mit Behinderung | Uelzen\" \/>\n<meta property=\"og:description\" content=\"Wir bieten weitgehend selbstst\u00e4ndigen Menschen mit geistiger Behinderung ein Zuhause in unseren Wohngemeinschaften in Uelzen und Dannenberg.\" \/>\n<meta property=\"og:url\" content=\"https:\/\/lebenleben.de\/wohnen\/wohngemeinschaft\/\" \/>\n<meta property=\"og:site_name\" content=\"Leben leben Wohnen\" \/>\n<meta property=\"article:modified_time\" content=\"2024-05-27T09:49:40+00:00\" \/>\n<meta property=\"og:image\" content=\"https:\/\/lebenleben.de\/wohnen\/wp-content\/uploads\/sites\/7\/2021\/04\/ll_header_slider_image_1400x560_0003_LebenLeben_100214_2951.jpg\" \/>\n\t<meta property=\"og:image:width\" content=\"1400\" \/>\n\t<meta property=\"og:image:height\" content=\"560\" \/>\n\t<meta property=\"og:image:type\" content=\"image\/jpeg\" \/>\n<meta name=\"twitter:card\" content=\"summary_large_image\" \/>\n<meta name=\"twitter:label1\" content=\"Gesch\u00e4tzte Lesezeit\" \/>\n\t<meta name=\"twitter:data1\" content=\"2\u00a0Minuten\" \/>\n<script type=\"application\/ld+json\" class=\"yoast-schema-graph\">{\"@context\":\"https:\\\/\\\/schema.org\",\"@graph\":[{\"@type\":\"WebPage\",\"@id\":\"https:\\\/\\\/lebenleben.de\\\/wohnen\\\/wohngemeinschaft\\\/\",\"url\":\"https:\\\/\\\/lebenleben.de\\\/wohnen\\\/wohngemeinschaft\\\/\",\"name\":\"Wohngemeinschaften f\u00fcr Menschen mit Behinderung | Uelzen\",\"isPartOf\":{\"@id\":\"https:\\\/\\\/lebenleben.de\\\/wohnen\\\/#website\"},\"primaryImageOfPage\":{\"@id\":\"https:\\\/\\\/lebenleben.de\\\/wohnen\\\/wohngemeinschaft\\\/#primaryimage\"},\"image\":{\"@id\":\"https:\\\/\\\/lebenleben.de\\\/wohnen\\\/wohngemeinschaft\\\/#primaryimage\"},\"thumbnailUrl\":\"https:\\\/\\\/lebenleben.de\\\/wohnen\\\/wp-content\\\/uploads\\\/sites\\\/7\\\/2021\\\/04\\\/ll_header_slider_image_1400x560_0003_LebenLeben_100214_2951.jpg\",\"datePublished\":\"2021-01-22T10:55:15+00:00\",\"dateModified\":\"2024-05-27T09:49:40+00:00\",\"description\":\"Wir bieten weitgehend selbstst\u00e4ndigen Menschen mit geistiger Behinderung ein Zuhause in unseren Wohngemeinschaften in Uelzen und Dannenberg.\",\"breadcrumb\":{\"@id\":\"https:\\\/\\\/lebenleben.de\\\/wohnen\\\/wohngemeinschaft\\\/#breadcrumb\"},\"inLanguage\":\"de\",\"potentialAction\":[{\"@type\":\"ReadAction\",\"target\":[\"https:\\\/\\\/lebenleben.de\\\/wohnen\\\/wohngemeinschaft\\\/\"]}]},{\"@type\":\"ImageObject\",\"inLanguage\":\"de\",\"@id\":\"https:\\\/\\\/lebenleben.de\\\/wohnen\\\/wohngemeinschaft\\\/#primaryimage\",\"url\":\"https:\\\/\\\/lebenleben.de\\\/wohnen\\\/wp-content\\\/uploads\\\/sites\\\/7\\\/2021\\\/04\\\/ll_header_slider_image_1400x560_0003_LebenLeben_100214_2951.jpg\",\"contentUrl\":\"https:\\\/\\\/lebenleben.de\\\/wohnen\\\/wp-content\\\/uploads\\\/sites\\\/7\\\/2021\\\/04\\\/ll_header_slider_image_1400x560_0003_LebenLeben_100214_2951.jpg\",\"width\":1400,\"height\":560},{\"@type\":\"BreadcrumbList\",\"@id\":\"https:\\\/\\\/lebenleben.de\\\/wohnen\\\/wohngemeinschaft\\\/#breadcrumb\",\"itemListElement\":[{\"@type\":\"ListItem\",\"position\":1,\"name\":\"Startseite\",\"item\":\"https:\\\/\\\/lebenleben.de\\\/wohnen\\\/\"},{\"@type\":\"ListItem\",\"position\":2,\"name\":\"Wohngemeinschaft\"}]},{\"@type\":\"WebSite\",\"@id\":\"https:\\\/\\\/lebenleben.de\\\/wohnen\\\/#website\",\"url\":\"https:\\\/\\\/lebenleben.de\\\/wohnen\\\/\",\"name\":\"Leben leben Wohnen\",\"description\":\"Eine weitere Leben Leben Netzwerk Website\",\"publisher\":{\"@id\":\"https:\\\/\\\/lebenleben.de\\\/wohnen\\\/#organization\"},\"potentialAction\":[{\"@type\":\"SearchAction\",\"target\":{\"@type\":\"EntryPoint\",\"urlTemplate\":\"https:\\\/\\\/lebenleben.de\\\/wohnen\\\/?s={search_term_string}\"},\"query-input\":{\"@type\":\"PropertyValueSpecification\",\"valueRequired\":true,\"valueName\":\"search_term_string\"}}],\"inLanguage\":\"de\"},{\"@type\":\"Organization\",\"@id\":\"https:\\\/\\\/lebenleben.de\\\/wohnen\\\/#organization\",\"name\":\"Leben leben Wohnen\",\"url\":\"https:\\\/\\\/lebenleben.de\\\/wohnen\\\/\",\"logo\":{\"@type\":\"ImageObject\",\"inLanguage\":\"de\",\"@id\":\"https:\\\/\\\/lebenleben.de\\\/wohnen\\\/#\\\/schema\\\/logo\\\/image\\\/\",\"url\":\"https:\\\/\\\/lebenleben.de\\\/wohnen\\\/wp-content\\\/uploads\\\/sites\\\/7\\\/2021\\\/01\\\/ll_favicon-yellow.png\",\"contentUrl\":\"https:\\\/\\\/lebenleben.de\\\/wohnen\\\/wp-content\\\/uploads\\\/sites\\\/7\\\/2021\\\/01\\\/ll_favicon-yellow.png\",\"width\":501,\"height\":501,\"caption\":\"Leben leben Wohnen\"},\"image\":{\"@id\":\"https:\\\/\\\/lebenleben.de\\\/wohnen\\\/#\\\/schema\\\/logo\\\/image\\\/\"}}]}<\/script>\n<!-- \/ Yoast SEO plugin. -->","yoast_head_json":{"title":"Wohngemeinschaften f\u00fcr Menschen mit Behinderung | Uelzen","description":"Wir bieten weitgehend selbstst\u00e4ndigen Menschen mit geistiger Behinderung ein Zuhause in unseren Wohngemeinschaften in Uelzen und Dannenberg.","robots":{"index":"index","follow":"follow","max-snippet":"max-snippet:-1","max-image-preview":"max-image-preview:large","max-video-preview":"max-video-preview:-1"},"canonical":"https:\/\/lebenleben.de\/wohnen\/wohngemeinschaft\/","og_locale":"de_DE","og_type":"article","og_title":"Wohngemeinschaften f\u00fcr Menschen mit Behinderung | Uelzen","og_description":"Wir bieten weitgehend selbstst\u00e4ndigen Menschen mit geistiger Behinderung ein Zuhause in unseren Wohngemeinschaften in Uelzen und Dannenberg.","og_url":"https:\/\/lebenleben.de\/wohnen\/wohngemeinschaft\/","og_site_name":"Leben leben Wohnen","article_modified_time":"2024-05-27T09:49:40+00:00","og_image":[{"width":1400,"height":560,"url":"https:\/\/lebenleben.de\/wohnen\/wp-content\/uploads\/sites\/7\/2021\/04\/ll_header_slider_image_1400x560_0003_LebenLeben_100214_2951.jpg","type":"image\/jpeg"}],"twitter_card":"summary_large_image","twitter_misc":{"Gesch\u00e4tzte Lesezeit":"2\u00a0Minuten"},"schema":{"@context":"https:\/\/schema.org","@graph":[{"@type":"WebPage","@id":"https:\/\/lebenleben.de\/wohnen\/wohngemeinschaft\/","url":"https:\/\/lebenleben.de\/wohnen\/wohngemeinschaft\/","name":"Wohngemeinschaften f\u00fcr Menschen mit Behinderung | Uelzen","isPartOf":{"@id":"https:\/\/lebenleben.de\/wohnen\/#website"},"primaryImageOfPage":{"@id":"https:\/\/lebenleben.de\/wohnen\/wohngemeinschaft\/#primaryimage"},"image":{"@id":"https:\/\/lebenleben.de\/wohnen\/wohngemeinschaft\/#primaryimage"},"thumbnailUrl":"https:\/\/lebenleben.de\/wohnen\/wp-content\/uploads\/sites\/7\/2021\/04\/ll_header_slider_image_1400x560_0003_LebenLeben_100214_2951.jpg","datePublished":"2021-01-22T10:55:15+00:00","dateModified":"2024-05-27T09:49:40+00:00","description":"Wir bieten weitgehend selbstst\u00e4ndigen Menschen mit geistiger Behinderung ein Zuhause in unseren Wohngemeinschaften in Uelzen und Dannenberg.","breadcrumb":{"@id":"https:\/\/lebenleben.de\/wohnen\/wohngemeinschaft\/#breadcrumb"},"inLanguage":"de","potentialAction":[{"@type":"ReadAction","target":["https:\/\/lebenleben.de\/wohnen\/wohngemeinschaft\/"]}]},{"@type":"ImageObject","inLanguage":"de","@id":"https:\/\/lebenleben.de\/wohnen\/wohngemeinschaft\/#primaryimage","url":"https:\/\/lebenleben.de\/wohnen\/wp-content\/uploads\/sites\/7\/2021\/04\/ll_header_slider_image_1400x560_0003_LebenLeben_100214_2951.jpg","contentUrl":"https:\/\/lebenleben.de\/wohnen\/wp-content\/uploads\/sites\/7\/2021\/04\/ll_header_slider_image_1400x560_0003_LebenLeben_100214_2951.jpg","width":1400,"height":560},{"@type":"BreadcrumbList","@id":"https:\/\/lebenleben.de\/wohnen\/wohngemeinschaft\/#breadcrumb","itemListElement":[{"@type":"ListItem","position":1,"name":"Startseite","item":"https:\/\/lebenleben.de\/wohnen\/"},{"@type":"ListItem","position":2,"name":"Wohngemeinschaft"}]},{"@type":"WebSite","@id":"https:\/\/lebenleben.de\/wohnen\/#website","url":"https:\/\/lebenleben.de\/wohnen\/","name":"Leben leben Wohnen","description":"Eine weitere Leben Leben Netzwerk Website","publisher":{"@id":"https:\/\/lebenleben.de\/wohnen\/#organization"},"potentialAction":[{"@type":"SearchAction","target":{"@type":"EntryPoint","urlTemplate":"https:\/\/lebenleben.de\/wohnen\/?s={search_term_string}"},"query-input":{"@type":"PropertyValueSpecification","valueRequired":true,"valueName":"search_term_string"}}],"inLanguage":"de"},{"@type":"Organization","@id":"https:\/\/lebenleben.de\/wohnen\/#organization","name":"Leben leben Wohnen","url":"https:\/\/lebenleben.de\/wohnen\/","logo":{"@type":"ImageObject","inLanguage":"de","@id":"https:\/\/lebenleben.de\/wohnen\/#\/schema\/logo\/image\/","url":"https:\/\/lebenleben.de\/wohnen\/wp-content\/uploads\/sites\/7\/2021\/01\/ll_favicon-yellow.png","contentUrl":"https:\/\/lebenleben.de\/wohnen\/wp-content\/uploads\/sites\/7\/2021\/01\/ll_favicon-yellow.png","width":501,"height":501,"caption":"Leben leben Wohnen"},"image":{"@id":"https:\/\/lebenleben.de\/wohnen\/#\/schema\/logo\/image\/"}}]}},"_links":{"self":[{"href":"https:\/\/lebenleben.de\/wohnen\/wp-json\/wp\/v2\/pages\/10","targetHints":{"allow":["GET"]}}],"collection":[{"href":"https:\/\/lebenleben.de\/wohnen\/wp-json\/wp\/v2\/pages"}],"about":[{"href":"https:\/\/lebenleben.de\/wohnen\/wp-json\/wp\/v2\/types\/page"}],"author":[{"embeddable":true,"href":"https:\/\/lebenleben.de\/wohnen\/wp-json\/wp\/v2\/users\/1"}],"replies":[{"embeddable":true,"href":"https:\/\/lebenleben.de\/wohnen\/wp-json\/wp\/v2\/comments?post=10"}],"version-history":[{"count":8,"href":"https:\/\/lebenleben.de\/wohnen\/wp-json\/wp\/v2\/pages\/10\/revisions"}],"predecessor-version":[{"id":295,"href":"https:\/\/lebenleben.de\/wohnen\/wp-json\/wp\/v2\/pages\/10\/revisions\/295"}],"wp:featuredmedia":[{"embeddable":true,"href":"https:\/\/lebenleben.de\/wohnen\/wp-json\/wp\/v2\/media\/99"}],"wp:attachment":[{"href":"https:\/\/lebenleben.de\/wohnen\/wp-json\/wp\/v2\/media?parent=10"}],"curies":[{"name":"wp","href":"https:\/\/api.w.org\/{rel}","templated":true}]}}